{"id":1522,"date":"2025-10-20T18:34:54","date_gmt":"2025-10-20T21:34:54","guid":{"rendered":"https:\/\/mg.passadospresentes.com.br\/cidades-negras\/?page_id=1522"},"modified":"2025-10-31T11:30:33","modified_gmt":"2025-10-31T14:30:33","slug":"verbete-garganta-do-dilermano","status":"publish","type":"page","link":"https:\/\/mg.passadospresentes.com.br\/cidades-negras\/verbete-garganta-do-dilermano\/","title":{"rendered":"Verbete: Garganta do Dilermano"},"content":{"rendered":"\n<p>Por: Luis Roberto Silva Cruz<\/p>\n\n\n\n<hr class=\"wp-block-separator has-alpha-channel-opacity\"\/>\n\n\n\n<h4 class=\"wp-block-heading\">HIST\u00d3RICO:<\/h4>\n\n\n\n<hr class=\"wp-block-separator has-alpha-channel-opacity\"\/>\n\n\n\n<p>Tendo sua constru\u00e7\u00e3o iniciada em 1836 a Avenida Rio Branco se constituiu ao longo dos anos como uma das principais vias de Juiz de Fora. A fotografia de Roberto Dornellas mostra a expans\u00e3o da avenida atrav\u00e9s da constru\u00e7\u00e3o da Garganta do Dilermano nos anos 1960. A obra impactou diversas fam\u00edlias negras que residiam na regi\u00e3o do atual bairro Manoel Hon\u00f3rio. Todavia, apesar do avan\u00e7o da moderna \u201cRua Direita\u201d, podemos ver na imagem uma crian\u00e7a negra que possivelmente residiu nas cercanias da obra. Como que por teimosia, ela marca a presen\u00e7a dos que ali residiam antes do in\u00edcio das constru\u00e7\u00f5es, frente ao horizonte tomado pelos pr\u00e9dios esbranqui\u00e7ados do centro da cidade. No local da foto hoje encontra-se o Monumento \u201cArt\u00edfice do Progresso\u201d em homenagem aos trabalhadores do munic\u00edpio, entendidos como respons\u00e1veis pelo desenvolvimento de Juiz de Fora.<\/p>\n\n\n\n<figure class=\"wp-block-image size-full\"><img fetchpriority=\"high\" decoding=\"async\" width=\"498\" height=\"500\" src=\"https:\/\/mg.passadospresentes.com.br\/cidades-negras\/wp-content\/uploads\/sites\/5\/2025\/05\/WhatsApp-Image-2024-05-03-at-17.29.25.jpeg\" alt=\"\" class=\"wp-image-918\" srcset=\"https:\/\/mg.passadospresentes.com.br\/cidades-negras\/wp-content\/uploads\/sites\/5\/2025\/05\/WhatsApp-Image-2024-05-03-at-17.29.25.jpeg 498w, https:\/\/mg.passadospresentes.com.br\/cidades-negras\/wp-content\/uploads\/sites\/5\/2025\/05\/WhatsApp-Image-2024-05-03-at-17.29.25-300x300.jpeg 300w, https:\/\/mg.passadospresentes.com.br\/cidades-negras\/wp-content\/uploads\/sites\/5\/2025\/05\/WhatsApp-Image-2024-05-03-at-17.29.25-150x150.jpeg 150w\" sizes=\"(max-width: 498px) 100vw, 498px\" \/><figcaption class=\"wp-element-caption\">Crian\u00e7a brincando na Garganta do Dilermano. Juiz de Fora. Anos 1960.<\/figcaption><\/figure>\n\n\n\n<hr class=\"wp-block-separator has-alpha-channel-opacity\"\/>\n\n\n\n<h4 class=\"wp-block-heading\">REFER\u00caNCIAS:<\/h4>\n\n\n\n<hr class=\"wp-block-separator has-alpha-channel-opacity\"\/>\n\n\n\n<p>&#8211; Constru\u00e7\u00e3o da avenida rio branco: FILHO, ANT\u00d4NIO FERREIRA COLCHETE; RIBEIRO, TIAGO GORETTI; NASCIMENTO, VICTOR HUGO GODOY. Transforma\u00e7\u00f5es urbanas em Juiz de Fora\/MG a Avenida Bar\u00e3o do Rio Branco e a hist\u00f3ria da cidade. Redes &#8211; Santa Cruz do Sul: Universidade de Santa Cruz do Sul, v. 22, n. 1,, [s. l.], 2017.<\/p>\n\n\n\n<hr class=\"wp-block-separator has-alpha-channel-opacity\"\/>\n\n\n\n<p><\/p>\n","protected":false},"excerpt":{"rendered":"<p>Por: Luis Roberto Silva Cruz HIST\u00d3RICO: Tendo sua constru\u00e7\u00e3o iniciada em 1836 a Avenida Rio Branco se constituiu ao longo dos anos como uma das principais vias de Juiz de Fora. A fotografia de Roberto Dornellas mostra a expans\u00e3o da avenida atrav\u00e9s da constru\u00e7\u00e3o da Garganta do Dilermano nos anos 1960. A obra impactou diversas [&hellip;]<\/p>\n","protected":false},"author":2,"featured_media":0,"parent":0,"menu_order":0,"comment_status":"closed","ping_status":"closed","template":"","meta":{"_acf_changed":false,"footnotes":""},"class_list":["post-1522","page","type-page","status-publish","hentry"],"acf":[],"_links":{"self":[{"href":"https:\/\/mg.passadospresentes.com.br\/cidades-negras\/wp-json\/wp\/v2\/pages\/1522","targetHints":{"allow":["GET"]}}],"collection":[{"href":"https:\/\/mg.passadospresentes.com.br\/cidades-negras\/wp-json\/wp\/v2\/pages"}],"about":[{"href":"https:\/\/mg.passadospresentes.com.br\/cidades-negras\/wp-json\/wp\/v2\/types\/page"}],"author":[{"embeddable":true,"href":"https:\/\/mg.passadospresentes.com.br\/cidades-negras\/wp-json\/wp\/v2\/users\/2"}],"replies":[{"embeddable":true,"href":"https:\/\/mg.passadospresentes.com.br\/cidades-negras\/wp-json\/wp\/v2\/comments?post=1522"}],"version-history":[{"count":3,"href":"https:\/\/mg.passadospresentes.com.br\/cidades-negras\/wp-json\/wp\/v2\/pages\/1522\/revisions"}],"predecessor-version":[{"id":1819,"href":"https:\/\/mg.passadospresentes.com.br\/cidades-negras\/wp-json\/wp\/v2\/pages\/1522\/revisions\/1819"}],"wp:attachment":[{"href":"https:\/\/mg.passadospresentes.com.br\/cidades-negras\/wp-json\/wp\/v2\/media?parent=1522"}],"curies":[{"name":"wp","href":"https:\/\/api.w.org\/{rel}","templated":true}]}}

<p>Por: Luis Roberto Silva Cruz</p>



<hr class="wp-block-separator has-alpha-channel-opacity"/>



<h4 class="wp-block-heading">HISTÓRICO:</h4>



<hr class="wp-block-separator has-alpha-channel-opacity"/>



<p>Tendo sua construção iniciada em 1836 a Avenida Rio Branco se constituiu ao longo dos anos como uma das principais vias de Juiz de Fora. A fotografia de Roberto Dornellas mostra a expansão da avenida através da construção da Garganta do Dilermano nos anos 1960. A obra impactou diversas famílias negras que residiam na região do atual bairro Manoel Honório. Todavia, apesar do avanço da moderna “Rua Direita”, podemos ver na imagem uma criança negra que possivelmente residiu nas cercanias da obra. Como que por teimosia, ela marca a presença dos que ali residiam antes do início das construções, frente ao horizonte tomado pelos prédios esbranquiçados do centro da cidade. No local da foto hoje encontra-se o Monumento “Artífice do Progresso” em homenagem aos trabalhadores do município, entendidos como responsáveis pelo desenvolvimento de Juiz de Fora.</p>



<figure class="wp-block-image size-full"><img fetchpriority="high" decoding="async" width="498" height="500" src="https://mg.passadospresentes.com.br/cidades-negras/wp-content/uploads/sites/5/2025/05/WhatsApp-Image-2024-05-03-at-17.29.25.jpeg" alt="" class="wp-image-918" srcset="https://mg.passadospresentes.com.br/cidades-negras/wp-content/uploads/sites/5/2025/05/WhatsApp-Image-2024-05-03-at-17.29.25.jpeg 498w, https://mg.passadospresentes.com.br/cidades-negras/wp-content/uploads/sites/5/2025/05/WhatsApp-Image-2024-05-03-at-17.29.25-300x300.jpeg 300w, https://mg.passadospresentes.com.br/cidades-negras/wp-content/uploads/sites/5/2025/05/WhatsApp-Image-2024-05-03-at-17.29.25-150x150.jpeg 150w" sizes="(max-width: 498px) 100vw, 498px" /><figcaption class="wp-element-caption">Criança brincando na Garganta do Dilermano. Juiz de Fora. Anos 1960.</figcaption></figure>



<hr class="wp-block-separator has-alpha-channel-opacity"/>



<h4 class="wp-block-heading">REFERÊNCIAS:</h4>



<hr class="wp-block-separator has-alpha-channel-opacity"/>



<p>&#8211; Construção da avenida rio branco: FILHO, ANTÔNIO FERREIRA COLCHETE; RIBEIRO, TIAGO GORETTI; NASCIMENTO, VICTOR HUGO GODOY. Transformações urbanas em Juiz de Fora/MG a Avenida Barão do Rio Branco e a história da cidade. Redes &#8211; Santa Cruz do Sul: Universidade de Santa Cruz do Sul, v. 22, n. 1,, [s. l.], 2017.</p>



<hr class="wp-block-separator has-alpha-channel-opacity"/>



<p></p>

<p>Por: Luis Roberto Silva Cruz HISTÓRICO: Tendo sua construção iniciada em 1836 a Avenida Rio Branco se constituiu ao longo dos anos como uma das principais vias de Juiz de Fora. A fotografia de Roberto Dornellas mostra a expansão da avenida através da construção da Garganta do Dilermano nos anos 1960. A obra impactou diversas [&hellip;]</p>
