{"id":1518,"date":"2025-10-20T18:20:44","date_gmt":"2025-10-20T21:20:44","guid":{"rendered":"https:\/\/mg.passadospresentes.com.br\/cidades-negras\/?page_id=1518"},"modified":"2025-10-31T11:28:16","modified_gmt":"2025-10-31T14:28:16","slug":"verbete-construcao-da-universidade-federal-de-juiz-de-fora","status":"publish","type":"page","link":"https:\/\/mg.passadospresentes.com.br\/cidades-negras\/verbete-construcao-da-universidade-federal-de-juiz-de-fora\/","title":{"rendered":"Verbete: Constru\u00e7\u00e3o da Universidade Federal de Juiz de Fora"},"content":{"rendered":"\n<p>Por: Giovana Castro e Lu\u00eds Roberto Silva Cruz<\/p>\n\n\n\n<hr class=\"wp-block-separator has-alpha-channel-opacity\"\/>\n\n\n\n<h4 class=\"wp-block-heading\">HIST\u00d3RICO:<\/h4>\n\n\n\n<hr class=\"wp-block-separator has-alpha-channel-opacity\"\/>\n\n\n\n<p>Aqui temos uma fotografia de autoria de Roberto Dornelas, possivelmente datada dos anos 1960, que representa um momento durante a constru\u00e7\u00e3o da Universidade Federal de Juiz de Fora. No ano de 2022 completa 10 anos a lei 12.711\/2012, que instituiu as cotas raciais nas institui\u00e7\u00f5es federais de ensino do Brasil. Dez anos depois, \u00e9 representativo que este verbete, e tantos outros que ocupam lugar nesse no site passados presentes, sejam um trabalho constru\u00eddo por estudantes cotistas e que tem em suas fam\u00edlias trabalhadores da constru\u00e7\u00e3o civil como os homens negros que aparecem na imagem.<\/p>\n\n\n\n<figure class=\"wp-block-image size-full\"><img fetchpriority=\"high\" decoding=\"async\" width=\"500\" height=\"497\" src=\"https:\/\/mg.passadospresentes.com.br\/cidades-negras\/wp-content\/uploads\/sites\/5\/2025\/05\/WhatsApp-Image-2024-05-03-at-17.29.26.jpeg\" alt=\"\" class=\"wp-image-921\" srcset=\"https:\/\/mg.passadospresentes.com.br\/cidades-negras\/wp-content\/uploads\/sites\/5\/2025\/05\/WhatsApp-Image-2024-05-03-at-17.29.26.jpeg 500w, https:\/\/mg.passadospresentes.com.br\/cidades-negras\/wp-content\/uploads\/sites\/5\/2025\/05\/WhatsApp-Image-2024-05-03-at-17.29.26-300x298.jpeg 300w, https:\/\/mg.passadospresentes.com.br\/cidades-negras\/wp-content\/uploads\/sites\/5\/2025\/05\/WhatsApp-Image-2024-05-03-at-17.29.26-150x150.jpeg 150w\" sizes=\"(max-width: 500px) 100vw, 500px\" \/><figcaption class=\"wp-element-caption\">Constru\u00e7\u00e3o da UFJF. Roberto Dornelas. Juiz de Fora. S\/d.<\/figcaption><\/figure>\n\n\n\n<hr class=\"wp-block-separator has-alpha-channel-opacity\"\/>\n\n\n\n<h4 class=\"wp-block-heading\">CITA\u00c7\u00c3O:<\/h4>\n\n\n\n<hr class=\"wp-block-separator has-alpha-channel-opacity\"\/>\n\n\n\n<p>Rua Jos\u00e9 Louren\u00e7o Kelmer; Campus Universit\u00e1rio | s\/n | S\u00e3o Pedro | Juiz de Fora, MG | 36036-900 | Brasil |<\/p>\n\n\n\n<hr class=\"wp-block-separator has-alpha-channel-opacity\"\/>\n\n\n\n<h4 class=\"wp-block-heading\">REFER\u00caNCIAS:<\/h4>\n\n\n\n<hr class=\"wp-block-separator has-alpha-channel-opacity\"\/>\n\n\n\n<p>UNIVERSIDADE FEDERAL DE JUIZ DE FORA. Hist\u00f3ria &#8211; UFJF 60 ANOS. Dispon\u00edvel em:&nbsp;. Acesso em: 8 mar. 2024.<\/p>\n\n\n\n<hr class=\"wp-block-separator has-alpha-channel-opacity\"\/>\n\n\n\n<p>VIEIRA, BIANCA MACHADO CONCOLATO. \u201cDO ESCRAVISMO \u00c0S POL\u00cdTICAS DE A\u00c7\u00d5ES AFIRMATIVAS: O NEGRO COTISTA NA UNIVERSIDADE FEDERAL DE JUIZ DE FORA\u201d. 2014. Disserta\u00e7\u00e3o (Mestrado em Servi\u00e7o Social) &#8211; Universidade Federal de Juiz de Fora, [S. l.], 2014.<\/p>\n\n\n\n<hr class=\"wp-block-separator has-alpha-channel-opacity\"\/>\n\n\n\n<p>CARVALHO, Genimar M. R. de; LIMA, Solimar Oliveira. ESCRAVID\u00c3O E CONSTRU\u00c7\u00c3O CIVIL: negros da Na\u00e7\u00e3o nas obras p\u00fablicas de Teresina (1850-1871). Informe econ\u00f4mico, [s. l.], 2012.<\/p>\n\n\n\n<p><\/p>\n","protected":false},"excerpt":{"rendered":"<p>Por: Giovana Castro e Lu\u00eds Roberto Silva Cruz HIST\u00d3RICO: Aqui temos uma fotografia de autoria de Roberto Dornelas, possivelmente datada dos anos 1960, que representa um momento durante a constru\u00e7\u00e3o da Universidade Federal de Juiz de Fora. No ano de 2022 completa 10 anos a lei 12.711\/2012, que instituiu as cotas raciais nas institui\u00e7\u00f5es federais [&hellip;]<\/p>\n","protected":false},"author":2,"featured_media":0,"parent":0,"menu_order":0,"comment_status":"closed","ping_status":"closed","template":"","meta":{"_acf_changed":false,"footnotes":""},"class_list":["post-1518","page","type-page","status-publish","hentry"],"acf":[],"_links":{"self":[{"href":"https:\/\/mg.passadospresentes.com.br\/cidades-negras\/wp-json\/wp\/v2\/pages\/1518","targetHints":{"allow":["GET"]}}],"collection":[{"href":"https:\/\/mg.passadospresentes.com.br\/cidades-negras\/wp-json\/wp\/v2\/pages"}],"about":[{"href":"https:\/\/mg.passadospresentes.com.br\/cidades-negras\/wp-json\/wp\/v2\/types\/page"}],"author":[{"embeddable":true,"href":"https:\/\/mg.passadospresentes.com.br\/cidades-negras\/wp-json\/wp\/v2\/users\/2"}],"replies":[{"embeddable":true,"href":"https:\/\/mg.passadospresentes.com.br\/cidades-negras\/wp-json\/wp\/v2\/comments?post=1518"}],"version-history":[{"count":4,"href":"https:\/\/mg.passadospresentes.com.br\/cidades-negras\/wp-json\/wp\/v2\/pages\/1518\/revisions"}],"predecessor-version":[{"id":1817,"href":"https:\/\/mg.passadospresentes.com.br\/cidades-negras\/wp-json\/wp\/v2\/pages\/1518\/revisions\/1817"}],"wp:attachment":[{"href":"https:\/\/mg.passadospresentes.com.br\/cidades-negras\/wp-json\/wp\/v2\/media?parent=1518"}],"curies":[{"name":"wp","href":"https:\/\/api.w.org\/{rel}","templated":true}]}}

Verbete: Construção da Universidade Federal de Juiz de Fora

<p>Por: Giovana Castro e Luís Roberto Silva Cruz</p>



<hr class="wp-block-separator has-alpha-channel-opacity"/>



<h4 class="wp-block-heading">HISTÓRICO:</h4>



<hr class="wp-block-separator has-alpha-channel-opacity"/>



<p>Aqui temos uma fotografia de autoria de Roberto Dornelas, possivelmente datada dos anos 1960, que representa um momento durante a construção da Universidade Federal de Juiz de Fora. No ano de 2022 completa 10 anos a lei 12.711/2012, que instituiu as cotas raciais nas instituições federais de ensino do Brasil. Dez anos depois, é representativo que este verbete, e tantos outros que ocupam lugar nesse no site passados presentes, sejam um trabalho construído por estudantes cotistas e que tem em suas famílias trabalhadores da construção civil como os homens negros que aparecem na imagem.</p>



<figure class="wp-block-image size-full"><img fetchpriority="high" decoding="async" width="500" height="497" src="https://mg.passadospresentes.com.br/cidades-negras/wp-content/uploads/sites/5/2025/05/WhatsApp-Image-2024-05-03-at-17.29.26.jpeg" alt="" class="wp-image-921" srcset="https://mg.passadospresentes.com.br/cidades-negras/wp-content/uploads/sites/5/2025/05/WhatsApp-Image-2024-05-03-at-17.29.26.jpeg 500w, https://mg.passadospresentes.com.br/cidades-negras/wp-content/uploads/sites/5/2025/05/WhatsApp-Image-2024-05-03-at-17.29.26-300x298.jpeg 300w, https://mg.passadospresentes.com.br/cidades-negras/wp-content/uploads/sites/5/2025/05/WhatsApp-Image-2024-05-03-at-17.29.26-150x150.jpeg 150w" sizes="(max-width: 500px) 100vw, 500px" /><figcaption class="wp-element-caption">Construção da UFJF. Roberto Dornelas. Juiz de Fora. S/d.</figcaption></figure>



<hr class="wp-block-separator has-alpha-channel-opacity"/>



<h4 class="wp-block-heading">CITAÇÃO:</h4>



<hr class="wp-block-separator has-alpha-channel-opacity"/>



<p>Rua José Lourenço Kelmer; Campus Universitário | s/n | São Pedro | Juiz de Fora, MG | 36036-900 | Brasil |</p>



<hr class="wp-block-separator has-alpha-channel-opacity"/>



<h4 class="wp-block-heading">REFERÊNCIAS:</h4>



<hr class="wp-block-separator has-alpha-channel-opacity"/>



<p>UNIVERSIDADE FEDERAL DE JUIZ DE FORA. História &#8211; UFJF 60 ANOS. Disponível em:&nbsp;. Acesso em: 8 mar. 2024.</p>



<hr class="wp-block-separator has-alpha-channel-opacity"/>



<p>VIEIRA, BIANCA MACHADO CONCOLATO. “DO ESCRAVISMO ÀS POLÍTICAS DE AÇÕES AFIRMATIVAS: O NEGRO COTISTA NA UNIVERSIDADE FEDERAL DE JUIZ DE FORA”. 2014. Dissertação (Mestrado em Serviço Social) &#8211; Universidade Federal de Juiz de Fora, [S. l.], 2014.</p>



<hr class="wp-block-separator has-alpha-channel-opacity"/>



<p>CARVALHO, Genimar M. R. de; LIMA, Solimar Oliveira. ESCRAVIDÃO E CONSTRUÇÃO CIVIL: negros da Nação nas obras públicas de Teresina (1850-1871). Informe econômico, [s. l.], 2012.</p>



<p></p>

<p>Por: Giovana Castro e Luís Roberto Silva Cruz HISTÓRICO: Aqui temos uma fotografia de autoria de Roberto Dornelas, possivelmente datada dos anos 1960, que representa um momento durante a construção da Universidade Federal de Juiz de Fora. No ano de 2022 completa 10 anos a lei 12.711/2012, que instituiu as cotas raciais nas instituições federais [&hellip;]</p>
