{"id":1509,"date":"2025-10-07T22:45:11","date_gmt":"2025-10-08T01:45:11","guid":{"rendered":"https:\/\/mg.passadospresentes.com.br\/cidades-negras\/?page_id=1509"},"modified":"2026-02-17T00:51:26","modified_gmt":"2026-02-17T03:51:26","slug":"verbete-fundacao-municipal-zumbi-dos-palmares","status":"publish","type":"page","link":"https:\/\/mg.passadospresentes.com.br\/cidades-negras\/verbete-fundacao-municipal-zumbi-dos-palmares\/","title":{"rendered":"Verbete: Funda\u00e7\u00e3o Municipal Zumbi dos Palmares"},"content":{"rendered":"\n<p>Por:&nbsp;<a href=\"https:\/\/mg.passadospresentes.com.br\/cidades-negras\/participante\/natalia-pecanha\/\">Nat\u00e1lia Batista Pe\u00e7anha<\/a><\/p>\n\n\n\n<hr class=\"wp-block-separator has-alpha-channel-opacity\"\/>\n\n\n\n<h4 class=\"wp-block-heading\">HIST\u00d3RICO:<\/h4>\n\n\n\n<hr class=\"wp-block-separator has-alpha-channel-opacity\"\/>\n\n\n\n<p><strong>Funda\u00e7\u00e3o: <\/strong>21 de abril 1990<\/p>\n\n\n\n<p>A Funda\u00e7\u00e3o Municipal Zumbi dos Palmares surge \u201cdas discuss\u00f5es do Grupo de Estudos Consci\u00eancia Negra, que teve como primeira coordenadora Divina Teles, do Camisa Verde\u201d, que tamb\u00e9m estava ligado \u00e0 Irmandade de S\u00e3o Benedito (RAFAEL e PORTUGUEZ, 2019: 130). Localizada nas intermedia\u00e7\u00f5es da Pra\u00e7a 13 de Maio, ela se caracteriza por ser uma funda\u00e7\u00e3o sem fins lucrativos, mantida pelo poder municipal da cidade, fruto da organiza\u00e7\u00e3o do movimento negro da cidade.&nbsp; (RAFAEL, 2014:44) Destaca-se, tamb\u00e9m, o papel desta entidade em atender as demandas da popula\u00e7\u00e3o negra local.<\/p>\n\n\n\n<hr class=\"wp-block-separator has-alpha-channel-opacity\"\/>\n\n\n\n<p><\/p>\n\n\n\n<figure class=\"wp-block-image size-full is-resized\"><img fetchpriority=\"high\" decoding=\"async\" width=\"612\" height=\"455\" src=\"https:\/\/mg.passadospresentes.com.br\/cidades-negras\/wp-content\/uploads\/sites\/5\/2025\/09\/image-33.png\" alt=\"\" class=\"wp-image-1510\" style=\"width:624px;height:auto\" srcset=\"https:\/\/mg.passadospresentes.com.br\/cidades-negras\/wp-content\/uploads\/sites\/5\/2025\/09\/image-33.png 612w, https:\/\/mg.passadospresentes.com.br\/cidades-negras\/wp-content\/uploads\/sites\/5\/2025\/09\/image-33-300x223.png 300w\" sizes=\"(max-width: 612px) 100vw, 612px\" \/><figcaption class=\"wp-element-caption\">Fachada da Funda\u00e7\u00e3o Municipal Zumbi dos Palmares. Ituiutaba. F\u00e1bio Moreira Azevedo, 2023.<br><\/figcaption><\/figure>\n\n\n\n<figure class=\"wp-block-image size-full\"><img decoding=\"async\" width=\"622\" height=\"470\" src=\"https:\/\/mg.passadospresentes.com.br\/cidades-negras\/wp-content\/uploads\/sites\/5\/2025\/09\/image-34.png\" alt=\"\" class=\"wp-image-1511\" srcset=\"https:\/\/mg.passadospresentes.com.br\/cidades-negras\/wp-content\/uploads\/sites\/5\/2025\/09\/image-34.png 622w, https:\/\/mg.passadospresentes.com.br\/cidades-negras\/wp-content\/uploads\/sites\/5\/2025\/09\/image-34-300x227.png 300w\" sizes=\"(max-width: 622px) 100vw, 622px\" \/><figcaption class=\"wp-element-caption\">Memorial Coragem. Pra\u00e7a Treze de Maio em Ituiutaba. Cr\u00e9dito: F\u00e1bio Moreira Azevedo, 2023.<\/figcaption><\/figure>\n\n\n\n<figure class=\"wp-block-image size-full is-resized\"><img decoding=\"async\" width=\"568\" height=\"428\" src=\"https:\/\/mg.passadospresentes.com.br\/cidades-negras\/wp-content\/uploads\/sites\/5\/2026\/02\/image.png\" alt=\"\" class=\"wp-image-2088\" style=\"width:645px;height:auto\" srcset=\"https:\/\/mg.passadospresentes.com.br\/cidades-negras\/wp-content\/uploads\/sites\/5\/2026\/02\/image.png 568w, https:\/\/mg.passadospresentes.com.br\/cidades-negras\/wp-content\/uploads\/sites\/5\/2026\/02\/image-300x226.png 300w\" sizes=\"(max-width: 568px) 100vw, 568px\" \/><figcaption class=\"wp-element-caption\">Mural com l\u00edderes negros na Funda\u00e7\u00e3o Zumbi dos Palmares. Nat\u00e1lia Batista Pe\u00e7anha, 2023.<\/figcaption><\/figure>\n\n\n\n<hr class=\"wp-block-separator has-alpha-channel-opacity\"\/>\n\n\n\n<p><strong>Localiza\u00e7\u00e3o: <\/strong>Av. Vinte e Cinco | 992 | Camargo | Ituiutaba\/MG.<\/p>\n\n\n\n<hr class=\"wp-block-separator has-alpha-channel-opacity\"\/>\n\n\n\n<p><strong>REFER\u00caNCIAS:<\/strong><\/p>\n\n\n\n<hr class=\"wp-block-separator has-alpha-channel-opacity\"\/>\n\n\n\n<p>RAFAEL, Luana Regina Mendes. <strong>Os festejos de S\u00e3o Benedito em Ituiutaba: <\/strong>uma janela em movimento. TCC. Ituiutaba: Hist\u00f3ria\/FACIP-UFU, 2014,<\/p>\n\n\n\n<hr class=\"wp-block-separator has-alpha-channel-opacity\"\/>\n\n\n\n<p>_____ e PORTUGUEZ, Anderson Pereira. <strong>Ritmos e cores do catolicismo negro em Ituiutaba: <\/strong>as territorialidades da festa de congada entre 1950 e o tempo presente. Ituiutaba: Barlavento: 2019.<\/p>\n\n\n\n<p><\/p>\n","protected":false},"excerpt":{"rendered":"<p>Por:&nbsp;Nat\u00e1lia Batista Pe\u00e7anha HIST\u00d3RICO: Funda\u00e7\u00e3o: 21 de abril 1990 A Funda\u00e7\u00e3o Municipal Zumbi dos Palmares surge \u201cdas discuss\u00f5es do Grupo de Estudos Consci\u00eancia Negra, que teve como primeira coordenadora Divina Teles, do Camisa Verde\u201d, que tamb\u00e9m estava ligado \u00e0 Irmandade de S\u00e3o Benedito (RAFAEL e PORTUGUEZ, 2019: 130). Localizada nas intermedia\u00e7\u00f5es da Pra\u00e7a 13 de [&hellip;]<\/p>\n","protected":false},"author":2,"featured_media":0,"parent":0,"menu_order":0,"comment_status":"closed","ping_status":"closed","template":"","meta":{"_acf_changed":false,"footnotes":""},"class_list":["post-1509","page","type-page","status-publish","hentry"],"acf":[],"_links":{"self":[{"href":"https:\/\/mg.passadospresentes.com.br\/cidades-negras\/wp-json\/wp\/v2\/pages\/1509","targetHints":{"allow":["GET"]}}],"collection":[{"href":"https:\/\/mg.passadospresentes.com.br\/cidades-negras\/wp-json\/wp\/v2\/pages"}],"about":[{"href":"https:\/\/mg.passadospresentes.com.br\/cidades-negras\/wp-json\/wp\/v2\/types\/page"}],"author":[{"embeddable":true,"href":"https:\/\/mg.passadospresentes.com.br\/cidades-negras\/wp-json\/wp\/v2\/users\/2"}],"replies":[{"embeddable":true,"href":"https:\/\/mg.passadospresentes.com.br\/cidades-negras\/wp-json\/wp\/v2\/comments?post=1509"}],"version-history":[{"count":4,"href":"https:\/\/mg.passadospresentes.com.br\/cidades-negras\/wp-json\/wp\/v2\/pages\/1509\/revisions"}],"predecessor-version":[{"id":2182,"href":"https:\/\/mg.passadospresentes.com.br\/cidades-negras\/wp-json\/wp\/v2\/pages\/1509\/revisions\/2182"}],"wp:attachment":[{"href":"https:\/\/mg.passadospresentes.com.br\/cidades-negras\/wp-json\/wp\/v2\/media?parent=1509"}],"curies":[{"name":"wp","href":"https:\/\/api.w.org\/{rel}","templated":true}]}}

Verbete: Fundação Municipal Zumbi dos Palmares

<p>Por:&nbsp;<a href="https://mg.passadospresentes.com.br/cidades-negras/participante/natalia-pecanha/">Natália Batista Peçanha</a></p>



<hr class="wp-block-separator has-alpha-channel-opacity"/>



<h4 class="wp-block-heading">HISTÓRICO:</h4>



<hr class="wp-block-separator has-alpha-channel-opacity"/>



<p><strong>Fundação: </strong>21 de abril 1990</p>



<p>A Fundação Municipal Zumbi dos Palmares surge “das discussões do Grupo de Estudos Consciência Negra, que teve como primeira coordenadora Divina Teles, do Camisa Verde”, que também estava ligado à Irmandade de São Benedito (RAFAEL e PORTUGUEZ, 2019: 130). Localizada nas intermediações da Praça 13 de Maio, ela se caracteriza por ser uma fundação sem fins lucrativos, mantida pelo poder municipal da cidade, fruto da organização do movimento negro da cidade.&nbsp; (RAFAEL, 2014:44) Destaca-se, também, o papel desta entidade em atender as demandas da população negra local.</p>



<hr class="wp-block-separator has-alpha-channel-opacity"/>



<p></p>



<figure class="wp-block-image size-full is-resized"><img fetchpriority="high" decoding="async" width="612" height="455" src="https://mg.passadospresentes.com.br/cidades-negras/wp-content/uploads/sites/5/2025/09/image-33.png" alt="" class="wp-image-1510" style="width:624px;height:auto" srcset="https://mg.passadospresentes.com.br/cidades-negras/wp-content/uploads/sites/5/2025/09/image-33.png 612w, https://mg.passadospresentes.com.br/cidades-negras/wp-content/uploads/sites/5/2025/09/image-33-300x223.png 300w" sizes="(max-width: 612px) 100vw, 612px" /><figcaption class="wp-element-caption">Fachada da Fundação Municipal Zumbi dos Palmares. Ituiutaba. Fábio Moreira Azevedo, 2023.<br></figcaption></figure>



<figure class="wp-block-image size-full"><img decoding="async" width="622" height="470" src="https://mg.passadospresentes.com.br/cidades-negras/wp-content/uploads/sites/5/2025/09/image-34.png" alt="" class="wp-image-1511" srcset="https://mg.passadospresentes.com.br/cidades-negras/wp-content/uploads/sites/5/2025/09/image-34.png 622w, https://mg.passadospresentes.com.br/cidades-negras/wp-content/uploads/sites/5/2025/09/image-34-300x227.png 300w" sizes="(max-width: 622px) 100vw, 622px" /><figcaption class="wp-element-caption">Memorial Coragem. Praça Treze de Maio em Ituiutaba. Crédito: Fábio Moreira Azevedo, 2023.</figcaption></figure>



<figure class="wp-block-image size-full is-resized"><img decoding="async" width="568" height="428" src="https://mg.passadospresentes.com.br/cidades-negras/wp-content/uploads/sites/5/2026/02/image.png" alt="" class="wp-image-2088" style="width:645px;height:auto" srcset="https://mg.passadospresentes.com.br/cidades-negras/wp-content/uploads/sites/5/2026/02/image.png 568w, https://mg.passadospresentes.com.br/cidades-negras/wp-content/uploads/sites/5/2026/02/image-300x226.png 300w" sizes="(max-width: 568px) 100vw, 568px" /><figcaption class="wp-element-caption">Mural com líderes negros na Fundação Zumbi dos Palmares. Natália Batista Peçanha, 2023.</figcaption></figure>



<hr class="wp-block-separator has-alpha-channel-opacity"/>



<p><strong>Localização: </strong>Av. Vinte e Cinco | 992 | Camargo | Ituiutaba/MG.</p>



<hr class="wp-block-separator has-alpha-channel-opacity"/>



<p><strong>REFERÊNCIAS:</strong></p>



<hr class="wp-block-separator has-alpha-channel-opacity"/>



<p>RAFAEL, Luana Regina Mendes. <strong>Os festejos de São Benedito em Ituiutaba: </strong>uma janela em movimento. TCC. Ituiutaba: História/FACIP-UFU, 2014,</p>



<hr class="wp-block-separator has-alpha-channel-opacity"/>



<p>_____ e PORTUGUEZ, Anderson Pereira. <strong>Ritmos e cores do catolicismo negro em Ituiutaba: </strong>as territorialidades da festa de congada entre 1950 e o tempo presente. Ituiutaba: Barlavento: 2019.</p>



<p></p>

<p>Por:&nbsp;Natália Batista Peçanha HISTÓRICO: Fundação: 21 de abril 1990 A Fundação Municipal Zumbi dos Palmares surge “das discussões do Grupo de Estudos Consciência Negra, que teve como primeira coordenadora Divina Teles, do Camisa Verde”, que também estava ligado à Irmandade de São Benedito (RAFAEL e PORTUGUEZ, 2019: 130). Localizada nas intermediações da Praça 13 de [&hellip;]</p>
