{"id":1492,"date":"2025-09-28T17:01:27","date_gmt":"2025-09-28T20:01:27","guid":{"rendered":"https:\/\/mg.passadospresentes.com.br\/cidades-negras\/?page_id=1492"},"modified":"2026-02-17T00:43:19","modified_gmt":"2026-02-17T03:43:19","slug":"verbete-palmeira-clube","status":"publish","type":"page","link":"https:\/\/mg.passadospresentes.com.br\/cidades-negras\/verbete-palmeira-clube\/","title":{"rendered":"Verbete: Palmeira Clube"},"content":{"rendered":"\n<p>Por:&nbsp;<a href=\"https:\/\/mg.passadospresentes.com.br\/cidades-negras\/participante\/natalia-pecanha\/\">Nat\u00e1lia Batista Pe\u00e7anha<\/a><\/p>\n\n\n\n<hr class=\"wp-block-separator has-alpha-channel-opacity\"\/>\n\n\n\n<h4 class=\"wp-block-heading\">HIST\u00d3RICO:<\/h4>\n\n\n\n<hr class=\"wp-block-separator has-alpha-channel-opacity\"\/>\n\n\n\n<p><strong>Funda\u00e7\u00e3o: <\/strong>1945<\/p>\n\n\n\n<p><strong>Presidente Interino: <\/strong>Eraldo Ant\u00f4nio da Silva<\/p>\n\n\n\n<p>Foi fundado em 1945 e desempenhou um papel significativo como local de realiza\u00e7\u00e3o de diversos eventos relacionados \u00e0 cultura afro-brasileira e eventos sociais ao longo de sua hist\u00f3ria. Um desses eventos incluiu o concurso Miss Beleza Negra, uma competi\u00e7\u00e3o que celebra a beleza, a cultura e a representa\u00e7\u00e3o das mulheres negras, Al\u00e9m dos bailes de carnaval, que contou com Dona Mariquita, uma das matriarcas do Terno Mo\u00e7ambique Camisa Verde e a primeira e \u00faltima porta-bandeira do Palmeira Clube.<\/p>\n\n\n\n<p>Atualmente o clube se encontra fechado, mas na luta pela sua manuten\u00e7\u00e3o, diante da import\u00e2ncia do patrim\u00f4nio que h\u00e1 mais de 70 anos vinha realizando celebra\u00e7\u00f5es, eventos esportivos e manifesta\u00e7\u00f5es culturais, sobretudo, da popula\u00e7\u00e3o negra ituiutabana.<\/p>\n\n\n\n<p><\/p>\n\n\n\n<figure class=\"wp-block-image size-full is-resized\"><img fetchpriority=\"high\" decoding=\"async\" width=\"225\" height=\"225\" src=\"https:\/\/mg.passadospresentes.com.br\/cidades-negras\/wp-content\/uploads\/sites\/5\/2025\/09\/image-29.png\" alt=\"\" class=\"wp-image-1494\" style=\"width:475px;height:auto\" srcset=\"https:\/\/mg.passadospresentes.com.br\/cidades-negras\/wp-content\/uploads\/sites\/5\/2025\/09\/image-29.png 225w, https:\/\/mg.passadospresentes.com.br\/cidades-negras\/wp-content\/uploads\/sites\/5\/2025\/09\/image-29-150x150.png 150w\" sizes=\"(max-width: 225px) 100vw, 225px\" \/><figcaption class=\"wp-element-caption\">Integrantes do Palmeira Clube. Ituiutaba. Eraldo Ant\u00f4nio da Silva. S\/d.<\/figcaption><\/figure>\n\n\n\n<p><\/p>\n\n\n\n<figure class=\"wp-block-image size-full\"><img decoding=\"async\" width=\"578\" height=\"586\" src=\"https:\/\/mg.passadospresentes.com.br\/cidades-negras\/wp-content\/uploads\/sites\/5\/2025\/09\/image-30.png\" alt=\"\" class=\"wp-image-1495\" srcset=\"https:\/\/mg.passadospresentes.com.br\/cidades-negras\/wp-content\/uploads\/sites\/5\/2025\/09\/image-30.png 578w, https:\/\/mg.passadospresentes.com.br\/cidades-negras\/wp-content\/uploads\/sites\/5\/2025\/09\/image-30-296x300.png 296w\" sizes=\"(max-width: 578px) 100vw, 578px\" \/><figcaption class=\"wp-element-caption\">Concurso Miss Beleza Negra no Palmeira Clube. Ituiutaba. Eraldo Ant\u00f4nio da Silva. S\/d.<\/figcaption><\/figure>\n\n\n\n<figure class=\"wp-block-image size-full\"><img decoding=\"async\" width=\"632\" height=\"453\" src=\"https:\/\/mg.passadospresentes.com.br\/cidades-negras\/wp-content\/uploads\/sites\/5\/2026\/02\/image-12.png\" alt=\"\" class=\"wp-image-2176\" srcset=\"https:\/\/mg.passadospresentes.com.br\/cidades-negras\/wp-content\/uploads\/sites\/5\/2026\/02\/image-12.png 632w, https:\/\/mg.passadospresentes.com.br\/cidades-negras\/wp-content\/uploads\/sites\/5\/2026\/02\/image-12-300x215.png 300w\" sizes=\"(max-width: 632px) 100vw, 632px\" \/><figcaption class=\"wp-element-caption\">Constru\u00e7\u00e3o do Palmeira Clube. Ituiutaba. Eraldo Ant\u00f4nio da Silva. S\/d.<\/figcaption><\/figure>\n\n\n\n<p><\/p>\n\n\n\n<figure class=\"wp-block-image size-full\"><img loading=\"lazy\" decoding=\"async\" width=\"576\" height=\"493\" src=\"https:\/\/mg.passadospresentes.com.br\/cidades-negras\/wp-content\/uploads\/sites\/5\/2025\/09\/image-31.png\" alt=\"\" class=\"wp-image-1496\" srcset=\"https:\/\/mg.passadospresentes.com.br\/cidades-negras\/wp-content\/uploads\/sites\/5\/2025\/09\/image-31.png 576w, https:\/\/mg.passadospresentes.com.br\/cidades-negras\/wp-content\/uploads\/sites\/5\/2025\/09\/image-31-300x257.png 300w\" sizes=\"(max-width: 576px) 100vw, 576px\" \/><figcaption class=\"wp-element-caption\">Baile de carnaval no Palmeira Clube. Ituiutaba. Eraldo Ant\u00f4nio da Silva. S\/d.<\/figcaption><\/figure>\n\n\n\n<hr class=\"wp-block-separator has-alpha-channel-opacity\"\/>\n\n\n\n<p><strong>Localiza\u00e7\u00e3o<\/strong>: Av. 23, com 38\u00aa e 40 | n. 340 | Centro.\u00a0<\/p>\n\n\n\n<hr class=\"wp-block-separator has-alpha-channel-opacity\"\/>\n\n\n\n<h4 class=\"wp-block-heading\">REFER\u00caNCIAS:<\/h4>\n\n\n\n<hr class=\"wp-block-separator has-alpha-channel-opacity\"\/>\n\n\n\n<p>SILVA, Arth. <strong>Matriarcas Negras de Ituiutaba<\/strong>. Document\u00e1rio, 2023. Dispon\u00edvel em:\u00a0 <a href=\"https:\/\/www.youtube.com\/watch?v=Z3LMh7KBRmk\">Matriarcas negras de Ituiutaba | Arth Silva &#8211; YouTube<br><\/a><\/p>\n\n\n\n<hr class=\"wp-block-separator has-alpha-channel-opacity\"\/>\n\n\n\n<p>Primeiro Estatuto do Palmeiras Clube. Dispon\u00edvel em: &lt;https:\/\/m.facebook.com\/story.php?story_fbid=pfbid0FFD4RNCB1khU1ETcr5ay12yQDZAwAoHCqn8iGSwtfT5h2QqL45DEy359TVx376GPl&amp;id=1530219993959692&amp;sfnsn=wiwspwa&amp;mibextid=RUbZ1f>. <\/p>\n\n\n\n<hr class=\"wp-block-separator has-alpha-channel-opacity\"\/>\n\n\n\n<p>Palmeira Clube. Instagram. Dispon\u00edvel em: &lt;<a href=\"https:\/\/www.instagram.com\/palmeiras_clubeitba\/\">https:\/\/www.instagram.com\/palmeiras_clubeitba\/<\/a>&gt;. Acesso em 28 de Setembro de 2025.<\/p>\n\n\n\n<p><\/p>\n","protected":false},"excerpt":{"rendered":"<p>Por:&nbsp;Nat\u00e1lia Batista Pe\u00e7anha HIST\u00d3RICO: Funda\u00e7\u00e3o: 1945 Presidente Interino: Eraldo Ant\u00f4nio da Silva Foi fundado em 1945 e desempenhou um papel significativo como local de realiza\u00e7\u00e3o de diversos eventos relacionados \u00e0 cultura afro-brasileira e eventos sociais ao longo de sua hist\u00f3ria. Um desses eventos incluiu o concurso Miss Beleza Negra, uma competi\u00e7\u00e3o que celebra a beleza, [&hellip;]<\/p>\n","protected":false},"author":2,"featured_media":0,"parent":0,"menu_order":0,"comment_status":"closed","ping_status":"closed","template":"","meta":{"_acf_changed":false,"footnotes":""},"class_list":["post-1492","page","type-page","status-publish","hentry"],"acf":[],"_links":{"self":[{"href":"https:\/\/mg.passadospresentes.com.br\/cidades-negras\/wp-json\/wp\/v2\/pages\/1492","targetHints":{"allow":["GET"]}}],"collection":[{"href":"https:\/\/mg.passadospresentes.com.br\/cidades-negras\/wp-json\/wp\/v2\/pages"}],"about":[{"href":"https:\/\/mg.passadospresentes.com.br\/cidades-negras\/wp-json\/wp\/v2\/types\/page"}],"author":[{"embeddable":true,"href":"https:\/\/mg.passadospresentes.com.br\/cidades-negras\/wp-json\/wp\/v2\/users\/2"}],"replies":[{"embeddable":true,"href":"https:\/\/mg.passadospresentes.com.br\/cidades-negras\/wp-json\/wp\/v2\/comments?post=1492"}],"version-history":[{"count":4,"href":"https:\/\/mg.passadospresentes.com.br\/cidades-negras\/wp-json\/wp\/v2\/pages\/1492\/revisions"}],"predecessor-version":[{"id":2179,"href":"https:\/\/mg.passadospresentes.com.br\/cidades-negras\/wp-json\/wp\/v2\/pages\/1492\/revisions\/2179"}],"wp:attachment":[{"href":"https:\/\/mg.passadospresentes.com.br\/cidades-negras\/wp-json\/wp\/v2\/media?parent=1492"}],"curies":[{"name":"wp","href":"https:\/\/api.w.org\/{rel}","templated":true}]}}

<p>Por:&nbsp;<a href="https://mg.passadospresentes.com.br/cidades-negras/participante/natalia-pecanha/">Natália Batista Peçanha</a></p>



<hr class="wp-block-separator has-alpha-channel-opacity"/>



<h4 class="wp-block-heading">HISTÓRICO:</h4>



<hr class="wp-block-separator has-alpha-channel-opacity"/>



<p><strong>Fundação: </strong>1945</p>



<p><strong>Presidente Interino: </strong>Eraldo Antônio da Silva</p>



<p>Foi fundado em 1945 e desempenhou um papel significativo como local de realização de diversos eventos relacionados à cultura afro-brasileira e eventos sociais ao longo de sua história. Um desses eventos incluiu o concurso Miss Beleza Negra, uma competição que celebra a beleza, a cultura e a representação das mulheres negras, Além dos bailes de carnaval, que contou com Dona Mariquita, uma das matriarcas do Terno Moçambique Camisa Verde e a primeira e última porta-bandeira do Palmeira Clube.</p>



<p>Atualmente o clube se encontra fechado, mas na luta pela sua manutenção, diante da importância do patrimônio que há mais de 70 anos vinha realizando celebrações, eventos esportivos e manifestações culturais, sobretudo, da população negra ituiutabana.</p>



<p></p>



<figure class="wp-block-image size-full is-resized"><img fetchpriority="high" decoding="async" width="225" height="225" src="https://mg.passadospresentes.com.br/cidades-negras/wp-content/uploads/sites/5/2025/09/image-29.png" alt="" class="wp-image-1494" style="width:475px;height:auto" srcset="https://mg.passadospresentes.com.br/cidades-negras/wp-content/uploads/sites/5/2025/09/image-29.png 225w, https://mg.passadospresentes.com.br/cidades-negras/wp-content/uploads/sites/5/2025/09/image-29-150x150.png 150w" sizes="(max-width: 225px) 100vw, 225px" /><figcaption class="wp-element-caption">Integrantes do Palmeira Clube. Ituiutaba. Eraldo Antônio da Silva. S/d.</figcaption></figure>



<p></p>



<figure class="wp-block-image size-full"><img decoding="async" width="578" height="586" src="https://mg.passadospresentes.com.br/cidades-negras/wp-content/uploads/sites/5/2025/09/image-30.png" alt="" class="wp-image-1495" srcset="https://mg.passadospresentes.com.br/cidades-negras/wp-content/uploads/sites/5/2025/09/image-30.png 578w, https://mg.passadospresentes.com.br/cidades-negras/wp-content/uploads/sites/5/2025/09/image-30-296x300.png 296w" sizes="(max-width: 578px) 100vw, 578px" /><figcaption class="wp-element-caption">Concurso Miss Beleza Negra no Palmeira Clube. Ituiutaba. Eraldo Antônio da Silva. S/d.</figcaption></figure>



<figure class="wp-block-image size-full"><img decoding="async" width="632" height="453" src="https://mg.passadospresentes.com.br/cidades-negras/wp-content/uploads/sites/5/2026/02/image-12.png" alt="" class="wp-image-2176" srcset="https://mg.passadospresentes.com.br/cidades-negras/wp-content/uploads/sites/5/2026/02/image-12.png 632w, https://mg.passadospresentes.com.br/cidades-negras/wp-content/uploads/sites/5/2026/02/image-12-300x215.png 300w" sizes="(max-width: 632px) 100vw, 632px" /><figcaption class="wp-element-caption">Construção do Palmeira Clube. Ituiutaba. Eraldo Antônio da Silva. S/d.</figcaption></figure>



<p></p>



<figure class="wp-block-image size-full"><img loading="lazy" decoding="async" width="576" height="493" src="https://mg.passadospresentes.com.br/cidades-negras/wp-content/uploads/sites/5/2025/09/image-31.png" alt="" class="wp-image-1496" srcset="https://mg.passadospresentes.com.br/cidades-negras/wp-content/uploads/sites/5/2025/09/image-31.png 576w, https://mg.passadospresentes.com.br/cidades-negras/wp-content/uploads/sites/5/2025/09/image-31-300x257.png 300w" sizes="(max-width: 576px) 100vw, 576px" /><figcaption class="wp-element-caption">Baile de carnaval no Palmeira Clube. Ituiutaba. Eraldo Antônio da Silva. S/d.</figcaption></figure>



<hr class="wp-block-separator has-alpha-channel-opacity"/>



<p><strong>Localização</strong>: Av. 23, com 38ª e 40 | n. 340 | Centro. </p>



<hr class="wp-block-separator has-alpha-channel-opacity"/>



<h4 class="wp-block-heading">REFERÊNCIAS:</h4>



<hr class="wp-block-separator has-alpha-channel-opacity"/>



<p>SILVA, Arth. <strong>Matriarcas Negras de Ituiutaba</strong>. Documentário, 2023. Disponível em:  <a href="https://www.youtube.com/watch?v=Z3LMh7KBRmk">Matriarcas negras de Ituiutaba | Arth Silva &#8211; YouTube<br></a></p>



<hr class="wp-block-separator has-alpha-channel-opacity"/>



<p>Primeiro Estatuto do Palmeiras Clube. Disponível em: &lt;https://m.facebook.com/story.php?story_fbid=pfbid0FFD4RNCB1khU1ETcr5ay12yQDZAwAoHCqn8iGSwtfT5h2QqL45DEy359TVx376GPl&amp;id=1530219993959692&amp;sfnsn=wiwspwa&amp;mibextid=RUbZ1f>. </p>



<hr class="wp-block-separator has-alpha-channel-opacity"/>



<p>Palmeira Clube. Instagram. Disponível em: &lt;<a href="https://www.instagram.com/palmeiras_clubeitba/">https://www.instagram.com/palmeiras_clubeitba/</a>&gt;. Acesso em 28 de Setembro de 2025.</p>



<p></p>

<p>Por:&nbsp;Natália Batista Peçanha HISTÓRICO: Fundação: 1945 Presidente Interino: Eraldo Antônio da Silva Foi fundado em 1945 e desempenhou um papel significativo como local de realização de diversos eventos relacionados à cultura afro-brasileira e eventos sociais ao longo de sua história. Um desses eventos incluiu o concurso Miss Beleza Negra, uma competição que celebra a beleza, [&hellip;]</p>
