{"id":1461,"date":"2025-09-28T10:37:00","date_gmt":"2025-09-28T13:37:00","guid":{"rendered":"https:\/\/mg.passadospresentes.com.br\/cidades-negras\/?page_id=1461"},"modified":"2026-02-16T15:55:07","modified_gmt":"2026-02-16T18:55:07","slug":"verbete-raizes-de-sao-benedito","status":"publish","type":"page","link":"https:\/\/mg.passadospresentes.com.br\/cidades-negras\/verbete-raizes-de-sao-benedito\/","title":{"rendered":"Verbete: Congo Ra\u00edzes de S\u00e3o Benedito"},"content":{"rendered":"\n<p>Por:&nbsp;<a href=\"https:\/\/mg.passadospresentes.com.br\/cidades-negras\/participante\/natalia-pecanha\/\">Nat\u00e1lia Batista Pe\u00e7anha<\/a><\/p>\n\n\n\n<hr class=\"wp-block-separator has-alpha-channel-opacity\"\/>\n\n\n\n<h4 class=\"wp-block-heading\">HIST\u00d3RICO:<\/h4>\n\n\n\n<hr class=\"wp-block-separator has-alpha-channel-opacity\"\/>\n\n\n\n<p>\u00a0<strong>Funda\u00e7\u00e3o: <\/strong>2022<\/p>\n\n\n\n<p><strong>Fundadores: <\/strong>Jo\u00e3o Ant\u00f4nio Alves e Jackeline Aparecida Silva Alves.<\/p>\n\n\n\n<p>O Congo Ra\u00edzes de S\u00e3o Benedito \u00e9 criado pelo casal Jo\u00e3o Ant\u00f4nio e Jackeline Aparecida. Jo\u00e3o, que \u00e9 membro atuante do movimento negro tijucano fazendo parte da Funda\u00e7\u00e3o Municipal Zumbi dos Palmares. De fam\u00edlia de origem congadeira, o casal inaugura o terno, em 2022. Em entrevista ao Projeto Ra\u00edzes Congadeiras, da Associa\u00e7\u00e3o Baob\u00e1, Jo\u00e3o informa que \u201co grupo, ele nasce, nesse momento, com a preocupa\u00e7\u00e3o de manter o quartel como um espa\u00e7o social. Um espa\u00e7o em que possa ter uma sociabilidade, n\u00e3o s\u00f3 dos componentes do grupo, mas tamb\u00e9m da comunidade em torno dele.\u201d Para ele,\u201d a festa de Congado \u00e9 o momento em que voc\u00ea pode ter consci\u00eancia que voc\u00ea \u00e9 o elo de um passado para um futuro\u201d.<\/p>\n\n\n\n<figure class=\"wp-block-image\"><img fetchpriority=\"high\" decoding=\"async\" width=\"591\" height=\"705\" src=\"https:\/\/mg.passadospresentes.com.br\/cidades-negras\/wp-content\/uploads\/sites\/5\/2025\/05\/WhatsApp-Image-2024-05-05-at-14.16.22.jpeg\" alt=\"\" class=\"wp-image-920\" srcset=\"https:\/\/mg.passadospresentes.com.br\/cidades-negras\/wp-content\/uploads\/sites\/5\/2025\/05\/WhatsApp-Image-2024-05-05-at-14.16.22.jpeg 591w, https:\/\/mg.passadospresentes.com.br\/cidades-negras\/wp-content\/uploads\/sites\/5\/2025\/05\/WhatsApp-Image-2024-05-05-at-14.16.22-251x300.jpeg 251w\" sizes=\"(max-width: 591px) 100vw, 591px\" \/><figcaption class=\"wp-element-caption\">Integrantes do Grupo Congo Ra\u00edzes de S\u00e3o Benetido. Ituiutaba. Nat\u00e1lia Batista Pe\u00e7anha. S\/d.<\/figcaption><\/figure>\n\n\n\n<hr class=\"wp-block-separator has-alpha-channel-opacity\"\/>\n\n\n\n<p><strong>Cor:&nbsp;<\/strong>Laranja e marrom<\/p>\n\n\n\n<hr class=\"wp-block-separator has-alpha-channel-opacity\"\/>\n\n\n\n<p><strong>Significado:\u00a0\u00a0<\/strong>Laranja est\u00e1 ligada \u00e0 natureza.\u00a0<\/p>\n\n\n\n<hr class=\"wp-block-separator has-alpha-channel-opacity\"\/>\n\n\n\n<p><strong>Matriarca:&nbsp;<\/strong>Jakeline Aparecida Silva Alves<\/p>\n\n\n\n<hr class=\"wp-block-separator has-alpha-channel-opacity\"\/>\n\n\n\n<p><strong>Quartel:&nbsp;<\/strong>R: Carlos Drummond de Andrade |n\u00b0 144| Carlos Dia Leite<\/p>\n\n\n\n<hr class=\"wp-block-separator has-alpha-channel-opacity\"\/>\n\n\n\n<h4 class=\"wp-block-heading\">REFER\u00caNCIAS:<\/h4>\n\n\n\n<hr class=\"wp-block-separator has-alpha-channel-opacity\"\/>\n\n\n\n<p>Associa\u00e7\u00e3o BAOB\u00c1. Dispon\u00edvel em:&lt;<a href=\"https:\/\/www.associacaobaoba.com\/?fbclid=PAAaYFt83tZ57HpVD0L6FYrCuhuJRReOvmXp_HUXf9fYD0TJMxYEz3fLeG4hw\">https:\/\/www.associacaobaoba.com\/?fbclid=PAAaYFt83tZ57HpVD0L6FYrCuhuJRReOvmXp_HUXf9fYD0TJMxYEz3fLeG4hw<\/a> >Acessado em 14 de novembro de 2023.<\/p>\n\n\n\n<hr class=\"wp-block-separator has-alpha-channel-opacity\"\/>\n\n\n\n<p><\/p>\n\n\n\n<p><\/p>\n","protected":false},"excerpt":{"rendered":"<p>Por:&nbsp;Nat\u00e1lia Batista Pe\u00e7anha HIST\u00d3RICO: \u00a0Funda\u00e7\u00e3o: 2022 Fundadores: Jo\u00e3o Ant\u00f4nio Alves e Jackeline Aparecida Silva Alves. O Congo Ra\u00edzes de S\u00e3o Benedito \u00e9 criado pelo casal Jo\u00e3o Ant\u00f4nio e Jackeline Aparecida. Jo\u00e3o, que \u00e9 membro atuante do movimento negro tijucano fazendo parte da Funda\u00e7\u00e3o Municipal Zumbi dos Palmares. De fam\u00edlia de origem congadeira, o casal inaugura [&hellip;]<\/p>\n","protected":false},"author":2,"featured_media":0,"parent":0,"menu_order":0,"comment_status":"closed","ping_status":"closed","template":"","meta":{"_acf_changed":false,"footnotes":""},"class_list":["post-1461","page","type-page","status-publish","hentry"],"acf":[],"_links":{"self":[{"href":"https:\/\/mg.passadospresentes.com.br\/cidades-negras\/wp-json\/wp\/v2\/pages\/1461","targetHints":{"allow":["GET"]}}],"collection":[{"href":"https:\/\/mg.passadospresentes.com.br\/cidades-negras\/wp-json\/wp\/v2\/pages"}],"about":[{"href":"https:\/\/mg.passadospresentes.com.br\/cidades-negras\/wp-json\/wp\/v2\/types\/page"}],"author":[{"embeddable":true,"href":"https:\/\/mg.passadospresentes.com.br\/cidades-negras\/wp-json\/wp\/v2\/users\/2"}],"replies":[{"embeddable":true,"href":"https:\/\/mg.passadospresentes.com.br\/cidades-negras\/wp-json\/wp\/v2\/comments?post=1461"}],"version-history":[{"count":3,"href":"https:\/\/mg.passadospresentes.com.br\/cidades-negras\/wp-json\/wp\/v2\/pages\/1461\/revisions"}],"predecessor-version":[{"id":2158,"href":"https:\/\/mg.passadospresentes.com.br\/cidades-negras\/wp-json\/wp\/v2\/pages\/1461\/revisions\/2158"}],"wp:attachment":[{"href":"https:\/\/mg.passadospresentes.com.br\/cidades-negras\/wp-json\/wp\/v2\/media?parent=1461"}],"curies":[{"name":"wp","href":"https:\/\/api.w.org\/{rel}","templated":true}]}}

Verbete: Congo Raízes de São Benedito

<p>Por:&nbsp;<a href="https://mg.passadospresentes.com.br/cidades-negras/participante/natalia-pecanha/">Natália Batista Peçanha</a></p>



<hr class="wp-block-separator has-alpha-channel-opacity"/>



<h4 class="wp-block-heading">HISTÓRICO:</h4>



<hr class="wp-block-separator has-alpha-channel-opacity"/>



<p> <strong>Fundação: </strong>2022</p>



<p><strong>Fundadores: </strong>João Antônio Alves e Jackeline Aparecida Silva Alves.</p>



<p>O Congo Raízes de São Benedito é criado pelo casal João Antônio e Jackeline Aparecida. João, que é membro atuante do movimento negro tijucano fazendo parte da Fundação Municipal Zumbi dos Palmares. De família de origem congadeira, o casal inaugura o terno, em 2022. Em entrevista ao Projeto Raízes Congadeiras, da Associação Baobá, João informa que “o grupo, ele nasce, nesse momento, com a preocupação de manter o quartel como um espaço social. Um espaço em que possa ter uma sociabilidade, não só dos componentes do grupo, mas também da comunidade em torno dele.” Para ele,” a festa de Congado é o momento em que você pode ter consciência que você é o elo de um passado para um futuro”.</p>



<figure class="wp-block-image"><img fetchpriority="high" decoding="async" width="591" height="705" src="https://mg.passadospresentes.com.br/cidades-negras/wp-content/uploads/sites/5/2025/05/WhatsApp-Image-2024-05-05-at-14.16.22.jpeg" alt="" class="wp-image-920" srcset="https://mg.passadospresentes.com.br/cidades-negras/wp-content/uploads/sites/5/2025/05/WhatsApp-Image-2024-05-05-at-14.16.22.jpeg 591w, https://mg.passadospresentes.com.br/cidades-negras/wp-content/uploads/sites/5/2025/05/WhatsApp-Image-2024-05-05-at-14.16.22-251x300.jpeg 251w" sizes="(max-width: 591px) 100vw, 591px" /><figcaption class="wp-element-caption">Integrantes do Grupo Congo Raízes de São Benetido. Ituiutaba. Natália Batista Peçanha. S/d.</figcaption></figure>



<hr class="wp-block-separator has-alpha-channel-opacity"/>



<p><strong>Cor:&nbsp;</strong>Laranja e marrom</p>



<hr class="wp-block-separator has-alpha-channel-opacity"/>



<p><strong>Significado:  </strong>Laranja está ligada à natureza. </p>



<hr class="wp-block-separator has-alpha-channel-opacity"/>



<p><strong>Matriarca:&nbsp;</strong>Jakeline Aparecida Silva Alves</p>



<hr class="wp-block-separator has-alpha-channel-opacity"/>



<p><strong>Quartel:&nbsp;</strong>R: Carlos Drummond de Andrade |n° 144| Carlos Dia Leite</p>



<hr class="wp-block-separator has-alpha-channel-opacity"/>



<h4 class="wp-block-heading">REFERÊNCIAS:</h4>



<hr class="wp-block-separator has-alpha-channel-opacity"/>



<p>Associação BAOBÁ. Disponível em:&lt;<a href="https://www.associacaobaoba.com/?fbclid=PAAaYFt83tZ57HpVD0L6FYrCuhuJRReOvmXp_HUXf9fYD0TJMxYEz3fLeG4hw">https://www.associacaobaoba.com/?fbclid=PAAaYFt83tZ57HpVD0L6FYrCuhuJRReOvmXp_HUXf9fYD0TJMxYEz3fLeG4hw</a> >Acessado em 14 de novembro de 2023.</p>



<hr class="wp-block-separator has-alpha-channel-opacity"/>



<p></p>



<p></p>

<p>Por:&nbsp;Natália Batista Peçanha HISTÓRICO:  Fundação: 2022 Fundadores: João Antônio Alves e Jackeline Aparecida Silva Alves. O Congo Raízes de São Benedito é criado pelo casal João Antônio e Jackeline Aparecida. João, que é membro atuante do movimento negro tijucano fazendo parte da Fundação Municipal Zumbi dos Palmares. De família de origem congadeira, o casal inaugura [&hellip;]</p>
