{"id":1447,"date":"2025-09-28T09:29:42","date_gmt":"2025-09-28T12:29:42","guid":{"rendered":"https:\/\/mg.passadospresentes.com.br\/cidades-negras\/?page_id=1447"},"modified":"2026-02-16T15:21:16","modified_gmt":"2026-02-16T18:21:16","slug":"verbete-catupe-capao-de-ouro","status":"publish","type":"page","link":"https:\/\/mg.passadospresentes.com.br\/cidades-negras\/verbete-catupe-capao-de-ouro\/","title":{"rendered":"Verbete: Catup\u00e9 Cap\u00e3o de Ouro"},"content":{"rendered":"\n<p>Por: <a href=\"https:\/\/mg.passadospresentes.com.br\/cidades-negras\/participante\/natalia-pecanha\/\">Nat\u00e1lia Batista Pe\u00e7anha<\/a><\/p>\n\n\n\n<hr class=\"wp-block-separator has-alpha-channel-opacity\"\/>\n\n\n\n<h4 class=\"wp-block-heading\">HIST\u00d3RICO:<\/h4>\n\n\n\n<hr class=\"wp-block-separator has-alpha-channel-opacity\"\/>\n\n\n\n<p><strong>Funda\u00e7\u00e3o<\/strong>: 2018<\/p>\n\n\n\n<p><strong>Fundadora<\/strong>: Maria Aparecida Luiza C\u00e2ndido.<\/p>\n\n\n\n<p>O Terno Catup\u00e9 Cap\u00e3o de Ouro foi fundado em 2018 por Maria Aparecida Luiza C\u00e2ndido. A origem do nome remete aos negros mineradores de ouro, na regi\u00e3o do Tijuco. De acordo com o Projeto Ra\u00edzes Congadeiras, da Associa\u00e7\u00e3o Baob\u00e1, \u201cA palavra &#8220;Cap\u00e3o&#8221; faz refer\u00eancia a uma vasta \u00e1rea de mato ou cerrado, enquanto &#8220;Ouro&#8221; remete ao metal precioso que era procurado nessas terras.O terno &#8220;Catup\u00e9&#8221; representa uma dan\u00e7a ritmada, muitas vezes realizada como prepara\u00e7\u00e3o para a guerra. Portanto, o nome do terno sugere uma conex\u00e3o com a tradi\u00e7\u00e3o da dan\u00e7a e a heran\u00e7a cultural dos afrodescendentes que estariam envolvidos na busca pelo ouro, criando assim uma rica associa\u00e7\u00e3o hist\u00f3rica e cultural.\u201d<\/p>\n\n\n\n<figure class=\"wp-block-image size-full is-resized\"><img fetchpriority=\"high\" decoding=\"async\" width=\"315\" height=\"424\" src=\"https:\/\/mg.passadospresentes.com.br\/cidades-negras\/wp-content\/uploads\/sites\/5\/2025\/09\/image-17.png\" alt=\"\" class=\"wp-image-1448\" style=\"width:438px;height:auto\" srcset=\"https:\/\/mg.passadospresentes.com.br\/cidades-negras\/wp-content\/uploads\/sites\/5\/2025\/09\/image-17.png 315w, https:\/\/mg.passadospresentes.com.br\/cidades-negras\/wp-content\/uploads\/sites\/5\/2025\/09\/image-17-223x300.png 223w\" sizes=\"(max-width: 315px) 100vw, 315px\" \/><figcaption class=\"wp-element-caption\">Integrantes do Catup\u00e9 Cap\u00e3o de Ouro. Ituiutaba. Nat\u00e1lia Pe\u00e7anha. S\/d. <\/figcaption><\/figure>\n\n\n\n<hr class=\"wp-block-separator has-alpha-channel-opacity\"\/>\n\n\n\n<p><strong>Cores: <\/strong>Marrom, azul,\u00a0 verde e dourado<\/p>\n\n\n\n<hr class=\"wp-block-separator has-alpha-channel-opacity\"\/>\n\n\n\n<p><strong>Significado<\/strong>: marrom, que representa as vestes de S\u00e3o Benedito; o azul, representa o manto de Nossa Senhora do Ros\u00e1rio; o verde, simboliza as matas que os negros desbravaram; e o dourado, representa o ouro extra\u00eddo pelos negros.<\/p>\n\n\n\n<hr class=\"wp-block-separator has-alpha-channel-opacity\"\/>\n\n\n\n<p><strong>Matriarca: <\/strong>Leamar C\u00e2ndido<\/p>\n\n\n\n<hr class=\"wp-block-separator has-alpha-channel-opacity\"\/>\n\n\n\n<p><strong>Quartel: <\/strong>Av. Dom Alexandre &#8211; Alcides Junqueira, Ituiutaba\/MG<\/p>\n\n\n\n<hr class=\"wp-block-separator has-alpha-channel-opacity\"\/>\n\n\n\n<h4 class=\"wp-block-heading\">REFER\u00caNCIAS:<\/h4>\n\n\n\n<hr class=\"wp-block-separator has-alpha-channel-opacity\"\/>\n\n\n\n<p><a href=\"https:\/\/www.associacaobaoba.com\/2%C2%AA-ed-ra%C3%ADzes-congadeiras\">2\u00aa Ed. RA\u00cdZES CONGADEIRAS | Baob\u00e1 (associacaobaoba.com)<\/a><\/p>\n\n\n\n<hr class=\"wp-block-separator has-alpha-channel-opacity\"\/>\n\n\n\n<p><br><\/p>\n\n\n\n<p><\/p>\n\n\n\n<p><\/p>\n","protected":false},"excerpt":{"rendered":"<p>Por: Nat\u00e1lia Batista Pe\u00e7anha HIST\u00d3RICO: Funda\u00e7\u00e3o: 2018 Fundadora: Maria Aparecida Luiza C\u00e2ndido. O Terno Catup\u00e9 Cap\u00e3o de Ouro foi fundado em 2018 por Maria Aparecida Luiza C\u00e2ndido. A origem do nome remete aos negros mineradores de ouro, na regi\u00e3o do Tijuco. De acordo com o Projeto Ra\u00edzes Congadeiras, da Associa\u00e7\u00e3o Baob\u00e1, \u201cA palavra &#8220;Cap\u00e3o&#8221; faz [&hellip;]<\/p>\n","protected":false},"author":2,"featured_media":0,"parent":0,"menu_order":0,"comment_status":"closed","ping_status":"closed","template":"","meta":{"_acf_changed":false,"footnotes":""},"class_list":["post-1447","page","type-page","status-publish","hentry"],"acf":[],"_links":{"self":[{"href":"https:\/\/mg.passadospresentes.com.br\/cidades-negras\/wp-json\/wp\/v2\/pages\/1447","targetHints":{"allow":["GET"]}}],"collection":[{"href":"https:\/\/mg.passadospresentes.com.br\/cidades-negras\/wp-json\/wp\/v2\/pages"}],"about":[{"href":"https:\/\/mg.passadospresentes.com.br\/cidades-negras\/wp-json\/wp\/v2\/types\/page"}],"author":[{"embeddable":true,"href":"https:\/\/mg.passadospresentes.com.br\/cidades-negras\/wp-json\/wp\/v2\/users\/2"}],"replies":[{"embeddable":true,"href":"https:\/\/mg.passadospresentes.com.br\/cidades-negras\/wp-json\/wp\/v2\/comments?post=1447"}],"version-history":[{"count":2,"href":"https:\/\/mg.passadospresentes.com.br\/cidades-negras\/wp-json\/wp\/v2\/pages\/1447\/revisions"}],"predecessor-version":[{"id":2150,"href":"https:\/\/mg.passadospresentes.com.br\/cidades-negras\/wp-json\/wp\/v2\/pages\/1447\/revisions\/2150"}],"wp:attachment":[{"href":"https:\/\/mg.passadospresentes.com.br\/cidades-negras\/wp-json\/wp\/v2\/media?parent=1447"}],"curies":[{"name":"wp","href":"https:\/\/api.w.org\/{rel}","templated":true}]}}

Verbete: Catupé Capão de Ouro

<p>Por: <a href="https://mg.passadospresentes.com.br/cidades-negras/participante/natalia-pecanha/">Natália Batista Peçanha</a></p>



<hr class="wp-block-separator has-alpha-channel-opacity"/>



<h4 class="wp-block-heading">HISTÓRICO:</h4>



<hr class="wp-block-separator has-alpha-channel-opacity"/>



<p><strong>Fundação</strong>: 2018</p>



<p><strong>Fundadora</strong>: Maria Aparecida Luiza Cândido.</p>



<p>O Terno Catupé Capão de Ouro foi fundado em 2018 por Maria Aparecida Luiza Cândido. A origem do nome remete aos negros mineradores de ouro, na região do Tijuco. De acordo com o Projeto Raízes Congadeiras, da Associação Baobá, “A palavra &#8220;Capão&#8221; faz referência a uma vasta área de mato ou cerrado, enquanto &#8220;Ouro&#8221; remete ao metal precioso que era procurado nessas terras.O terno &#8220;Catupé&#8221; representa uma dança ritmada, muitas vezes realizada como preparação para a guerra. Portanto, o nome do terno sugere uma conexão com a tradição da dança e a herança cultural dos afrodescendentes que estariam envolvidos na busca pelo ouro, criando assim uma rica associação histórica e cultural.”</p>



<figure class="wp-block-image size-full is-resized"><img fetchpriority="high" decoding="async" width="315" height="424" src="https://mg.passadospresentes.com.br/cidades-negras/wp-content/uploads/sites/5/2025/09/image-17.png" alt="" class="wp-image-1448" style="width:438px;height:auto" srcset="https://mg.passadospresentes.com.br/cidades-negras/wp-content/uploads/sites/5/2025/09/image-17.png 315w, https://mg.passadospresentes.com.br/cidades-negras/wp-content/uploads/sites/5/2025/09/image-17-223x300.png 223w" sizes="(max-width: 315px) 100vw, 315px" /><figcaption class="wp-element-caption">Integrantes do Catupé Capão de Ouro. Ituiutaba. Natália Peçanha. S/d. </figcaption></figure>



<hr class="wp-block-separator has-alpha-channel-opacity"/>



<p><strong>Cores: </strong>Marrom, azul,  verde e dourado</p>



<hr class="wp-block-separator has-alpha-channel-opacity"/>



<p><strong>Significado</strong>: marrom, que representa as vestes de São Benedito; o azul, representa o manto de Nossa Senhora do Rosário; o verde, simboliza as matas que os negros desbravaram; e o dourado, representa o ouro extraído pelos negros.</p>



<hr class="wp-block-separator has-alpha-channel-opacity"/>



<p><strong>Matriarca: </strong>Leamar Cândido</p>



<hr class="wp-block-separator has-alpha-channel-opacity"/>



<p><strong>Quartel: </strong>Av. Dom Alexandre &#8211; Alcides Junqueira, Ituiutaba/MG</p>



<hr class="wp-block-separator has-alpha-channel-opacity"/>



<h4 class="wp-block-heading">REFERÊNCIAS:</h4>



<hr class="wp-block-separator has-alpha-channel-opacity"/>



<p><a href="https://www.associacaobaoba.com/2%C2%AA-ed-ra%C3%ADzes-congadeiras">2ª Ed. RAÍZES CONGADEIRAS | Baobá (associacaobaoba.com)</a></p>



<hr class="wp-block-separator has-alpha-channel-opacity"/>



<p><br></p>



<p></p>



<p></p>

<p>Por: Natália Batista Peçanha HISTÓRICO: Fundação: 2018 Fundadora: Maria Aparecida Luiza Cândido. O Terno Catupé Capão de Ouro foi fundado em 2018 por Maria Aparecida Luiza Cândido. A origem do nome remete aos negros mineradores de ouro, na região do Tijuco. De acordo com o Projeto Raízes Congadeiras, da Associação Baobá, “A palavra &#8220;Capão&#8221; faz [&hellip;]</p>
