{"id":1438,"date":"2025-09-27T22:40:22","date_gmt":"2025-09-28T01:40:22","guid":{"rendered":"https:\/\/mg.passadospresentes.com.br\/cidades-negras\/?page_id=1438"},"modified":"2026-02-16T15:02:34","modified_gmt":"2026-02-16T18:02:34","slug":"verbete-terno-marinheiro-de-santa-luzia","status":"publish","type":"page","link":"https:\/\/mg.passadospresentes.com.br\/cidades-negras\/verbete-terno-marinheiro-de-santa-luzia\/","title":{"rendered":"Verbete: Terno Marinheiro de Santa Luzia"},"content":{"rendered":"\n<p>Por: <a href=\"https:\/\/mg.passadospresentes.com.br\/cidades-negras\/participante\/natalia-pecanha\/\">Nat\u00e1lia Batista Pe\u00e7anha<\/a><\/p>\n\n\n\n<hr class=\"wp-block-separator has-alpha-channel-opacity\"\/>\n\n\n\n<h4 class=\"wp-block-heading\">HIST\u00d3RICO:<\/h4>\n\n\n\n<hr class=\"wp-block-separator has-alpha-channel-opacity\"\/>\n\n\n\n<p>F<strong>unda\u00e7\u00e3o: <\/strong>2015.<\/p>\n\n\n\n<p><strong>Fundadoras<\/strong>: Laci Lima e Aparecida Andreilda Morais de Lima.<\/p>\n\n\n\n<p>O Terno Marinheiro de Santa Luzia foi fundado em 2015, por membros do Terno Camisa Verde, como uma homenagem \u00e0 Santa Luzia, santa de devo\u00e7\u00e3o de Dona Laci, que junto com sua filha, Aparecida Andreilda, decidem fundar o Terno Marinheiro de Santa Luzia, em 2015, em homenagem \u00e0 Dona Luzia.&nbsp;<\/p>\n\n\n\n<figure class=\"wp-block-image size-full is-resized\"><img fetchpriority=\"high\" decoding=\"async\" width=\"409\" height=\"524\" src=\"https:\/\/mg.passadospresentes.com.br\/cidades-negras\/wp-content\/uploads\/sites\/5\/2025\/09\/image-14.png\" alt=\"\" class=\"wp-image-1440\" style=\"width:482px;height:auto\" srcset=\"https:\/\/mg.passadospresentes.com.br\/cidades-negras\/wp-content\/uploads\/sites\/5\/2025\/09\/image-14.png 409w, https:\/\/mg.passadospresentes.com.br\/cidades-negras\/wp-content\/uploads\/sites\/5\/2025\/09\/image-14-234x300.png 234w\" sizes=\"(max-width: 409px) 100vw, 409px\" \/><figcaption class=\"wp-element-caption\">Integrantes do Terno Marinheiro de Santa Luzia. Nat\u00e1lia Batista Pe\u00e7anha. S\/d.<\/figcaption><\/figure>\n\n\n\n<hr class=\"wp-block-separator has-alpha-channel-opacity\"\/>\n\n\n\n<p><strong>Cor: \u00a0<\/strong>Azul beb\u00ea, vermelho, prata e branco.<\/p>\n\n\n\n<hr class=\"wp-block-separator has-alpha-channel-opacity\"\/>\n\n\n\n<p><strong>Significado: <\/strong>Azul beb\u00ea que se refere ao mar. O vermelho encarnado simboliza o sangue derramado dos antepassados e o sacrif\u00edcio de Santa Luzia. O Prata que simboliza as estrelas que guiam os navegantes e conduziu os tr\u00eas reis magos e o branco que simboliza a paz. \u201cTrazemos ainda na \u00e2ncora na capa em todas as cores do terno simbolizando a chegada a um porto seguro\u201d.\u00a0 (entrevista com Aparecida Andreilda)<br><\/p>\n\n\n\n<hr class=\"wp-block-separator has-alpha-channel-opacity\"\/>\n\n\n\n<p><strong>Matriarca:<\/strong> Laci Aparecida Lima<\/p>\n\n\n\n<hr class=\"wp-block-separator has-alpha-channel-opacity\"\/>\n\n\n\n<p><strong>Quartel: <\/strong>Rua Saul Ribeiro de Assis | Setor Norte\u00a0<\/p>\n\n\n\n<hr class=\"wp-block-separator has-alpha-channel-opacity\"\/>\n\n\n\n<h4 class=\"wp-block-heading\">REFER\u00caNCIAS:<\/h4>\n\n\n\n<hr class=\"wp-block-separator has-alpha-channel-opacity\"\/>\n\n\n\n<p>RAFAEL, Luana Regina Mendes. PORTUGUEZ, Anderson Pereira.<strong> Ritmos e cores do catolismo negro em ituiutaba<\/strong>: as terriorialidades da Festa de Congada entre 1950 e o tempo presente. Ituiutaba: Barlavento, 2019.<\/p>\n\n\n\n<hr class=\"wp-block-separator has-alpha-channel-opacity\"\/>\n\n\n\n<p>SILVA, Renata Nogueira da. <strong>Irmandades Negras, Reconhecimento e Cidadania<\/strong>. Curitiba: Appris, 2016.<\/p>\n\n\n\n<hr class=\"wp-block-separator has-alpha-channel-opacity\"\/>\n\n\n\n<p><a href=\"https:\/\/www.associacaobaoba.com\/2%C2%AA-ed-ra%C3%ADzes-congadeiras\">2\u00aa Ed. RA\u00cdZES CONGADEIRAS | Baob\u00e1 (associacaobaoba.com)<\/a><br><\/p>\n\n\n\n<p><\/p>\n\n\n\n<p><\/p>\n","protected":false},"excerpt":{"rendered":"<p>Por: Nat\u00e1lia Batista Pe\u00e7anha HIST\u00d3RICO: Funda\u00e7\u00e3o: 2015. Fundadoras: Laci Lima e Aparecida Andreilda Morais de Lima. O Terno Marinheiro de Santa Luzia foi fundado em 2015, por membros do Terno Camisa Verde, como uma homenagem \u00e0 Santa Luzia, santa de devo\u00e7\u00e3o de Dona Laci, que junto com sua filha, Aparecida Andreilda, decidem fundar o Terno [&hellip;]<\/p>\n","protected":false},"author":2,"featured_media":0,"parent":0,"menu_order":0,"comment_status":"closed","ping_status":"closed","template":"","meta":{"_acf_changed":false,"footnotes":""},"class_list":["post-1438","page","type-page","status-publish","hentry"],"acf":[],"_links":{"self":[{"href":"https:\/\/mg.passadospresentes.com.br\/cidades-negras\/wp-json\/wp\/v2\/pages\/1438","targetHints":{"allow":["GET"]}}],"collection":[{"href":"https:\/\/mg.passadospresentes.com.br\/cidades-negras\/wp-json\/wp\/v2\/pages"}],"about":[{"href":"https:\/\/mg.passadospresentes.com.br\/cidades-negras\/wp-json\/wp\/v2\/types\/page"}],"author":[{"embeddable":true,"href":"https:\/\/mg.passadospresentes.com.br\/cidades-negras\/wp-json\/wp\/v2\/users\/2"}],"replies":[{"embeddable":true,"href":"https:\/\/mg.passadospresentes.com.br\/cidades-negras\/wp-json\/wp\/v2\/comments?post=1438"}],"version-history":[{"count":4,"href":"https:\/\/mg.passadospresentes.com.br\/cidades-negras\/wp-json\/wp\/v2\/pages\/1438\/revisions"}],"predecessor-version":[{"id":2146,"href":"https:\/\/mg.passadospresentes.com.br\/cidades-negras\/wp-json\/wp\/v2\/pages\/1438\/revisions\/2146"}],"wp:attachment":[{"href":"https:\/\/mg.passadospresentes.com.br\/cidades-negras\/wp-json\/wp\/v2\/media?parent=1438"}],"curies":[{"name":"wp","href":"https:\/\/api.w.org\/{rel}","templated":true}]}}

<p>Por: <a href="https://mg.passadospresentes.com.br/cidades-negras/participante/natalia-pecanha/">Natália Batista Peçanha</a></p>



<hr class="wp-block-separator has-alpha-channel-opacity"/>



<h4 class="wp-block-heading">HISTÓRICO:</h4>



<hr class="wp-block-separator has-alpha-channel-opacity"/>



<p>F<strong>undação: </strong>2015.</p>



<p><strong>Fundadoras</strong>: Laci Lima e Aparecida Andreilda Morais de Lima.</p>



<p>O Terno Marinheiro de Santa Luzia foi fundado em 2015, por membros do Terno Camisa Verde, como uma homenagem à Santa Luzia, santa de devoção de Dona Laci, que junto com sua filha, Aparecida Andreilda, decidem fundar o Terno Marinheiro de Santa Luzia, em 2015, em homenagem à Dona Luzia.&nbsp;</p>



<figure class="wp-block-image size-full is-resized"><img fetchpriority="high" decoding="async" width="409" height="524" src="https://mg.passadospresentes.com.br/cidades-negras/wp-content/uploads/sites/5/2025/09/image-14.png" alt="" class="wp-image-1440" style="width:482px;height:auto" srcset="https://mg.passadospresentes.com.br/cidades-negras/wp-content/uploads/sites/5/2025/09/image-14.png 409w, https://mg.passadospresentes.com.br/cidades-negras/wp-content/uploads/sites/5/2025/09/image-14-234x300.png 234w" sizes="(max-width: 409px) 100vw, 409px" /><figcaption class="wp-element-caption">Integrantes do Terno Marinheiro de Santa Luzia. Natália Batista Peçanha. S/d.</figcaption></figure>



<hr class="wp-block-separator has-alpha-channel-opacity"/>



<p><strong>Cor:  </strong>Azul bebê, vermelho, prata e branco.</p>



<hr class="wp-block-separator has-alpha-channel-opacity"/>



<p><strong>Significado: </strong>Azul bebê que se refere ao mar. O vermelho encarnado simboliza o sangue derramado dos antepassados e o sacrifício de Santa Luzia. O Prata que simboliza as estrelas que guiam os navegantes e conduziu os três reis magos e o branco que simboliza a paz. “Trazemos ainda na âncora na capa em todas as cores do terno simbolizando a chegada a um porto seguro”.  (entrevista com Aparecida Andreilda)<br></p>



<hr class="wp-block-separator has-alpha-channel-opacity"/>



<p><strong>Matriarca:</strong> Laci Aparecida Lima</p>



<hr class="wp-block-separator has-alpha-channel-opacity"/>



<p><strong>Quartel: </strong>Rua Saul Ribeiro de Assis | Setor Norte </p>



<hr class="wp-block-separator has-alpha-channel-opacity"/>



<h4 class="wp-block-heading">REFERÊNCIAS:</h4>



<hr class="wp-block-separator has-alpha-channel-opacity"/>



<p>RAFAEL, Luana Regina Mendes. PORTUGUEZ, Anderson Pereira.<strong> Ritmos e cores do catolismo negro em ituiutaba</strong>: as terriorialidades da Festa de Congada entre 1950 e o tempo presente. Ituiutaba: Barlavento, 2019.</p>



<hr class="wp-block-separator has-alpha-channel-opacity"/>



<p>SILVA, Renata Nogueira da. <strong>Irmandades Negras, Reconhecimento e Cidadania</strong>. Curitiba: Appris, 2016.</p>



<hr class="wp-block-separator has-alpha-channel-opacity"/>



<p><a href="https://www.associacaobaoba.com/2%C2%AA-ed-ra%C3%ADzes-congadeiras">2ª Ed. RAÍZES CONGADEIRAS | Baobá (associacaobaoba.com)</a><br></p>



<p></p>



<p></p>

<p>Por: Natália Batista Peçanha HISTÓRICO: Fundação: 2015. Fundadoras: Laci Lima e Aparecida Andreilda Morais de Lima. O Terno Marinheiro de Santa Luzia foi fundado em 2015, por membros do Terno Camisa Verde, como uma homenagem à Santa Luzia, santa de devoção de Dona Laci, que junto com sua filha, Aparecida Andreilda, decidem fundar o Terno [&hellip;]</p>
