{"id":1430,"date":"2025-09-25T00:51:42","date_gmt":"2025-09-25T03:51:42","guid":{"rendered":"https:\/\/mg.passadospresentes.com.br\/cidades-negras\/?page_id=1430"},"modified":"2026-02-16T09:41:18","modified_gmt":"2026-02-16T12:41:18","slug":"verbete-congo-da-libertacao","status":"publish","type":"page","link":"https:\/\/mg.passadospresentes.com.br\/cidades-negras\/verbete-congo-da-libertacao\/","title":{"rendered":"Verbete: Terno Congo da Liberta\u00e7\u00e3o"},"content":{"rendered":"\n<p>Por: <a href=\"https:\/\/mg.passadospresentes.com.br\/cidades-negras\/participante\/natalia-pecanha\/\">Nat\u00e1lia Batista Pe\u00e7anha<\/a><\/p>\n\n\n\n<hr class=\"wp-block-separator has-alpha-channel-opacity\"\/>\n\n\n\n<h4 class=\"wp-block-heading\">HIST\u00d3RICO:<\/h4>\n\n\n\n<hr class=\"wp-block-separator has-alpha-channel-opacity\"\/>\n\n\n\n<p><strong>Funda\u00e7\u00e3o:<\/strong> 2004<\/p>\n\n\n\n<p><strong>Fundadoras:<\/strong> Cl\u00e1udia Luiza da Silva e Leamar C\u00e2ndido.&nbsp;<\/p>\n\n\n\n<p>Assim como muitos ternos, o Congo da Liberta\u00e7\u00e3o \u00e9 um terno de origem familiar, tendo como distin\u00e7\u00e3o sua matriz religiosa, a Umbanda. Ele foi fundado com \u201ca orienta\u00e7\u00e3o das Guias Espirituais Maria Conga e Preto Velho, que se comunicaram por meio dos m\u00e9diuns Cl\u00e1udia Luiza da Silva (sobrinha de Dona Aparecida) e Leamar C\u00e2ndido (filha de Dona Aparecida) de criar um terno de Congo com o intuito de unir e Libertar sua fam\u00edlia de todo o mal que a segue h\u00e1 d\u00e9cadas\u201d (ABR\u00c3O, 2017). Os Guias Espirituais foram respons\u00e1veis, inclusive pelas cores do ternos dos capit\u00e3es.<\/p>\n\n\n\n<p>Segundo Abr\u00e3o (2017) o \u201cnome Liberta\u00e7\u00e3o foi escolhido para representar a liberta\u00e7\u00e3o dos antepassados de seus pecados, dos trabalhos feitos por terceiros para prejudic\u00e1-los. Essa mesma for\u00e7a espiritual determinou as cores do terno, cores essas constitu\u00eddas a partir da cor s\u00edmbolo das divindades que regem a fam\u00edlia.\u201d.&nbsp;<\/p>\n\n\n\n<figure class=\"wp-block-image size-full is-resized\"><img fetchpriority=\"high\" decoding=\"async\" width=\"355\" height=\"476\" src=\"https:\/\/mg.passadospresentes.com.br\/cidades-negras\/wp-content\/uploads\/sites\/5\/2025\/09\/image-13.png\" alt=\"\" class=\"wp-image-1431\" style=\"aspect-ratio:0.7458207126176328;width:536px;height:auto\" srcset=\"https:\/\/mg.passadospresentes.com.br\/cidades-negras\/wp-content\/uploads\/sites\/5\/2025\/09\/image-13.png 355w, https:\/\/mg.passadospresentes.com.br\/cidades-negras\/wp-content\/uploads\/sites\/5\/2025\/09\/image-13-224x300.png 224w\" sizes=\"(max-width: 355px) 100vw, 355px\" \/><figcaption class=\"wp-element-caption\">Integrantes do Congo da Liberta\u00e7\u00e3o. Ant\u00f4nio de Oliveira J\u00fanior. Ituiutaba. S\/d.<\/figcaption><\/figure>\n\n\n\n<hr class=\"wp-block-separator has-alpha-channel-opacity\"\/>\n\n\n\n<p><strong>Cor: <\/strong>Azul e branco.<\/p>\n\n\n\n<hr class=\"wp-block-separator has-alpha-channel-opacity\"\/>\n\n\n\n<p><strong>Significado: <\/strong>Azul &#8211; Divino Esp\u00edrito Santo e o branco &#8211; S\u00e3o Benedito.\u00a0<\/p>\n\n\n\n<hr class=\"wp-block-separator has-alpha-channel-opacity\"\/>\n\n\n\n<p><strong>Quartel: <\/strong>Novo Tempo II, Ituiutaba\/MG<\/p>\n\n\n\n<hr class=\"wp-block-separator has-alpha-channel-opacity\"\/>\n\n\n\n<p><strong>Matriarca: <\/strong>Claudia Luiza da Silva Almeida<\/p>\n\n\n\n<hr class=\"wp-block-separator has-alpha-channel-opacity\"\/>\n\n\n\n<h4 class=\"wp-block-heading\">REFER\u00caNCIAS:<\/h4>\n\n\n\n<hr class=\"wp-block-separator has-alpha-channel-opacity\"\/>\n\n\n\n<p>ABR\u00c3O, Maysa. \u201c<strong>Cultura, Identidade e Religiosidade<\/strong>: O Congado da cidade de Ituiutaba \u2013 MG por Fernanda Domingos Naves \u2013 Maysa Abr\u00e3o\u201d. <em>Maysa Abr\u00e3o &#8211; Blog da Maysa Abr\u00e3o<\/em> , 28 de abril de 2017. Dispon\u00edvel em: https:\/\/www.maysabrao.com.br\/cultura-identidade-e-religiosidade-o-congado-da-cidade-de-ituiutaba-mg-por- fernanda-domingos-naves\/. Acessado em 12 maio 2023.<\/p>\n\n\n\n<hr class=\"wp-block-separator has-alpha-channel-opacity\"\/>\n\n\n\n<p>RAFAEL, Luana Regina Mendes. <strong>Os Festejos De S\u00e3o Benedito em Ituiutaba<\/strong>: uma janela em movimento. Trabalho de Conclus\u00e3o de Curso. (Gradua\u00e7\u00e3o) &#8211; Curso de Bacharelado em Hist\u00f3ria, Universidade Federal de Uberl\u00e2ndia. 2014.<\/p>\n\n\n\n<hr class=\"wp-block-separator has-alpha-channel-opacity\"\/>\n\n\n\n<p>_____ e PORTUGUEZ, Anderson Pereira.<strong> Ritmos e cores do catolicismo negro em Ituiutaba<\/strong>: as territorialidades da Festa de Congada entre 1950 e o tempo presente. Ituiutaba: Barlavento, 2019.<\/p>\n\n\n\n<hr class=\"wp-block-separator has-alpha-channel-opacity\"\/>\n\n\n\n<p>SILVA, Renata Nogueira da. <strong>Irmandades Negras, Reconhecimento e Cidadania.<\/strong> Curitiba: Appris, 2016.<\/p>\n\n\n\n<p><\/p>\n\n\n\n<p><br><\/p>\n\n\n\n<p><\/p>\n\n\n\n<p><br><\/p>\n\n\n\n<p><\/p>\n","protected":false},"excerpt":{"rendered":"<p>Por: Nat\u00e1lia Batista Pe\u00e7anha HIST\u00d3RICO: Funda\u00e7\u00e3o: 2004 Fundadoras: Cl\u00e1udia Luiza da Silva e Leamar C\u00e2ndido.&nbsp; Assim como muitos ternos, o Congo da Liberta\u00e7\u00e3o \u00e9 um terno de origem familiar, tendo como distin\u00e7\u00e3o sua matriz religiosa, a Umbanda. Ele foi fundado com \u201ca orienta\u00e7\u00e3o das Guias Espirituais Maria Conga e Preto Velho, que se comunicaram por [&hellip;]<\/p>\n","protected":false},"author":2,"featured_media":0,"parent":0,"menu_order":0,"comment_status":"closed","ping_status":"closed","template":"","meta":{"_acf_changed":false,"footnotes":""},"class_list":["post-1430","page","type-page","status-publish","hentry"],"acf":[],"_links":{"self":[{"href":"https:\/\/mg.passadospresentes.com.br\/cidades-negras\/wp-json\/wp\/v2\/pages\/1430","targetHints":{"allow":["GET"]}}],"collection":[{"href":"https:\/\/mg.passadospresentes.com.br\/cidades-negras\/wp-json\/wp\/v2\/pages"}],"about":[{"href":"https:\/\/mg.passadospresentes.com.br\/cidades-negras\/wp-json\/wp\/v2\/types\/page"}],"author":[{"embeddable":true,"href":"https:\/\/mg.passadospresentes.com.br\/cidades-negras\/wp-json\/wp\/v2\/users\/2"}],"replies":[{"embeddable":true,"href":"https:\/\/mg.passadospresentes.com.br\/cidades-negras\/wp-json\/wp\/v2\/comments?post=1430"}],"version-history":[{"count":5,"href":"https:\/\/mg.passadospresentes.com.br\/cidades-negras\/wp-json\/wp\/v2\/pages\/1430\/revisions"}],"predecessor-version":[{"id":2138,"href":"https:\/\/mg.passadospresentes.com.br\/cidades-negras\/wp-json\/wp\/v2\/pages\/1430\/revisions\/2138"}],"wp:attachment":[{"href":"https:\/\/mg.passadospresentes.com.br\/cidades-negras\/wp-json\/wp\/v2\/media?parent=1430"}],"curies":[{"name":"wp","href":"https:\/\/api.w.org\/{rel}","templated":true}]}}

Verbete: Terno Congo da Libertação

<p>Por: <a href="https://mg.passadospresentes.com.br/cidades-negras/participante/natalia-pecanha/">Natália Batista Peçanha</a></p>



<hr class="wp-block-separator has-alpha-channel-opacity"/>



<h4 class="wp-block-heading">HISTÓRICO:</h4>



<hr class="wp-block-separator has-alpha-channel-opacity"/>



<p><strong>Fundação:</strong> 2004</p>



<p><strong>Fundadoras:</strong> Cláudia Luiza da Silva e Leamar Cândido.&nbsp;</p>



<p>Assim como muitos ternos, o Congo da Libertação é um terno de origem familiar, tendo como distinção sua matriz religiosa, a Umbanda. Ele foi fundado com “a orientação das Guias Espirituais Maria Conga e Preto Velho, que se comunicaram por meio dos médiuns Cláudia Luiza da Silva (sobrinha de Dona Aparecida) e Leamar Cândido (filha de Dona Aparecida) de criar um terno de Congo com o intuito de unir e Libertar sua família de todo o mal que a segue há décadas” (ABRÃO, 2017). Os Guias Espirituais foram responsáveis, inclusive pelas cores do ternos dos capitães.</p>



<p>Segundo Abrão (2017) o “nome Libertação foi escolhido para representar a libertação dos antepassados de seus pecados, dos trabalhos feitos por terceiros para prejudicá-los. Essa mesma força espiritual determinou as cores do terno, cores essas constituídas a partir da cor símbolo das divindades que regem a família.”.&nbsp;</p>



<figure class="wp-block-image size-full is-resized"><img fetchpriority="high" decoding="async" width="355" height="476" src="https://mg.passadospresentes.com.br/cidades-negras/wp-content/uploads/sites/5/2025/09/image-13.png" alt="" class="wp-image-1431" style="aspect-ratio:0.7458207126176328;width:536px;height:auto" srcset="https://mg.passadospresentes.com.br/cidades-negras/wp-content/uploads/sites/5/2025/09/image-13.png 355w, https://mg.passadospresentes.com.br/cidades-negras/wp-content/uploads/sites/5/2025/09/image-13-224x300.png 224w" sizes="(max-width: 355px) 100vw, 355px" /><figcaption class="wp-element-caption">Integrantes do Congo da Libertação. Antônio de Oliveira Júnior. Ituiutaba. S/d.</figcaption></figure>



<hr class="wp-block-separator has-alpha-channel-opacity"/>



<p><strong>Cor: </strong>Azul e branco.</p>



<hr class="wp-block-separator has-alpha-channel-opacity"/>



<p><strong>Significado: </strong>Azul &#8211; Divino Espírito Santo e o branco &#8211; São Benedito. </p>



<hr class="wp-block-separator has-alpha-channel-opacity"/>



<p><strong>Quartel: </strong>Novo Tempo II, Ituiutaba/MG</p>



<hr class="wp-block-separator has-alpha-channel-opacity"/>



<p><strong>Matriarca: </strong>Claudia Luiza da Silva Almeida</p>



<hr class="wp-block-separator has-alpha-channel-opacity"/>



<h4 class="wp-block-heading">REFERÊNCIAS:</h4>



<hr class="wp-block-separator has-alpha-channel-opacity"/>



<p>ABRÃO, Maysa. “<strong>Cultura, Identidade e Religiosidade</strong>: O Congado da cidade de Ituiutaba – MG por Fernanda Domingos Naves – Maysa Abrão”. <em>Maysa Abrão &#8211; Blog da Maysa Abrão</em> , 28 de abril de 2017. Disponível em: https://www.maysabrao.com.br/cultura-identidade-e-religiosidade-o-congado-da-cidade-de-ituiutaba-mg-por- fernanda-domingos-naves/. Acessado em 12 maio 2023.</p>



<hr class="wp-block-separator has-alpha-channel-opacity"/>



<p>RAFAEL, Luana Regina Mendes. <strong>Os Festejos De São Benedito em Ituiutaba</strong>: uma janela em movimento. Trabalho de Conclusão de Curso. (Graduação) &#8211; Curso de Bacharelado em História, Universidade Federal de Uberlândia. 2014.</p>



<hr class="wp-block-separator has-alpha-channel-opacity"/>



<p>_____ e PORTUGUEZ, Anderson Pereira.<strong> Ritmos e cores do catolicismo negro em Ituiutaba</strong>: as territorialidades da Festa de Congada entre 1950 e o tempo presente. Ituiutaba: Barlavento, 2019.</p>



<hr class="wp-block-separator has-alpha-channel-opacity"/>



<p>SILVA, Renata Nogueira da. <strong>Irmandades Negras, Reconhecimento e Cidadania.</strong> Curitiba: Appris, 2016.</p>



<p></p>



<p><br></p>



<p></p>



<p><br></p>



<p></p>

<p>Por: Natália Batista Peçanha HISTÓRICO: Fundação: 2004 Fundadoras: Cláudia Luiza da Silva e Leamar Cândido.&nbsp; Assim como muitos ternos, o Congo da Libertação é um terno de origem familiar, tendo como distinção sua matriz religiosa, a Umbanda. Ele foi fundado com “a orientação das Guias Espirituais Maria Conga e Preto Velho, que se comunicaram por [&hellip;]</p>
