{"id":1420,"date":"2025-09-24T17:14:44","date_gmt":"2025-09-24T20:14:44","guid":{"rendered":"https:\/\/mg.passadospresentes.com.br\/cidades-negras\/?page_id=1420"},"modified":"2026-02-15T09:29:20","modified_gmt":"2026-02-15T12:29:20","slug":"verbete-terno-lua-branca","status":"publish","type":"page","link":"https:\/\/mg.passadospresentes.com.br\/cidades-negras\/verbete-terno-lua-branca\/","title":{"rendered":"Verbete: Terno de Mo\u00e7ambique Lua Branca"},"content":{"rendered":"\n<p>Por:<a href=\"https:\/\/mg.passadospresentes.com.br\/cidades-negras\/participante\/natalia-pecanha\/\">&nbsp;Nat\u00e1lia Batista Pe\u00e7anha<\/a><\/p>\n\n\n\n<hr class=\"wp-block-separator has-alpha-channel-opacity\"\/>\n\n\n\n<h4 class=\"wp-block-heading\">HIST\u00d3RICO:<\/h4>\n\n\n\n<hr class=\"wp-block-separator has-alpha-channel-opacity\"\/>\n\n\n\n<p><strong>Funda\u00e7\u00e3o: <\/strong>1990<\/p>\n\n\n\n<p><strong>Fundadores<\/strong>: Nilo Geraldo da Silva, Maria Orminda da Silva \u2013 \u201cDona Maria\u201d,&nbsp; Senhora Domingues Martins \u2013 \u201cDona Senhorinha\u201d e Cl\u00e1udio Martins.<\/p>\n\n\n\n<p>O terno Lua Branca foi fundado em maio de 1990 pelo Senhor Nilo Geraldo da Silva e sua esposa Maria Orminda da Silva, conhecida como Dona Maria; pela Senhora Domingues Martins, chamada de Dona Senhorinha; e o seu filho Cl\u00e1udio Domingos Martins. O nome &#8220;Lua Branca&#8221; foi escolhido pelo primeiro capit\u00e3o, Cl\u00e1udio Martins, devido \u00e0 sua profunda admira\u00e7\u00e3o pelo brilho dos astros, com destaque especial para a Lua. Nas palavras do capit\u00e3o, &#8220;o terno de Mo\u00e7ambique Lua Branca foi concebido para irradiar brilho e luz&#8221;.&nbsp; (ABR\u00c3O, 2017)<\/p>\n\n\n\n<figure class=\"wp-block-image size-full is-resized\"><img fetchpriority=\"high\" decoding=\"async\" width=\"397\" height=\"486\" src=\"https:\/\/mg.passadospresentes.com.br\/cidades-negras\/wp-content\/uploads\/sites\/5\/2026\/02\/image-10.png\" alt=\"\" class=\"wp-image-2126\" style=\"aspect-ratio:0.8169170840289371;width:337px;height:auto\" srcset=\"https:\/\/mg.passadospresentes.com.br\/cidades-negras\/wp-content\/uploads\/sites\/5\/2026\/02\/image-10.png 397w, https:\/\/mg.passadospresentes.com.br\/cidades-negras\/wp-content\/uploads\/sites\/5\/2026\/02\/image-10-245x300.png 245w\" sizes=\"(max-width: 397px) 100vw, 397px\" \/><figcaption class=\"wp-element-caption\">Integrantes do Terno de Mo\u00e7ambique Lua Branca. Nat\u00e1lia Batista Pe\u00e7anha. Ituiutaba. S\/d. <\/figcaption><\/figure>\n\n\n\n<hr class=\"wp-block-separator has-alpha-channel-opacity\"\/>\n\n\n\n<p><strong>Cor: <\/strong>Branco e verde.<\/p>\n\n\n\n<hr class=\"wp-block-separator has-alpha-channel-opacity\"\/>\n\n\n\n<p><strong>Significado: <\/strong>Branco &#8211; brilho da Lua;&nbsp; verde &#8211; esperan\u00e7a.<\/p>\n\n\n\n<hr class=\"wp-block-separator has-alpha-channel-opacity\"\/>\n\n\n\n<p><strong>Quartel: <\/strong>R. Santa Catarina \u2013 Camargo, Ituiutaba\/MG<\/p>\n\n\n\n<hr class=\"wp-block-separator has-alpha-channel-opacity\"\/>\n\n\n\n<p><strong>Matriarca: <\/strong>Aparecida.<\/p>\n\n\n\n<hr class=\"wp-block-separator has-alpha-channel-opacity\"\/>\n\n\n\n<h4 class=\"wp-block-heading\">REFER\u00caNCIAS:<\/h4>\n\n\n\n<hr class=\"wp-block-separator has-alpha-channel-opacity\"\/>\n\n\n\n<p>ABR\u00c3O, Maysa. \u201c<strong>Cultura, Identidade e Religiosidade<\/strong>: O Congado da cidade de Ituiutaba \u2013 MG por Fernanda Domingos Naves \u2013 Maysa Abr\u00e3o\u201d. <em>Maysa Abr\u00e3o &#8211; Blog da Maysa Abr\u00e3o<\/em> , 28 de abril de 2017. Dispon\u00edvel em: https:\/\/www.maysabrao.com.br\/cultura-identidade-e-religiosidade-o-congado-da-cidade-de-ituiutaba-mg-por- fernanda-domingos-naves\/. Acessado em 12 maio 2023.<\/p>\n\n\n\n<hr class=\"wp-block-separator has-alpha-channel-opacity\"\/>\n\n\n\n<p>RAFAEL, Luana Regina Mendes. <strong>Os Festejos de S\u00e3o Benedito em Ituiutaba: <\/strong>uma janela em movimento. Trabalho de Conclus\u00e3o de Curso. (Gradua\u00e7\u00e3o) &#8211; Curso de Bacharelado em Hist\u00f3ria, Universidade Federal de Uberl\u00e2ndia. 2014.<\/p>\n\n\n\n<hr class=\"wp-block-separator has-alpha-channel-opacity\"\/>\n\n\n\n<p>RAFAEL, Luana Regina Mendes. PORTUGUEZ, Anderson Pereira.<strong> Ritmos e cores do catolicismo negro em Ituiutaba<\/strong>: as terriorialidades da Festa de Congada entre 1950 e o tempo presente. Ituiutaba: Barlavento, 2019.<\/p>\n\n\n\n<hr class=\"wp-block-separator has-alpha-channel-opacity\"\/>\n\n\n\n<p>SILVA, Renata Nogueira da.<strong> Irmandades Negras, Reconhecimento e Cidadania<\/strong>. Curitiba: Appris, 2016.<\/p>\n\n\n\n<p><\/p>\n","protected":false},"excerpt":{"rendered":"<p>Por:&nbsp;Nat\u00e1lia Batista Pe\u00e7anha HIST\u00d3RICO: Funda\u00e7\u00e3o: 1990 Fundadores: Nilo Geraldo da Silva, Maria Orminda da Silva \u2013 \u201cDona Maria\u201d,&nbsp; Senhora Domingues Martins \u2013 \u201cDona Senhorinha\u201d e Cl\u00e1udio Martins. O terno Lua Branca foi fundado em maio de 1990 pelo Senhor Nilo Geraldo da Silva e sua esposa Maria Orminda da Silva, conhecida como Dona Maria; pela [&hellip;]<\/p>\n","protected":false},"author":2,"featured_media":0,"parent":0,"menu_order":0,"comment_status":"closed","ping_status":"closed","template":"","meta":{"_acf_changed":false,"footnotes":""},"class_list":["post-1420","page","type-page","status-publish","hentry"],"acf":[],"_links":{"self":[{"href":"https:\/\/mg.passadospresentes.com.br\/cidades-negras\/wp-json\/wp\/v2\/pages\/1420","targetHints":{"allow":["GET"]}}],"collection":[{"href":"https:\/\/mg.passadospresentes.com.br\/cidades-negras\/wp-json\/wp\/v2\/pages"}],"about":[{"href":"https:\/\/mg.passadospresentes.com.br\/cidades-negras\/wp-json\/wp\/v2\/types\/page"}],"author":[{"embeddable":true,"href":"https:\/\/mg.passadospresentes.com.br\/cidades-negras\/wp-json\/wp\/v2\/users\/2"}],"replies":[{"embeddable":true,"href":"https:\/\/mg.passadospresentes.com.br\/cidades-negras\/wp-json\/wp\/v2\/comments?post=1420"}],"version-history":[{"count":4,"href":"https:\/\/mg.passadospresentes.com.br\/cidades-negras\/wp-json\/wp\/v2\/pages\/1420\/revisions"}],"predecessor-version":[{"id":2127,"href":"https:\/\/mg.passadospresentes.com.br\/cidades-negras\/wp-json\/wp\/v2\/pages\/1420\/revisions\/2127"}],"wp:attachment":[{"href":"https:\/\/mg.passadospresentes.com.br\/cidades-negras\/wp-json\/wp\/v2\/media?parent=1420"}],"curies":[{"name":"wp","href":"https:\/\/api.w.org\/{rel}","templated":true}]}}

Verbete: Terno de Moçambique Lua Branca

<p>Por:<a href="https://mg.passadospresentes.com.br/cidades-negras/participante/natalia-pecanha/">&nbsp;Natália Batista Peçanha</a></p>



<hr class="wp-block-separator has-alpha-channel-opacity"/>



<h4 class="wp-block-heading">HISTÓRICO:</h4>



<hr class="wp-block-separator has-alpha-channel-opacity"/>



<p><strong>Fundação: </strong>1990</p>



<p><strong>Fundadores</strong>: Nilo Geraldo da Silva, Maria Orminda da Silva – “Dona Maria”,&nbsp; Senhora Domingues Martins – “Dona Senhorinha” e Cláudio Martins.</p>



<p>O terno Lua Branca foi fundado em maio de 1990 pelo Senhor Nilo Geraldo da Silva e sua esposa Maria Orminda da Silva, conhecida como Dona Maria; pela Senhora Domingues Martins, chamada de Dona Senhorinha; e o seu filho Cláudio Domingos Martins. O nome &#8220;Lua Branca&#8221; foi escolhido pelo primeiro capitão, Cláudio Martins, devido à sua profunda admiração pelo brilho dos astros, com destaque especial para a Lua. Nas palavras do capitão, &#8220;o terno de Moçambique Lua Branca foi concebido para irradiar brilho e luz&#8221;.&nbsp; (ABRÃO, 2017)</p>



<figure class="wp-block-image size-full is-resized"><img fetchpriority="high" decoding="async" width="397" height="486" src="https://mg.passadospresentes.com.br/cidades-negras/wp-content/uploads/sites/5/2026/02/image-10.png" alt="" class="wp-image-2126" style="aspect-ratio:0.8169170840289371;width:337px;height:auto" srcset="https://mg.passadospresentes.com.br/cidades-negras/wp-content/uploads/sites/5/2026/02/image-10.png 397w, https://mg.passadospresentes.com.br/cidades-negras/wp-content/uploads/sites/5/2026/02/image-10-245x300.png 245w" sizes="(max-width: 397px) 100vw, 397px" /><figcaption class="wp-element-caption">Integrantes do Terno de Moçambique Lua Branca. Natália Batista Peçanha. Ituiutaba. S/d. </figcaption></figure>



<hr class="wp-block-separator has-alpha-channel-opacity"/>



<p><strong>Cor: </strong>Branco e verde.</p>



<hr class="wp-block-separator has-alpha-channel-opacity"/>



<p><strong>Significado: </strong>Branco &#8211; brilho da Lua;&nbsp; verde &#8211; esperança.</p>



<hr class="wp-block-separator has-alpha-channel-opacity"/>



<p><strong>Quartel: </strong>R. Santa Catarina – Camargo, Ituiutaba/MG</p>



<hr class="wp-block-separator has-alpha-channel-opacity"/>



<p><strong>Matriarca: </strong>Aparecida.</p>



<hr class="wp-block-separator has-alpha-channel-opacity"/>



<h4 class="wp-block-heading">REFERÊNCIAS:</h4>



<hr class="wp-block-separator has-alpha-channel-opacity"/>



<p>ABRÃO, Maysa. “<strong>Cultura, Identidade e Religiosidade</strong>: O Congado da cidade de Ituiutaba – MG por Fernanda Domingos Naves – Maysa Abrão”. <em>Maysa Abrão &#8211; Blog da Maysa Abrão</em> , 28 de abril de 2017. Disponível em: https://www.maysabrao.com.br/cultura-identidade-e-religiosidade-o-congado-da-cidade-de-ituiutaba-mg-por- fernanda-domingos-naves/. Acessado em 12 maio 2023.</p>



<hr class="wp-block-separator has-alpha-channel-opacity"/>



<p>RAFAEL, Luana Regina Mendes. <strong>Os Festejos de São Benedito em Ituiutaba: </strong>uma janela em movimento. Trabalho de Conclusão de Curso. (Graduação) &#8211; Curso de Bacharelado em História, Universidade Federal de Uberlândia. 2014.</p>



<hr class="wp-block-separator has-alpha-channel-opacity"/>



<p>RAFAEL, Luana Regina Mendes. PORTUGUEZ, Anderson Pereira.<strong> Ritmos e cores do catolicismo negro em Ituiutaba</strong>: as terriorialidades da Festa de Congada entre 1950 e o tempo presente. Ituiutaba: Barlavento, 2019.</p>



<hr class="wp-block-separator has-alpha-channel-opacity"/>



<p>SILVA, Renata Nogueira da.<strong> Irmandades Negras, Reconhecimento e Cidadania</strong>. Curitiba: Appris, 2016.</p>



<p></p>

<p>Por:&nbsp;Natália Batista Peçanha HISTÓRICO: Fundação: 1990 Fundadores: Nilo Geraldo da Silva, Maria Orminda da Silva – “Dona Maria”,&nbsp; Senhora Domingues Martins – “Dona Senhorinha” e Cláudio Martins. O terno Lua Branca foi fundado em maio de 1990 pelo Senhor Nilo Geraldo da Silva e sua esposa Maria Orminda da Silva, conhecida como Dona Maria; pela [&hellip;]</p>
