{"id":1414,"date":"2025-09-22T23:40:00","date_gmt":"2025-09-23T02:40:00","guid":{"rendered":"https:\/\/mg.passadospresentes.com.br\/cidades-negras\/?page_id=1414"},"modified":"2026-02-15T10:02:33","modified_gmt":"2026-02-15T13:02:33","slug":"terno-de-mocambique-aguia-branca","status":"publish","type":"page","link":"https:\/\/mg.passadospresentes.com.br\/cidades-negras\/terno-de-mocambique-aguia-branca\/","title":{"rendered":"Verbete: Terno de Mo\u00e7ambique \u00c1guia Branca"},"content":{"rendered":"\n<p>Por: <a href=\"https:\/\/mg.passadospresentes.com.br\/cidades-negras\/participante\/natalia-pecanha\/\">Nat\u00e1lia Batista Pe\u00e7anha<\/a><\/p>\n\n\n\n<hr class=\"wp-block-separator has-alpha-channel-opacity\"\/>\n\n\n\n<h4 class=\"wp-block-heading\">HIST\u00d3RICO:<\/h4>\n\n\n\n<hr class=\"wp-block-separator has-alpha-channel-opacity\"\/>\n\n\n\n<p><strong>Funda\u00e7\u00e3o<\/strong>: 1994<\/p>\n\n\n\n<p><strong>Fundadores: <\/strong>Maur\u00edcio Prud\u00eancio de Souza, Maur\u00edlio do Nascimento de Souza (Nilo), Eur\u00edpedes Francisco Pereira (Pipa) e Ros\u00e1ria Esperan\u00e7a de Souza. Conselheiro Fundador: Sr. Agenor Prud\u00eancio do Nascimento<\/p>\n\n\n\n<p>O Terno de Mo\u00e7ambique \u00c1guia Branca foi fundado em 1994, pelos irm\u00e3os Maur\u00edcio Prud\u00eancio de Souza (falecido), Maur\u00edlio do Nascimento de Souza (Nilo) e Eur\u00edpedes Francisco Pereira (Pipa) que com apoio de sua m\u00e3e, Ros\u00e1ria Esperan\u00e7a de Souza, realizaram um tributo ao seu av\u00f4, o senhor Agenor Prud\u00eancio do Nascimento, demonstrando a origem familiar do terno, o que caracteriza a maioria deles.<\/p>\n\n\n\n<p>O nome do terno, de acordo com o capit\u00e3o Maur\u00edlio, tem ra\u00edzes na devo\u00e7\u00e3o ao Orix\u00e1 Caboclo \u00c1guia Branca. (RAFAEL e PORTUGUEZ, 2019: 107-108; ABR\u00c3O, 2017)<\/p>\n\n\n\n<figure class=\"wp-block-image size-full is-resized\"><img fetchpriority=\"high\" decoding=\"async\" width=\"257\" height=\"338\" src=\"https:\/\/mg.passadospresentes.com.br\/cidades-negras\/wp-content\/uploads\/sites\/5\/2025\/09\/image-9.png\" alt=\"\" class=\"wp-image-1415\" style=\"aspect-ratio:0.760378408458542;width:478px;height:auto\" srcset=\"https:\/\/mg.passadospresentes.com.br\/cidades-negras\/wp-content\/uploads\/sites\/5\/2025\/09\/image-9.png 257w, https:\/\/mg.passadospresentes.com.br\/cidades-negras\/wp-content\/uploads\/sites\/5\/2025\/09\/image-9-228x300.png 228w\" sizes=\"(max-width: 257px) 100vw, 257px\" \/><figcaption class=\"wp-element-caption\">Integrante com o estantarte do Terno Mo\u00e7ambique \u00c1guia Branca. Ituiutaba. Cr\u00e9dito: Ant\u00f4nio de Oliveira J\u00fanior, 2023.<br><\/figcaption><\/figure>\n\n\n\n<hr class=\"wp-block-separator has-alpha-channel-opacity\"\/>\n\n\n\n<p><strong>Cor: <\/strong>Azul, branco e rosa.<\/p>\n\n\n\n<hr class=\"wp-block-separator has-alpha-channel-opacity\"\/>\n\n\n\n<p><strong>Quartel: <\/strong>Rua Saul Ribeiro de Assis \u2013 Setor Norte, Ituuiutaba\/MG.<\/p>\n\n\n\n<hr class=\"wp-block-separator has-alpha-channel-opacity\"\/>\n\n\n\n<p><strong>REFER\u00caNCIAS:<\/strong><\/p>\n\n\n\n<hr class=\"wp-block-separator has-alpha-channel-opacity\"\/>\n\n\n\n<p>Abr\u00e3o, Maysa. \u201c<strong>Cultura, Identidade e Religiosidade<\/strong>: <strong>O Congado da cidade de Ituiutaba \u2013 MG<\/strong> por Fernanda Domingos Naves \u2013 Maysa Abr\u00e3o\u201d. <em>Maysa Abr\u00e3o &#8211; Blog da Maysa Abr\u00e3o<\/em> , 28 de abril de 2017, disponivel em: https:\/\/www.maysabrao.com.br\/cultura-identidade-e-religiosidade-o-congado-da-cidade-de-ituiutaba-mg-por- fernanda-domingos-naves\/. acesso em 12 maio 2023.<\/p>\n\n\n\n<hr class=\"wp-block-separator has-alpha-channel-opacity\"\/>\n\n\n\n<p>RAFAEL, Luana Regina Mendes. <strong>Os Festejos De S\u00e3o Benedito em Ituiutaba<\/strong>: uma janela em movimento. Trabalho de Conclus\u00e3o de Curso. (Gradua\u00e7\u00e3o) &#8211; Curso de Bacharelado em Hist\u00f3ria, Universidade Federal de Uberl\u00e2ndia. 2014.<\/p>\n\n\n\n<hr class=\"wp-block-separator has-alpha-channel-opacity\"\/>\n\n\n\n<p>RAFAEL, Luana Regina Mendes. PORTUGUEZ, Anderson Pereira. <strong>Ritmos e cores do catolismo negro em Ituiutaba<\/strong>: <strong>as terriorialidades da Festa de Congada entre 1950 e o tempo presente<\/strong>. Ituiutaba: Barlavento, 2019.<\/p>\n\n\n\n<hr class=\"wp-block-separator has-alpha-channel-opacity\"\/>\n\n\n\n<p>SILVA, Renata Nogueira da. <strong>Irmandades Negras, Reconhecimento e Cidadania<\/strong>. Curitiba: Appris, 2016.<\/p>\n\n\n\n<p><\/p>\n","protected":false},"excerpt":{"rendered":"<p>Por: Nat\u00e1lia Batista Pe\u00e7anha HIST\u00d3RICO: Funda\u00e7\u00e3o: 1994 Fundadores: Maur\u00edcio Prud\u00eancio de Souza, Maur\u00edlio do Nascimento de Souza (Nilo), Eur\u00edpedes Francisco Pereira (Pipa) e Ros\u00e1ria Esperan\u00e7a de Souza. Conselheiro Fundador: Sr. Agenor Prud\u00eancio do Nascimento O Terno de Mo\u00e7ambique \u00c1guia Branca foi fundado em 1994, pelos irm\u00e3os Maur\u00edcio Prud\u00eancio de Souza (falecido), Maur\u00edlio do Nascimento de [&hellip;]<\/p>\n","protected":false},"author":2,"featured_media":0,"parent":0,"menu_order":0,"comment_status":"closed","ping_status":"closed","template":"","meta":{"_acf_changed":false,"footnotes":""},"class_list":["post-1414","page","type-page","status-publish","hentry"],"acf":[],"_links":{"self":[{"href":"https:\/\/mg.passadospresentes.com.br\/cidades-negras\/wp-json\/wp\/v2\/pages\/1414","targetHints":{"allow":["GET"]}}],"collection":[{"href":"https:\/\/mg.passadospresentes.com.br\/cidades-negras\/wp-json\/wp\/v2\/pages"}],"about":[{"href":"https:\/\/mg.passadospresentes.com.br\/cidades-negras\/wp-json\/wp\/v2\/types\/page"}],"author":[{"embeddable":true,"href":"https:\/\/mg.passadospresentes.com.br\/cidades-negras\/wp-json\/wp\/v2\/users\/2"}],"replies":[{"embeddable":true,"href":"https:\/\/mg.passadospresentes.com.br\/cidades-negras\/wp-json\/wp\/v2\/comments?post=1414"}],"version-history":[{"count":3,"href":"https:\/\/mg.passadospresentes.com.br\/cidades-negras\/wp-json\/wp\/v2\/pages\/1414\/revisions"}],"predecessor-version":[{"id":2134,"href":"https:\/\/mg.passadospresentes.com.br\/cidades-negras\/wp-json\/wp\/v2\/pages\/1414\/revisions\/2134"}],"wp:attachment":[{"href":"https:\/\/mg.passadospresentes.com.br\/cidades-negras\/wp-json\/wp\/v2\/media?parent=1414"}],"curies":[{"name":"wp","href":"https:\/\/api.w.org\/{rel}","templated":true}]}}

Verbete: Terno de Moçambique Águia Branca

<p>Por: <a href="https://mg.passadospresentes.com.br/cidades-negras/participante/natalia-pecanha/">Natália Batista Peçanha</a></p>



<hr class="wp-block-separator has-alpha-channel-opacity"/>



<h4 class="wp-block-heading">HISTÓRICO:</h4>



<hr class="wp-block-separator has-alpha-channel-opacity"/>



<p><strong>Fundação</strong>: 1994</p>



<p><strong>Fundadores: </strong>Maurício Prudêncio de Souza, Maurílio do Nascimento de Souza (Nilo), Eurípedes Francisco Pereira (Pipa) e Rosária Esperança de Souza. Conselheiro Fundador: Sr. Agenor Prudêncio do Nascimento</p>



<p>O Terno de Moçambique Águia Branca foi fundado em 1994, pelos irmãos Maurício Prudêncio de Souza (falecido), Maurílio do Nascimento de Souza (Nilo) e Eurípedes Francisco Pereira (Pipa) que com apoio de sua mãe, Rosária Esperança de Souza, realizaram um tributo ao seu avô, o senhor Agenor Prudêncio do Nascimento, demonstrando a origem familiar do terno, o que caracteriza a maioria deles.</p>



<p>O nome do terno, de acordo com o capitão Maurílio, tem raízes na devoção ao Orixá Caboclo Águia Branca. (RAFAEL e PORTUGUEZ, 2019: 107-108; ABRÃO, 2017)</p>



<figure class="wp-block-image size-full is-resized"><img fetchpriority="high" decoding="async" width="257" height="338" src="https://mg.passadospresentes.com.br/cidades-negras/wp-content/uploads/sites/5/2025/09/image-9.png" alt="" class="wp-image-1415" style="aspect-ratio:0.760378408458542;width:478px;height:auto" srcset="https://mg.passadospresentes.com.br/cidades-negras/wp-content/uploads/sites/5/2025/09/image-9.png 257w, https://mg.passadospresentes.com.br/cidades-negras/wp-content/uploads/sites/5/2025/09/image-9-228x300.png 228w" sizes="(max-width: 257px) 100vw, 257px" /><figcaption class="wp-element-caption">Integrante com o estantarte do Terno Moçambique Águia Branca. Ituiutaba. Crédito: Antônio de Oliveira Júnior, 2023.<br></figcaption></figure>



<hr class="wp-block-separator has-alpha-channel-opacity"/>



<p><strong>Cor: </strong>Azul, branco e rosa.</p>



<hr class="wp-block-separator has-alpha-channel-opacity"/>



<p><strong>Quartel: </strong>Rua Saul Ribeiro de Assis – Setor Norte, Ituuiutaba/MG.</p>



<hr class="wp-block-separator has-alpha-channel-opacity"/>



<p><strong>REFERÊNCIAS:</strong></p>



<hr class="wp-block-separator has-alpha-channel-opacity"/>



<p>Abrão, Maysa. “<strong>Cultura, Identidade e Religiosidade</strong>: <strong>O Congado da cidade de Ituiutaba – MG</strong> por Fernanda Domingos Naves – Maysa Abrão”. <em>Maysa Abrão &#8211; Blog da Maysa Abrão</em> , 28 de abril de 2017, disponivel em: https://www.maysabrao.com.br/cultura-identidade-e-religiosidade-o-congado-da-cidade-de-ituiutaba-mg-por- fernanda-domingos-naves/. acesso em 12 maio 2023.</p>



<hr class="wp-block-separator has-alpha-channel-opacity"/>



<p>RAFAEL, Luana Regina Mendes. <strong>Os Festejos De São Benedito em Ituiutaba</strong>: uma janela em movimento. Trabalho de Conclusão de Curso. (Graduação) &#8211; Curso de Bacharelado em História, Universidade Federal de Uberlândia. 2014.</p>



<hr class="wp-block-separator has-alpha-channel-opacity"/>



<p>RAFAEL, Luana Regina Mendes. PORTUGUEZ, Anderson Pereira. <strong>Ritmos e cores do catolismo negro em Ituiutaba</strong>: <strong>as terriorialidades da Festa de Congada entre 1950 e o tempo presente</strong>. Ituiutaba: Barlavento, 2019.</p>



<hr class="wp-block-separator has-alpha-channel-opacity"/>



<p>SILVA, Renata Nogueira da. <strong>Irmandades Negras, Reconhecimento e Cidadania</strong>. Curitiba: Appris, 2016.</p>



<p></p>

<p>Por: Natália Batista Peçanha HISTÓRICO: Fundação: 1994 Fundadores: Maurício Prudêncio de Souza, Maurílio do Nascimento de Souza (Nilo), Eurípedes Francisco Pereira (Pipa) e Rosária Esperança de Souza. Conselheiro Fundador: Sr. Agenor Prudêncio do Nascimento O Terno de Moçambique Águia Branca foi fundado em 1994, pelos irmãos Maurício Prudêncio de Souza (falecido), Maurílio do Nascimento de [&hellip;]</p>
