{"id":1369,"date":"2025-09-20T20:57:50","date_gmt":"2025-09-20T23:57:50","guid":{"rendered":"https:\/\/mg.passadospresentes.com.br\/cidades-negras\/?page_id=1369"},"modified":"2026-02-17T20:35:16","modified_gmt":"2026-02-17T23:35:16","slug":"verbete-irmandade-de-sao-benedito","status":"publish","type":"page","link":"https:\/\/mg.passadospresentes.com.br\/cidades-negras\/verbete-irmandade-de-sao-benedito\/","title":{"rendered":"Verbete: Irmandade de S\u00e3o Benedito"},"content":{"rendered":"\n<p>Por:<a href=\"https:\/\/mg.passadospresentes.com.br\/cidades-negras\/participante\/natalia-pecanha\/\"> Nat\u00e1lia Batista Pe\u00e7anha<\/a><\/p>\n\n\n\n<hr class=\"wp-block-separator has-alpha-channel-opacity\"\/>\n\n\n\n<h4 class=\"wp-block-heading\">HIST\u00d3RICO:<\/h4>\n\n\n\n<hr class=\"wp-block-separator has-alpha-channel-opacity\"\/>\n\n\n\n<p><strong>Funda\u00e7\u00e3o<\/strong>: 13 de maio de 1957<\/p>\n\n\n\n<p><strong>Presidenta:<\/strong> Maria L\u00facia Oliveira<\/p>\n\n\n\n<p>A Irmandade de S\u00e3o Benedito foi fundada em 13 de maio de 1957, tenho seu primeiro presidente Seu Geraldo Clarimundo da Costa, que exerceu essa fun\u00e7\u00e3o at\u00e9 sua morte, em 1988. A data de funda\u00e7\u00e3o da Irmandade marca o retorno da festa do Congado em Ituiutaba, mas tamb\u00e9m a sua vincula\u00e7\u00e3o \u00e0 Igreja Cat\u00f3lica, visto que para receber o apoio da Igreja, o Padre Jo\u00e3o Avi, exigiu al\u00e9m da cria\u00e7\u00e3o da Irmandade, que seus membros recebessem os sacramentos. A Irmandade foi respons\u00e1vel pela cria\u00e7\u00e3o da Capela de S\u00e3o Benedito (1971) e at\u00e9 hoje vem exercendo um importante papel de preserva\u00e7\u00e3o da cultura negra ituiutabana, com organiza\u00e7\u00e3o dos festejos do Congado, que ocorrem na terceira semana de maio. (SILVA, 2012: 58-60) De acordo com postagem de 13 de maio de 2023, da p\u00e1gina de Facebook Irmandade S. Benedito Ituiutaba, a institui\u00e7\u00e3o se coloca como \u201cuma c\u00e9lula dos movimentos negros em a\u00e7\u00e3o de nossa cidade, como grupos de estudo e Consci\u00eancia Negra de Ituiutaba, Funda\u00e7\u00e3o Municipal Zumbi dos Palmares, (&#8230;).\u201d Cabe ressaltar que sua a\u00e7\u00e3o na manuten\u00e7\u00e3o da tradi\u00e7\u00e3o do Congado permitiu que a festividade fosse declarada bem tomado como patrim\u00f4nio imaterial do da cidade de Ituiutaba\/MG, pela lei n. 4.421 de 07 de abril de 2016.<\/p>\n\n\n\n<p><strong>Localiza\u00e7\u00e3o<\/strong>: Rua 32 | 2007 | Centro &#8211; Ituiutaba\/MG (Par\u00f3quia de S\u00e3o Benedito)<\/p>\n\n\n\n<figure class=\"wp-block-image size-full is-resized\"><img decoding=\"async\" width=\"189\" height=\"244\" src=\"https:\/\/mg.passadospresentes.com.br\/cidades-negras\/wp-content\/uploads\/sites\/5\/2026\/02\/image-1.png\" alt=\"\" class=\"wp-image-2093\" style=\"aspect-ratio:0.7746194755180634;width:322px;height:auto\"\/><figcaption class=\"wp-element-caption\">Imagem de S\u00e3o Benedito. Ituiutaba. Karlos Ayala. s\/d.<\/figcaption><\/figure>\n\n\n\n<hr class=\"wp-block-separator has-alpha-channel-opacity\"\/>\n\n\n\n<p><strong>Localiza\u00e7\u00e3o<\/strong>: Rua 32| n\u00ba 2007|  Centro | Ituiutaba\/MG | Par\u00f3quia de S\u00e3o Benedito|<br><\/p>\n\n\n\n<hr class=\"wp-block-separator has-alpha-channel-opacity\"\/>\n\n\n\n<h4 class=\"wp-block-heading\">REFER\u00caNCIAS:<\/h4>\n\n\n\n<hr class=\"wp-block-separator has-alpha-channel-opacity\"\/>\n\n\n\n<p>RAFAEL, Luana Regina Mendes. <strong>Os Festejos De S\u00e3o Benedito Em Ituiutaba: <\/strong>uma janela em movimento. Trabalho de Conclus\u00e3o de Curso. (Gradua\u00e7\u00e3o) &#8211; Curso de Bacharelado em Hist\u00f3ria, Universidade Federal de Uberl\u00e2ndia. 2014.<\/p>\n\n\n\n<hr class=\"wp-block-separator has-alpha-channel-opacity\"\/>\n\n\n\n<p>_____. PORTUGUEZ, Anderson Pereira.<strong>Ritmos e cores do catolicismo negro em Ituiutaba<\/strong>: as territorialidades da Festa de Congada entre 1950 e o tempo presente. Ituiutaba: Barlavento, 2019.<\/p>\n\n\n\n<hr class=\"wp-block-separator has-alpha-channel-opacity\"\/>\n\n\n\n<p>SILVA, Renata Nogueira da.<strong> Irmandades Negras, Reconhecimento e Cidadania<\/strong>. Curitiba: Appris, 2016.<\/p>\n\n\n\n<hr class=\"wp-block-separator has-alpha-channel-opacity\"\/>\n\n\n\n<p>______. <strong>O poder da mem\u00f3ria e a negocia\u00e7\u00e3o da mem\u00f3ria do patrim\u00f4nio: <\/strong>Tradu\u00e7\u00f5es das pr\u00e1ticas congadeiras em tempos de vivifica\u00e7\u00e3o da ideia de cultura. [Disserta\u00e7\u00e3o] Bras\u00edlia\/DF: PPGAS UnB, 2012.<\/p>\n\n\n\n<hr class=\"wp-block-separator has-alpha-channel-opacity\"\/>\n\n\n\n<p><a href=\"https:\/\/www.maysabrao.com.br\/cultura-identidade-e-religiosidade-o-congado-da-cidade-de-ituiutaba-mg-por-fernanda-domingos-naves\/\">Cultura, Identidade e Religiosidade: O Congado da cidade de Ituiutaba \u2013 MG por Fernanda Domingos Naves \u2013 Maysa Abr\u00e3o (maysabrao.com.br)<\/a><\/p>\n\n\n\n<hr class=\"wp-block-separator has-alpha-channel-opacity\"\/>\n\n\n\n<p>Redes Sociais: &lt;https:\/\/www.facebook.com\/isbiItba\/&gt; <\/p>\n\n\n\n<p><\/p>\n","protected":false},"excerpt":{"rendered":"<p>Por: Nat\u00e1lia Batista Pe\u00e7anha HIST\u00d3RICO: Funda\u00e7\u00e3o: 13 de maio de 1957 Presidenta: Maria L\u00facia Oliveira A Irmandade de S\u00e3o Benedito foi fundada em 13 de maio de 1957, tenho seu primeiro presidente Seu Geraldo Clarimundo da Costa, que exerceu essa fun\u00e7\u00e3o at\u00e9 sua morte, em 1988. A data de funda\u00e7\u00e3o da Irmandade marca o retorno [&hellip;]<\/p>\n","protected":false},"author":2,"featured_media":0,"parent":0,"menu_order":0,"comment_status":"closed","ping_status":"closed","template":"","meta":{"_acf_changed":false,"footnotes":""},"class_list":["post-1369","page","type-page","status-publish","hentry"],"acf":[],"_links":{"self":[{"href":"https:\/\/mg.passadospresentes.com.br\/cidades-negras\/wp-json\/wp\/v2\/pages\/1369","targetHints":{"allow":["GET"]}}],"collection":[{"href":"https:\/\/mg.passadospresentes.com.br\/cidades-negras\/wp-json\/wp\/v2\/pages"}],"about":[{"href":"https:\/\/mg.passadospresentes.com.br\/cidades-negras\/wp-json\/wp\/v2\/types\/page"}],"author":[{"embeddable":true,"href":"https:\/\/mg.passadospresentes.com.br\/cidades-negras\/wp-json\/wp\/v2\/users\/2"}],"replies":[{"embeddable":true,"href":"https:\/\/mg.passadospresentes.com.br\/cidades-negras\/wp-json\/wp\/v2\/comments?post=1369"}],"version-history":[{"count":5,"href":"https:\/\/mg.passadospresentes.com.br\/cidades-negras\/wp-json\/wp\/v2\/pages\/1369\/revisions"}],"predecessor-version":[{"id":2193,"href":"https:\/\/mg.passadospresentes.com.br\/cidades-negras\/wp-json\/wp\/v2\/pages\/1369\/revisions\/2193"}],"wp:attachment":[{"href":"https:\/\/mg.passadospresentes.com.br\/cidades-negras\/wp-json\/wp\/v2\/media?parent=1369"}],"curies":[{"name":"wp","href":"https:\/\/api.w.org\/{rel}","templated":true}]}}

Verbete: Irmandade de São Benedito

<p>Por:<a href="https://mg.passadospresentes.com.br/cidades-negras/participante/natalia-pecanha/"> Natália Batista Peçanha</a></p>



<hr class="wp-block-separator has-alpha-channel-opacity"/>



<h4 class="wp-block-heading">HISTÓRICO:</h4>



<hr class="wp-block-separator has-alpha-channel-opacity"/>



<p><strong>Fundação</strong>: 13 de maio de 1957</p>



<p><strong>Presidenta:</strong> Maria Lúcia Oliveira</p>



<p>A Irmandade de São Benedito foi fundada em 13 de maio de 1957, tenho seu primeiro presidente Seu Geraldo Clarimundo da Costa, que exerceu essa função até sua morte, em 1988. A data de fundação da Irmandade marca o retorno da festa do Congado em Ituiutaba, mas também a sua vinculação à Igreja Católica, visto que para receber o apoio da Igreja, o Padre João Avi, exigiu além da criação da Irmandade, que seus membros recebessem os sacramentos. A Irmandade foi responsável pela criação da Capela de São Benedito (1971) e até hoje vem exercendo um importante papel de preservação da cultura negra ituiutabana, com organização dos festejos do Congado, que ocorrem na terceira semana de maio. (SILVA, 2012: 58-60) De acordo com postagem de 13 de maio de 2023, da página de Facebook Irmandade S. Benedito Ituiutaba, a instituição se coloca como “uma célula dos movimentos negros em ação de nossa cidade, como grupos de estudo e Consciência Negra de Ituiutaba, Fundação Municipal Zumbi dos Palmares, (&#8230;).” Cabe ressaltar que sua ação na manutenção da tradição do Congado permitiu que a festividade fosse declarada bem tomado como patrimônio imaterial do da cidade de Ituiutaba/MG, pela lei n. 4.421 de 07 de abril de 2016.</p>



<p><strong>Localização</strong>: Rua 32 | 2007 | Centro &#8211; Ituiutaba/MG (Paróquia de São Benedito)</p>



<figure class="wp-block-image size-full is-resized"><img decoding="async" width="189" height="244" src="https://mg.passadospresentes.com.br/cidades-negras/wp-content/uploads/sites/5/2026/02/image-1.png" alt="" class="wp-image-2093" style="aspect-ratio:0.7746194755180634;width:322px;height:auto"/><figcaption class="wp-element-caption">Imagem de São Benedito. Ituiutaba. Karlos Ayala. s/d.</figcaption></figure>



<hr class="wp-block-separator has-alpha-channel-opacity"/>



<p><strong>Localização</strong>: Rua 32| nº 2007|  Centro | Ituiutaba/MG | Paróquia de São Benedito|<br></p>



<hr class="wp-block-separator has-alpha-channel-opacity"/>



<h4 class="wp-block-heading">REFERÊNCIAS:</h4>



<hr class="wp-block-separator has-alpha-channel-opacity"/>



<p>RAFAEL, Luana Regina Mendes. <strong>Os Festejos De São Benedito Em Ituiutaba: </strong>uma janela em movimento. Trabalho de Conclusão de Curso. (Graduação) &#8211; Curso de Bacharelado em História, Universidade Federal de Uberlândia. 2014.</p>



<hr class="wp-block-separator has-alpha-channel-opacity"/>



<p>_____. PORTUGUEZ, Anderson Pereira.<strong>Ritmos e cores do catolicismo negro em Ituiutaba</strong>: as territorialidades da Festa de Congada entre 1950 e o tempo presente. Ituiutaba: Barlavento, 2019.</p>



<hr class="wp-block-separator has-alpha-channel-opacity"/>



<p>SILVA, Renata Nogueira da.<strong> Irmandades Negras, Reconhecimento e Cidadania</strong>. Curitiba: Appris, 2016.</p>



<hr class="wp-block-separator has-alpha-channel-opacity"/>



<p>______. <strong>O poder da memória e a negociação da memória do patrimônio: </strong>Traduções das práticas congadeiras em tempos de vivificação da ideia de cultura. [Dissertação] Brasília/DF: PPGAS UnB, 2012.</p>



<hr class="wp-block-separator has-alpha-channel-opacity"/>



<p><a href="https://www.maysabrao.com.br/cultura-identidade-e-religiosidade-o-congado-da-cidade-de-ituiutaba-mg-por-fernanda-domingos-naves/">Cultura, Identidade e Religiosidade: O Congado da cidade de Ituiutaba – MG por Fernanda Domingos Naves – Maysa Abrão (maysabrao.com.br)</a></p>



<hr class="wp-block-separator has-alpha-channel-opacity"/>



<p>Redes Sociais: &lt;https://www.facebook.com/isbiItba/&gt; </p>



<p></p>

<p>Por: Natália Batista Peçanha HISTÓRICO: Fundação: 13 de maio de 1957 Presidenta: Maria Lúcia Oliveira A Irmandade de São Benedito foi fundada em 13 de maio de 1957, tenho seu primeiro presidente Seu Geraldo Clarimundo da Costa, que exerceu essa função até sua morte, em 1988. A data de fundação da Irmandade marca o retorno [&hellip;]</p>
