{"id":1354,"date":"2025-09-18T10:42:44","date_gmt":"2025-09-18T13:42:44","guid":{"rendered":"https:\/\/mg.passadospresentes.com.br\/cidades-negras\/?page_id=1354"},"modified":"2025-09-18T10:53:13","modified_gmt":"2025-09-18T13:53:13","slug":"verbete-festa-de-maio-de-piedade-do-rio-grande","status":"publish","type":"page","link":"https:\/\/mg.passadospresentes.com.br\/cidades-negras\/verbete-festa-de-maio-de-piedade-do-rio-grande\/","title":{"rendered":"Verbete: Festa de Maio de Piedade do Rio Grande"},"content":{"rendered":"\n<p>Por:<a href=\"https:\/\/mg.passadospresentes.com.br\/cidades-negras\/participante\/livia\/\"> L\u00edvia Nascimento Monteiro<\/a><\/p>\n\n\n\n<h4 class=\"wp-block-heading\">HIST\u00d3RICO:<\/h4>\n\n\n\n<hr class=\"wp-block-separator has-alpha-channel-opacity\"\/>\n\n\n\n<p>A festa de maio na cidade de Piedade do Rio Grande, regi\u00e3o do campo das vertentes do estado de Minas, acontece desde 1928, organizada pela Associa\u00e7\u00e3o de Congada e Mo\u00e7ambique de Nossa Senhora do Ros\u00e1rio e Nossa Senhora das Merc\u00eas desde essa \u00e9poca. A Associa\u00e7\u00e3o foi fundada por descendentes de ex-escravizados que moravam na regi\u00e3o desde a segunda metade do s\u00e9culo XIX e que mantinham rela\u00e7\u00f5es de sociabilidades e amizade com os irm\u00e3os do Ros\u00e1rio da irmandade do Ros\u00e1rio de Ibertioga, cidade vizinha \u00e0 Piedade, onde tamb\u00e9m acontecem os festejos at\u00e9 os dias atuais, no m\u00eas de setembro. <\/p>\n\n\n\n<figure class=\"wp-block-image size-large\"><img fetchpriority=\"high\" decoding=\"async\" width=\"1024\" height=\"519\" src=\"https:\/\/mg.passadospresentes.com.br\/cidades-negras\/wp-content\/uploads\/sites\/5\/2025\/04\/congada-piedade1-1024x519.png\" alt=\"\" class=\"wp-image-1353\" srcset=\"https:\/\/mg.passadospresentes.com.br\/cidades-negras\/wp-content\/uploads\/sites\/5\/2025\/04\/congada-piedade1-1024x519.png 1024w, https:\/\/mg.passadospresentes.com.br\/cidades-negras\/wp-content\/uploads\/sites\/5\/2025\/04\/congada-piedade1-300x152.png 300w, https:\/\/mg.passadospresentes.com.br\/cidades-negras\/wp-content\/uploads\/sites\/5\/2025\/04\/congada-piedade1-768x390.png 768w, https:\/\/mg.passadospresentes.com.br\/cidades-negras\/wp-content\/uploads\/sites\/5\/2025\/04\/congada-piedade1-1536x779.png 1536w, https:\/\/mg.passadospresentes.com.br\/cidades-negras\/wp-content\/uploads\/sites\/5\/2025\/04\/congada-piedade1-2048x1039.png 2048w\" sizes=\"(max-width: 1024px) 100vw, 1024px\" \/><figcaption class=\"wp-element-caption\">Fundadores da Congada e Mo\u00e7ambique de Piedade do Rio Grande, s.d. Acervo Associa\u00e7\u00e3o de Congada e Mo\u00e7ambique de Piedade do Rio Grande-MG.<br><\/figcaption><\/figure>\n\n\n\n<p>Em Piedade, a festa \u00e9 parte do calend\u00e1rio tur\u00edstico e religioso da cidade e se transformou em patrim\u00f4nio imaterial do munic\u00edpio. O grupo de mais de cem homens negros, vestidos com suas camisetas produzidas para a festa a cada ano, rompe com o barulho da caixa e canta em louvor \u00e0 S\u00e3o Benedito no primeiro dia da festa, sempre na \u00faltima sexta-feira do m\u00eas de maio. No s\u00e1bado, com suas roupas brancas, chap\u00e9us com fitas azuis e rosa e toalhas na cintura, esses mesmos homens louvam e festejam a f\u00e9 em Nossa Senhora das Merc\u00eas. \u00c0 noite, os mesmos homens congadeiros transvestem-se em mo\u00e7ambiqueiros e o guizo no p\u00e9, a manguara na m\u00e3o e o len\u00e7o amarrado na cabe\u00e7a avisam que chegou a hora de brincar o mo\u00e7ambique e saudar Nossa Senhora do Ros\u00e1rio, o que acontece por todo domingo. <\/p>\n\n\n\n<figure class=\"wp-block-image size-full\"><img decoding=\"async\" width=\"932\" height=\"403\" src=\"https:\/\/mg.passadospresentes.com.br\/cidades-negras\/wp-content\/uploads\/sites\/5\/2025\/09\/congada-piedade-2.png\" alt=\"\" class=\"wp-image-1355\" srcset=\"https:\/\/mg.passadospresentes.com.br\/cidades-negras\/wp-content\/uploads\/sites\/5\/2025\/09\/congada-piedade-2.png 932w, https:\/\/mg.passadospresentes.com.br\/cidades-negras\/wp-content\/uploads\/sites\/5\/2025\/09\/congada-piedade-2-300x130.png 300w, https:\/\/mg.passadospresentes.com.br\/cidades-negras\/wp-content\/uploads\/sites\/5\/2025\/09\/congada-piedade-2-768x332.png 768w\" sizes=\"(max-width: 932px) 100vw, 932px\" \/><figcaption class=\"wp-element-caption\">Festa de maio em Piedade do Rio Grande em 2022. Foto de L\u00edvia Monteiro.<\/figcaption><\/figure>\n\n\n\n<p>Nos tr\u00eas dias de festa acontecem as prociss\u00f5es, chamada de reis, missas conga e a coroa\u00e7\u00e3o e cortejo do rei e rainha congos pela cidade. A lideran\u00e7a \u00e9 exercida pelos capit\u00e3es, que puxam os cantos e comandam a festa, sob a prote\u00e7\u00e3o do rei e rainha congos. As mem\u00f3rias da escravid\u00e3o e do passado afro-diasp\u00f3rico dos ancestrais congadeiros s\u00e3o cantadas, relembradas, ritualizadas e presentes na festa de maio.<\/p>\n\n\n\n<hr class=\"wp-block-separator has-alpha-channel-opacity\"\/>\n\n\n\n<h4 class=\"wp-block-heading\">CITA\u00c7\u00c3O:<\/h4>\n\n\n\n<hr class=\"wp-block-separator has-alpha-channel-opacity\"\/>\n\n\n\n<p>Cantigas Playlist: https:\/\/www.youtube.com\/playlist?list=PLAVqFHYOdWrYSrhErfkGc-WKeRdkA7l_X Document\u00e1rio https:\/\/www.youtube.com\/watch?v=F97CEDBeZNI<\/p>\n\n\n\n<hr class=\"wp-block-separator has-alpha-channel-opacity\"\/>\n\n\n\n<h4 class=\"wp-block-heading\"><strong>Piedade do Rio Grande, MG | 36227000 | Brasil |<\/strong><\/h4>\n\n\n\n<hr class=\"wp-block-separator has-alpha-channel-opacity\"\/>\n\n\n\n<h4 class=\"wp-block-heading\">REFER\u00caNCIAS:<\/h4>\n\n\n\n<hr class=\"wp-block-separator has-alpha-channel-opacity\"\/>\n\n\n\n<p>ASSIS, Simone; SOUSA, Francival Ara\u00fajo; MONTEIRO, L\u00edvia. \u201cA Congada \u00e9 algo grande, \u00e9 ancestral, \u00e9 resist\u00eancia.\u201d Texto publicado no blog: https:\/\/conversadehistoriadoras.com\/2020\/06\/14\/a-congada-e-algo-grande-e-ancestral-e-resistencia\/<\/p>\n\n\n\n<hr class=\"wp-block-separator has-alpha-channel-opacity\"\/>\n\n\n\n<p>MENEZES, Giane de Carvalho. Congada e Mo\u00e7ambique em Piedade do Rio Grande: passos de folia e f\u00e9. Volta Redonda, 2008.<\/p>\n\n\n\n<hr class=\"wp-block-separator has-alpha-channel-opacity\"\/>\n\n\n\n<p>MONTEIRO, L\u00edvia Nascimento. \u201cFoi quando estava acabando o tempo dos escravos\u201d: devo\u00e7\u00e3o, redes familiares e conflitos nas \u00faltimas d\u00e9cadas da escravid\u00e3o em Minas Gerais. Afro-\u00c1sia, n. 62 (2020).<\/p>\n\n\n\n<p><\/p>\n","protected":false},"excerpt":{"rendered":"<p>Por: L\u00edvia Nascimento Monteiro HIST\u00d3RICO: A festa de maio na cidade de Piedade do Rio Grande, regi\u00e3o do campo das vertentes do estado de Minas, acontece desde 1928, organizada pela Associa\u00e7\u00e3o de Congada e Mo\u00e7ambique de Nossa Senhora do Ros\u00e1rio e Nossa Senhora das Merc\u00eas desde essa \u00e9poca. A Associa\u00e7\u00e3o foi fundada por descendentes de [&hellip;]<\/p>\n","protected":false},"author":2,"featured_media":0,"parent":0,"menu_order":0,"comment_status":"closed","ping_status":"closed","template":"","meta":{"_acf_changed":false,"footnotes":""},"class_list":["post-1354","page","type-page","status-publish","hentry"],"acf":[],"_links":{"self":[{"href":"https:\/\/mg.passadospresentes.com.br\/cidades-negras\/wp-json\/wp\/v2\/pages\/1354","targetHints":{"allow":["GET"]}}],"collection":[{"href":"https:\/\/mg.passadospresentes.com.br\/cidades-negras\/wp-json\/wp\/v2\/pages"}],"about":[{"href":"https:\/\/mg.passadospresentes.com.br\/cidades-negras\/wp-json\/wp\/v2\/types\/page"}],"author":[{"embeddable":true,"href":"https:\/\/mg.passadospresentes.com.br\/cidades-negras\/wp-json\/wp\/v2\/users\/2"}],"replies":[{"embeddable":true,"href":"https:\/\/mg.passadospresentes.com.br\/cidades-negras\/wp-json\/wp\/v2\/comments?post=1354"}],"version-history":[{"count":2,"href":"https:\/\/mg.passadospresentes.com.br\/cidades-negras\/wp-json\/wp\/v2\/pages\/1354\/revisions"}],"predecessor-version":[{"id":1360,"href":"https:\/\/mg.passadospresentes.com.br\/cidades-negras\/wp-json\/wp\/v2\/pages\/1354\/revisions\/1360"}],"wp:attachment":[{"href":"https:\/\/mg.passadospresentes.com.br\/cidades-negras\/wp-json\/wp\/v2\/media?parent=1354"}],"curies":[{"name":"wp","href":"https:\/\/api.w.org\/{rel}","templated":true}]}}

<p>Por:<a href="https://mg.passadospresentes.com.br/cidades-negras/participante/livia/"> Lívia Nascimento Monteiro</a></p>



<h4 class="wp-block-heading">HISTÓRICO:</h4>



<hr class="wp-block-separator has-alpha-channel-opacity"/>



<p>A festa de maio na cidade de Piedade do Rio Grande, região do campo das vertentes do estado de Minas, acontece desde 1928, organizada pela Associação de Congada e Moçambique de Nossa Senhora do Rosário e Nossa Senhora das Mercês desde essa época. A Associação foi fundada por descendentes de ex-escravizados que moravam na região desde a segunda metade do século XIX e que mantinham relações de sociabilidades e amizade com os irmãos do Rosário da irmandade do Rosário de Ibertioga, cidade vizinha à Piedade, onde também acontecem os festejos até os dias atuais, no mês de setembro. </p>



<figure class="wp-block-image size-large"><img fetchpriority="high" decoding="async" width="1024" height="519" src="https://mg.passadospresentes.com.br/cidades-negras/wp-content/uploads/sites/5/2025/04/congada-piedade1-1024x519.png" alt="" class="wp-image-1353" srcset="https://mg.passadospresentes.com.br/cidades-negras/wp-content/uploads/sites/5/2025/04/congada-piedade1-1024x519.png 1024w, https://mg.passadospresentes.com.br/cidades-negras/wp-content/uploads/sites/5/2025/04/congada-piedade1-300x152.png 300w, https://mg.passadospresentes.com.br/cidades-negras/wp-content/uploads/sites/5/2025/04/congada-piedade1-768x390.png 768w, https://mg.passadospresentes.com.br/cidades-negras/wp-content/uploads/sites/5/2025/04/congada-piedade1-1536x779.png 1536w, https://mg.passadospresentes.com.br/cidades-negras/wp-content/uploads/sites/5/2025/04/congada-piedade1-2048x1039.png 2048w" sizes="(max-width: 1024px) 100vw, 1024px" /><figcaption class="wp-element-caption">Fundadores da Congada e Moçambique de Piedade do Rio Grande, s.d. Acervo Associação de Congada e Moçambique de Piedade do Rio Grande-MG.<br></figcaption></figure>



<p>Em Piedade, a festa é parte do calendário turístico e religioso da cidade e se transformou em patrimônio imaterial do município. O grupo de mais de cem homens negros, vestidos com suas camisetas produzidas para a festa a cada ano, rompe com o barulho da caixa e canta em louvor à São Benedito no primeiro dia da festa, sempre na última sexta-feira do mês de maio. No sábado, com suas roupas brancas, chapéus com fitas azuis e rosa e toalhas na cintura, esses mesmos homens louvam e festejam a fé em Nossa Senhora das Mercês. À noite, os mesmos homens congadeiros transvestem-se em moçambiqueiros e o guizo no pé, a manguara na mão e o lenço amarrado na cabeça avisam que chegou a hora de brincar o moçambique e saudar Nossa Senhora do Rosário, o que acontece por todo domingo. </p>



<figure class="wp-block-image size-full"><img decoding="async" width="932" height="403" src="https://mg.passadospresentes.com.br/cidades-negras/wp-content/uploads/sites/5/2025/09/congada-piedade-2.png" alt="" class="wp-image-1355" srcset="https://mg.passadospresentes.com.br/cidades-negras/wp-content/uploads/sites/5/2025/09/congada-piedade-2.png 932w, https://mg.passadospresentes.com.br/cidades-negras/wp-content/uploads/sites/5/2025/09/congada-piedade-2-300x130.png 300w, https://mg.passadospresentes.com.br/cidades-negras/wp-content/uploads/sites/5/2025/09/congada-piedade-2-768x332.png 768w" sizes="(max-width: 932px) 100vw, 932px" /><figcaption class="wp-element-caption">Festa de maio em Piedade do Rio Grande em 2022. Foto de Lívia Monteiro.</figcaption></figure>



<p>Nos três dias de festa acontecem as procissões, chamada de reis, missas conga e a coroação e cortejo do rei e rainha congos pela cidade. A liderança é exercida pelos capitães, que puxam os cantos e comandam a festa, sob a proteção do rei e rainha congos. As memórias da escravidão e do passado afro-diaspórico dos ancestrais congadeiros são cantadas, relembradas, ritualizadas e presentes na festa de maio.</p>



<hr class="wp-block-separator has-alpha-channel-opacity"/>



<h4 class="wp-block-heading">CITAÇÃO:</h4>



<hr class="wp-block-separator has-alpha-channel-opacity"/>



<p>Cantigas Playlist: https://www.youtube.com/playlist?list=PLAVqFHYOdWrYSrhErfkGc-WKeRdkA7l_X Documentário https://www.youtube.com/watch?v=F97CEDBeZNI</p>



<hr class="wp-block-separator has-alpha-channel-opacity"/>



<h4 class="wp-block-heading"><strong>Piedade do Rio Grande, MG | 36227000 | Brasil |</strong></h4>



<hr class="wp-block-separator has-alpha-channel-opacity"/>



<h4 class="wp-block-heading">REFERÊNCIAS:</h4>



<hr class="wp-block-separator has-alpha-channel-opacity"/>



<p>ASSIS, Simone; SOUSA, Francival Araújo; MONTEIRO, Lívia. “A Congada é algo grande, é ancestral, é resistência.” Texto publicado no blog: https://conversadehistoriadoras.com/2020/06/14/a-congada-e-algo-grande-e-ancestral-e-resistencia/</p>



<hr class="wp-block-separator has-alpha-channel-opacity"/>



<p>MENEZES, Giane de Carvalho. Congada e Moçambique em Piedade do Rio Grande: passos de folia e fé. Volta Redonda, 2008.</p>



<hr class="wp-block-separator has-alpha-channel-opacity"/>



<p>MONTEIRO, Lívia Nascimento. “Foi quando estava acabando o tempo dos escravos”: devoção, redes familiares e conflitos nas últimas décadas da escravidão em Minas Gerais. Afro-Ásia, n. 62 (2020).</p>



<p></p>

<p>Por: Lívia Nascimento Monteiro HISTÓRICO: A festa de maio na cidade de Piedade do Rio Grande, região do campo das vertentes do estado de Minas, acontece desde 1928, organizada pela Associação de Congada e Moçambique de Nossa Senhora do Rosário e Nossa Senhora das Mercês desde essa época. A Associação foi fundada por descendentes de [&hellip;]</p>
