{"id":1276,"date":"2025-09-09T17:45:58","date_gmt":"2025-09-09T20:45:58","guid":{"rendered":"https:\/\/mg.passadospresentes.com.br\/cidades-negras\/?page_id=1276"},"modified":"2025-10-31T13:02:57","modified_gmt":"2025-10-31T16:02:57","slug":"verbete-paroquia-de-sao-benedito","status":"publish","type":"page","link":"https:\/\/mg.passadospresentes.com.br\/cidades-negras\/verbete-paroquia-de-sao-benedito\/","title":{"rendered":"Verbete: Par\u00f3quia de S\u00e3o Benedito"},"content":{"rendered":"\n<p>Por:<a href=\"https:\/\/mg.passadospresentes.com.br\/cidades-negras\/participante\/natalia-pecanha\/\"> Nat\u00e1lia Batista Pe\u00e7anha<\/a><\/p>\n\n\n\n<hr class=\"wp-block-separator has-alpha-channel-opacity\"\/>\n\n\n\n<h4 class=\"wp-block-heading\">HIST\u00d3RICO:<\/h4>\n\n\n\n<hr class=\"wp-block-separator has-alpha-channel-opacity\"\/>\n\n\n\n<p>A Par\u00f3quia de S\u00e3o Benedito est\u00e1 localizada na Pra\u00e7a Treze de Maio no Centro da cidade de Ituituaba. O pr\u00e9dio foi inaugurado no ano de 2004 e pertence \u00e0 Diocese de Ituiutaba. O im\u00f3vel \u00e9 em estilo moderno, de um pavimento,&nbsp; estrutura de alvenaria, piso de cer\u00e2mica, tendo uma ampla nave, com laje, coberto com telhas tipo Eternit, portas de vidro na frente, uma torre triangular com uma cruz de vidro colorido na ponta.&nbsp;<\/p>\n\n\n\n<figure class=\"wp-block-image size-full\"><img fetchpriority=\"high\" decoding=\"async\" width=\"526\" height=\"361\" src=\"https:\/\/mg.passadospresentes.com.br\/cidades-negras\/wp-content\/uploads\/sites\/5\/2025\/08\/Captura-de-tela-2025-08-11-195527-1.png\" alt=\"\" class=\"wp-image-1277\" srcset=\"https:\/\/mg.passadospresentes.com.br\/cidades-negras\/wp-content\/uploads\/sites\/5\/2025\/08\/Captura-de-tela-2025-08-11-195527-1.png 526w, https:\/\/mg.passadospresentes.com.br\/cidades-negras\/wp-content\/uploads\/sites\/5\/2025\/08\/Captura-de-tela-2025-08-11-195527-1-300x206.png 300w\" sizes=\"(max-width: 526px) 100vw, 526px\" \/><\/figure>\n\n\n\n<p>Possui um altar de pedra, uma pintura parietal atr\u00e1s do altar mor, com a figura do Cristo e as quatro figuras do apocalipse, ou seja, figuras antropomorfas com cabe\u00e7a de homem, de touro, de \u00e1guia e de le\u00e3o.<\/p>\n\n\n\n<figure class=\"wp-block-image size-large is-resized\"><img decoding=\"async\" width=\"1024\" height=\"1024\" src=\"https:\/\/mg.passadospresentes.com.br\/cidades-negras\/wp-content\/uploads\/sites\/5\/2025\/09\/PUBLICACOES-AGENDADAS-1-1024x1024.jpg\" alt=\"\" class=\"wp-image-1347\" style=\"width:571px;height:auto\" srcset=\"https:\/\/mg.passadospresentes.com.br\/cidades-negras\/wp-content\/uploads\/sites\/5\/2025\/09\/PUBLICACOES-AGENDADAS-1-1024x1024.jpg 1024w, https:\/\/mg.passadospresentes.com.br\/cidades-negras\/wp-content\/uploads\/sites\/5\/2025\/09\/PUBLICACOES-AGENDADAS-1-300x300.jpg 300w, https:\/\/mg.passadospresentes.com.br\/cidades-negras\/wp-content\/uploads\/sites\/5\/2025\/09\/PUBLICACOES-AGENDADAS-1-150x150.jpg 150w, https:\/\/mg.passadospresentes.com.br\/cidades-negras\/wp-content\/uploads\/sites\/5\/2025\/09\/PUBLICACOES-AGENDADAS-1-768x768.jpg 768w, https:\/\/mg.passadospresentes.com.br\/cidades-negras\/wp-content\/uploads\/sites\/5\/2025\/09\/PUBLICACOES-AGENDADAS-1.jpg 1080w\" sizes=\"(max-width: 1024px) 100vw, 1024px\" \/><figcaption class=\"wp-element-caption\">Altar da Par\u00f3quia de S\u00e3o Benedito. Ituiutaba\/MG. Cr\u00e9dito: Nat\u00e1lia Batista Pe\u00e7anha, 2023.<br><\/figcaption><\/figure>\n\n\n\n<figure class=\"wp-block-image size-full is-resized\"><img decoding=\"async\" width=\"443\" height=\"360\" src=\"https:\/\/mg.passadospresentes.com.br\/cidades-negras\/wp-content\/uploads\/sites\/5\/2025\/08\/capela-sao-benedito.png\" alt=\"\" class=\"wp-image-1278\" style=\"width:571px;height:auto\" srcset=\"https:\/\/mg.passadospresentes.com.br\/cidades-negras\/wp-content\/uploads\/sites\/5\/2025\/08\/capela-sao-benedito.png 443w, https:\/\/mg.passadospresentes.com.br\/cidades-negras\/wp-content\/uploads\/sites\/5\/2025\/08\/capela-sao-benedito-300x244.png 300w\" sizes=\"(max-width: 443px) 100vw, 443px\" \/><figcaption class=\"wp-element-caption\">Interior da Par\u00f3quia de S\u00e3o Benedito. Ituiutaba\/MG. Cr\u00e9dito: Nat\u00e1lia Batista Pe\u00e7anha, 2023.<\/figcaption><\/figure>\n\n\n\n<p>\u00c9 nesta Par\u00f3quia que os ternos de congo chegam e reverenciam a S\u00e3o Benedito, atrav\u00e9s de sua imagem. Ali os membros da Irmandade e os congadeiros assistem a missa no encerramento das festividades.<\/p>\n\n\n\n<p>No altar est\u00e3o as imagens de S\u00e3o Benedito e de Jesus crucificado.<\/p>\n\n\n\n<p>Na parede est\u00e1 o sacr\u00e1rio com uma l\u00e2mpada acesa, significando a presen\u00e7a real de Jesus na eucaristia, segundo a f\u00e9 cat\u00f3lica.<\/p>\n\n\n\n<p>Ao lado do templo h\u00e1 uma passagem que vai dar para a antiga capela e para o sal\u00e3o paroquial, onde s\u00e3o realizados os trabalhos de catequese e de cursos da par\u00f3quia.<\/p>\n\n\n\n<p><\/p>\n","protected":false},"excerpt":{"rendered":"<p>Por: Nat\u00e1lia Batista Pe\u00e7anha HIST\u00d3RICO: A Par\u00f3quia de S\u00e3o Benedito est\u00e1 localizada na Pra\u00e7a Treze de Maio no Centro da cidade de Ituituaba. O pr\u00e9dio foi inaugurado no ano de 2004 e pertence \u00e0 Diocese de Ituiutaba. O im\u00f3vel \u00e9 em estilo moderno, de um pavimento,&nbsp; estrutura de alvenaria, piso de cer\u00e2mica, tendo uma ampla [&hellip;]<\/p>\n","protected":false},"author":2,"featured_media":0,"parent":0,"menu_order":0,"comment_status":"closed","ping_status":"closed","template":"","meta":{"_acf_changed":false,"footnotes":""},"class_list":["post-1276","page","type-page","status-publish","hentry"],"acf":[],"_links":{"self":[{"href":"https:\/\/mg.passadospresentes.com.br\/cidades-negras\/wp-json\/wp\/v2\/pages\/1276","targetHints":{"allow":["GET"]}}],"collection":[{"href":"https:\/\/mg.passadospresentes.com.br\/cidades-negras\/wp-json\/wp\/v2\/pages"}],"about":[{"href":"https:\/\/mg.passadospresentes.com.br\/cidades-negras\/wp-json\/wp\/v2\/types\/page"}],"author":[{"embeddable":true,"href":"https:\/\/mg.passadospresentes.com.br\/cidades-negras\/wp-json\/wp\/v2\/users\/2"}],"replies":[{"embeddable":true,"href":"https:\/\/mg.passadospresentes.com.br\/cidades-negras\/wp-json\/wp\/v2\/comments?post=1276"}],"version-history":[{"count":2,"href":"https:\/\/mg.passadospresentes.com.br\/cidades-negras\/wp-json\/wp\/v2\/pages\/1276\/revisions"}],"predecessor-version":[{"id":1836,"href":"https:\/\/mg.passadospresentes.com.br\/cidades-negras\/wp-json\/wp\/v2\/pages\/1276\/revisions\/1836"}],"wp:attachment":[{"href":"https:\/\/mg.passadospresentes.com.br\/cidades-negras\/wp-json\/wp\/v2\/media?parent=1276"}],"curies":[{"name":"wp","href":"https:\/\/api.w.org\/{rel}","templated":true}]}}

Verbete: Paróquia de São Benedito

<p>Por:<a href="https://mg.passadospresentes.com.br/cidades-negras/participante/natalia-pecanha/"> Natália Batista Peçanha</a></p>



<hr class="wp-block-separator has-alpha-channel-opacity"/>



<h4 class="wp-block-heading">HISTÓRICO:</h4>



<hr class="wp-block-separator has-alpha-channel-opacity"/>



<p>A Paróquia de São Benedito está localizada na Praça Treze de Maio no Centro da cidade de Ituituaba. O prédio foi inaugurado no ano de 2004 e pertence à Diocese de Ituiutaba. O imóvel é em estilo moderno, de um pavimento,&nbsp; estrutura de alvenaria, piso de cerâmica, tendo uma ampla nave, com laje, coberto com telhas tipo Eternit, portas de vidro na frente, uma torre triangular com uma cruz de vidro colorido na ponta.&nbsp;</p>



<figure class="wp-block-image size-full"><img fetchpriority="high" decoding="async" width="526" height="361" src="https://mg.passadospresentes.com.br/cidades-negras/wp-content/uploads/sites/5/2025/08/Captura-de-tela-2025-08-11-195527-1.png" alt="" class="wp-image-1277" srcset="https://mg.passadospresentes.com.br/cidades-negras/wp-content/uploads/sites/5/2025/08/Captura-de-tela-2025-08-11-195527-1.png 526w, https://mg.passadospresentes.com.br/cidades-negras/wp-content/uploads/sites/5/2025/08/Captura-de-tela-2025-08-11-195527-1-300x206.png 300w" sizes="(max-width: 526px) 100vw, 526px" /></figure>



<p>Possui um altar de pedra, uma pintura parietal atrás do altar mor, com a figura do Cristo e as quatro figuras do apocalipse, ou seja, figuras antropomorfas com cabeça de homem, de touro, de águia e de leão.</p>



<figure class="wp-block-image size-large is-resized"><img decoding="async" width="1024" height="1024" src="https://mg.passadospresentes.com.br/cidades-negras/wp-content/uploads/sites/5/2025/09/PUBLICACOES-AGENDADAS-1-1024x1024.jpg" alt="" class="wp-image-1347" style="width:571px;height:auto" srcset="https://mg.passadospresentes.com.br/cidades-negras/wp-content/uploads/sites/5/2025/09/PUBLICACOES-AGENDADAS-1-1024x1024.jpg 1024w, https://mg.passadospresentes.com.br/cidades-negras/wp-content/uploads/sites/5/2025/09/PUBLICACOES-AGENDADAS-1-300x300.jpg 300w, https://mg.passadospresentes.com.br/cidades-negras/wp-content/uploads/sites/5/2025/09/PUBLICACOES-AGENDADAS-1-150x150.jpg 150w, https://mg.passadospresentes.com.br/cidades-negras/wp-content/uploads/sites/5/2025/09/PUBLICACOES-AGENDADAS-1-768x768.jpg 768w, https://mg.passadospresentes.com.br/cidades-negras/wp-content/uploads/sites/5/2025/09/PUBLICACOES-AGENDADAS-1.jpg 1080w" sizes="(max-width: 1024px) 100vw, 1024px" /><figcaption class="wp-element-caption">Altar da Paróquia de São Benedito. Ituiutaba/MG. Crédito: Natália Batista Peçanha, 2023.<br></figcaption></figure>



<figure class="wp-block-image size-full is-resized"><img decoding="async" width="443" height="360" src="https://mg.passadospresentes.com.br/cidades-negras/wp-content/uploads/sites/5/2025/08/capela-sao-benedito.png" alt="" class="wp-image-1278" style="width:571px;height:auto" srcset="https://mg.passadospresentes.com.br/cidades-negras/wp-content/uploads/sites/5/2025/08/capela-sao-benedito.png 443w, https://mg.passadospresentes.com.br/cidades-negras/wp-content/uploads/sites/5/2025/08/capela-sao-benedito-300x244.png 300w" sizes="(max-width: 443px) 100vw, 443px" /><figcaption class="wp-element-caption">Interior da Paróquia de São Benedito. Ituiutaba/MG. Crédito: Natália Batista Peçanha, 2023.</figcaption></figure>



<p>É nesta Paróquia que os ternos de congo chegam e reverenciam a São Benedito, através de sua imagem. Ali os membros da Irmandade e os congadeiros assistem a missa no encerramento das festividades.</p>



<p>No altar estão as imagens de São Benedito e de Jesus crucificado.</p>



<p>Na parede está o sacrário com uma lâmpada acesa, significando a presença real de Jesus na eucaristia, segundo a fé católica.</p>



<p>Ao lado do templo há uma passagem que vai dar para a antiga capela e para o salão paroquial, onde são realizados os trabalhos de catequese e de cursos da paróquia.</p>



<p></p>

<p>Por: Natália Batista Peçanha HISTÓRICO: A Paróquia de São Benedito está localizada na Praça Treze de Maio no Centro da cidade de Ituituaba. O prédio foi inaugurado no ano de 2004 e pertence à Diocese de Ituiutaba. O imóvel é em estilo moderno, de um pavimento,&nbsp; estrutura de alvenaria, piso de cerâmica, tendo uma ampla [&hellip;]</p>
