{"id":1267,"date":"2025-07-29T01:16:02","date_gmt":"2025-07-29T04:16:02","guid":{"rendered":"https:\/\/mg.passadospresentes.com.br\/cidades-negras\/?page_id=1267"},"modified":"2026-01-15T21:21:01","modified_gmt":"2026-01-16T00:21:01","slug":"verbete-praca-treze-de-maio","status":"publish","type":"page","link":"https:\/\/mg.passadospresentes.com.br\/cidades-negras\/verbete-praca-treze-de-maio\/","title":{"rendered":"Verbete: Pra\u00e7a Treze de Maio"},"content":{"rendered":"\n<p>Por: <a href=\"https:\/\/mg.passadospresentes.com.br\/cidades-negras\/wp-admin\/post.php?post=813&amp;action=edit\">Nat\u00e1lia Pe\u00e7anha<\/a><\/p>\n\n\n\n<hr class=\"wp-block-separator has-alpha-channel-opacity\"\/>\n\n\n\n<h4 class=\"wp-block-heading\">HIST\u00d3RICO:<\/h4>\n\n\n\n<hr class=\"wp-block-separator has-alpha-channel-opacity\"\/>\n\n\n\n<p>Localizada na parte central de um territ\u00f3rio ladeado por locais de mem\u00f3ria da cultura afro-brasileira da cidade (FUNZUP, Par\u00f3quia de S\u00e3o Benedito e Irmandade de S\u00e3o Benedito), a Pra\u00e7a 13 de Maio \u00e9 um espa\u00e7o aberto que possu\u00ed uma est\u00e1tua em homenagem a Zumbi dos Palmares, chamada de Memorial Coragem, que foi erguida no dia 13 de maio de 1997. (RAFAEL e PORTUGUEZ, 2019: 129)<\/p>\n\n\n\n<figure class=\"wp-block-image is-resized\"><img decoding=\"async\" src=\"https:\/\/lh7-rt.googleusercontent.com\/slidesz\/AGV_vUcPIEVgSBBgtK_HAg4yb2O1GmmNSbJi9mhb2FVmSoPw_dhy_mlRo_2TLHOFmkGDnVeSDAwgwQdnYTjoM32oBmZRsEqGu0S9XizL8es8vigNQ1qc3N4CgPWu5XodoRYi_v1pCZQqhIswgV1Lh71OqQ=nw?key=4UGzuhsuXsiWoU6Ym_oJmrYi\" alt=\"\" style=\"width:770px;height:auto\"\/><figcaption class=\"wp-element-caption\">Memorial Coragem. Pra\u00e7a Treze de Maio em Ituiutaba. Cr\u00e9dito: F\u00e1bio Moreira Azevedo, 2023.<\/figcaption><\/figure>\n\n\n\n<figure class=\"wp-block-image\"><img decoding=\"async\" src=\"https:\/\/lh7-rt.googleusercontent.com\/slidesz\/AGV_vUdyTTSGaXoSq5HictyMc4D5C0OAE-yMMJ28IoYudeXkYvQMPR2FiXh2piHuQ_FbjDHUVll_0fReFfNrmxo-ocD9VouysPUD4ePxbY7rLA2HedJ8V42X79J-_BELMy3sRfC6SNmS3Q1fg-eRMCAaKWM=nw?key=4UGzuhsuXsiWoU6Ym_oJmrYi\" alt=\"\"\/><figcaption class=\"wp-element-caption\">Memorial Coragem. Pra\u00e7a Treze de Maio em Ituiutaba. Cr\u00e9dito: F\u00e1bio Moreira Azevedo, 2023.<\/figcaption><\/figure>\n\n\n\n<figure class=\"wp-block-image is-resized\"><img decoding=\"async\" src=\"https:\/\/lh7-rt.googleusercontent.com\/slidesz\/AGV_vUe90TK1OBIx1p9It09UXBPJb0Rec9jrkSqcOI3J-AQQdbMs3Hy6ejJrQQhQ-j80E9yzFEyS4Meja73OQvcVy4wpE0t8pMsGG0NitoZPNSLgkwGZlxtZ6V0WoQL-0DNEZSQTUP9Rf4QBsbSlfZEj0g=nw?key=4UGzuhsuXsiWoU6Ym_oJmrYi\" alt=\"\" style=\"width:800px;height:auto\"\/><figcaption class=\"wp-element-caption\">Memorial Tijucano de Capoeira. Pra\u00e7a Treze de Maio em Ituiutaba. Cr\u00e9dito: F\u00e1bio Moreira Azevedo, 2023.<\/figcaption><\/figure>\n\n\n\n<hr class=\"wp-block-separator has-alpha-channel-opacity\"\/>\n\n\n\n<p><strong>Localiza\u00e7\u00e3o: <\/strong>Av. Vinte e Cinco, 1720-1730 &#8211; Camargo, Ituiutaba\/MG.<\/p>\n\n\n\n<hr class=\"wp-block-separator has-alpha-channel-opacity\"\/>\n\n\n\n<p><strong>REFER\u00caNCIAS<\/strong>:<\/p>\n\n\n\n<hr class=\"wp-block-separator has-alpha-channel-opacity\"\/>\n\n\n\n<p>RAFAEL, Luana Regina Mendes. <strong>Os festejos de S\u00e3o Benedito em Ituiutaba: <\/strong>uma janela em movimento. TCC. Ituiutaba: Hist\u00f3ria\/FACIP-UFU, 2014.<\/p>\n\n\n\n<hr class=\"wp-block-separator has-alpha-channel-opacity\"\/>\n\n\n\n<p>_____ e PORTUGUEZ, Anderson Pereira. <strong>Ritmos e cores do catolicismo negro em Ituiutaba: <\/strong>as territorialidades da festa de congada entre 1950 e o tempo presente. Ituiutaba: Barlavento: 2019.<\/p>\n\n\n\n<p><\/p>\n\n\n\n<p><\/p>\n\n\n\n<p><\/p>\n","protected":false},"excerpt":{"rendered":"<p>Por: Nat\u00e1lia Pe\u00e7anha HIST\u00d3RICO: Localizada na parte central de um territ\u00f3rio ladeado por locais de mem\u00f3ria da cultura afro-brasileira da cidade (FUNZUP, Par\u00f3quia de S\u00e3o Benedito e Irmandade de S\u00e3o Benedito), a Pra\u00e7a 13 de Maio \u00e9 um espa\u00e7o aberto que possu\u00ed uma est\u00e1tua em homenagem a Zumbi dos Palmares, chamada de Memorial Coragem, que [&hellip;]<\/p>\n","protected":false},"author":2,"featured_media":0,"parent":0,"menu_order":0,"comment_status":"closed","ping_status":"closed","template":"","meta":{"_acf_changed":false,"footnotes":""},"class_list":["post-1267","page","type-page","status-publish","hentry"],"acf":[],"_links":{"self":[{"href":"https:\/\/mg.passadospresentes.com.br\/cidades-negras\/wp-json\/wp\/v2\/pages\/1267","targetHints":{"allow":["GET"]}}],"collection":[{"href":"https:\/\/mg.passadospresentes.com.br\/cidades-negras\/wp-json\/wp\/v2\/pages"}],"about":[{"href":"https:\/\/mg.passadospresentes.com.br\/cidades-negras\/wp-json\/wp\/v2\/types\/page"}],"author":[{"embeddable":true,"href":"https:\/\/mg.passadospresentes.com.br\/cidades-negras\/wp-json\/wp\/v2\/users\/2"}],"replies":[{"embeddable":true,"href":"https:\/\/mg.passadospresentes.com.br\/cidades-negras\/wp-json\/wp\/v2\/comments?post=1267"}],"version-history":[{"count":3,"href":"https:\/\/mg.passadospresentes.com.br\/cidades-negras\/wp-json\/wp\/v2\/pages\/1267\/revisions"}],"predecessor-version":[{"id":2079,"href":"https:\/\/mg.passadospresentes.com.br\/cidades-negras\/wp-json\/wp\/v2\/pages\/1267\/revisions\/2079"}],"wp:attachment":[{"href":"https:\/\/mg.passadospresentes.com.br\/cidades-negras\/wp-json\/wp\/v2\/media?parent=1267"}],"curies":[{"name":"wp","href":"https:\/\/api.w.org\/{rel}","templated":true}]}}

Verbete: Praça Treze de Maio

<p>Por: <a href="https://mg.passadospresentes.com.br/cidades-negras/wp-admin/post.php?post=813&amp;action=edit">Natália Peçanha</a></p>



<hr class="wp-block-separator has-alpha-channel-opacity"/>



<h4 class="wp-block-heading">HISTÓRICO:</h4>



<hr class="wp-block-separator has-alpha-channel-opacity"/>



<p>Localizada na parte central de um território ladeado por locais de memória da cultura afro-brasileira da cidade (FUNZUP, Paróquia de São Benedito e Irmandade de São Benedito), a Praça 13 de Maio é um espaço aberto que possuí uma estátua em homenagem a Zumbi dos Palmares, chamada de Memorial Coragem, que foi erguida no dia 13 de maio de 1997. (RAFAEL e PORTUGUEZ, 2019: 129)</p>



<figure class="wp-block-image is-resized"><img decoding="async" src="https://lh7-rt.googleusercontent.com/slidesz/AGV_vUcPIEVgSBBgtK_HAg4yb2O1GmmNSbJi9mhb2FVmSoPw_dhy_mlRo_2TLHOFmkGDnVeSDAwgwQdnYTjoM32oBmZRsEqGu0S9XizL8es8vigNQ1qc3N4CgPWu5XodoRYi_v1pCZQqhIswgV1Lh71OqQ=nw?key=4UGzuhsuXsiWoU6Ym_oJmrYi" alt="" style="width:770px;height:auto"/><figcaption class="wp-element-caption">Memorial Coragem. Praça Treze de Maio em Ituiutaba. Crédito: Fábio Moreira Azevedo, 2023.</figcaption></figure>



<figure class="wp-block-image"><img decoding="async" src="https://lh7-rt.googleusercontent.com/slidesz/AGV_vUdyTTSGaXoSq5HictyMc4D5C0OAE-yMMJ28IoYudeXkYvQMPR2FiXh2piHuQ_FbjDHUVll_0fReFfNrmxo-ocD9VouysPUD4ePxbY7rLA2HedJ8V42X79J-_BELMy3sRfC6SNmS3Q1fg-eRMCAaKWM=nw?key=4UGzuhsuXsiWoU6Ym_oJmrYi" alt=""/><figcaption class="wp-element-caption">Memorial Coragem. Praça Treze de Maio em Ituiutaba. Crédito: Fábio Moreira Azevedo, 2023.</figcaption></figure>



<figure class="wp-block-image is-resized"><img decoding="async" src="https://lh7-rt.googleusercontent.com/slidesz/AGV_vUe90TK1OBIx1p9It09UXBPJb0Rec9jrkSqcOI3J-AQQdbMs3Hy6ejJrQQhQ-j80E9yzFEyS4Meja73OQvcVy4wpE0t8pMsGG0NitoZPNSLgkwGZlxtZ6V0WoQL-0DNEZSQTUP9Rf4QBsbSlfZEj0g=nw?key=4UGzuhsuXsiWoU6Ym_oJmrYi" alt="" style="width:800px;height:auto"/><figcaption class="wp-element-caption">Memorial Tijucano de Capoeira. Praça Treze de Maio em Ituiutaba. Crédito: Fábio Moreira Azevedo, 2023.</figcaption></figure>



<hr class="wp-block-separator has-alpha-channel-opacity"/>



<p><strong>Localização: </strong>Av. Vinte e Cinco, 1720-1730 &#8211; Camargo, Ituiutaba/MG.</p>



<hr class="wp-block-separator has-alpha-channel-opacity"/>



<p><strong>REFERÊNCIAS</strong>:</p>



<hr class="wp-block-separator has-alpha-channel-opacity"/>



<p>RAFAEL, Luana Regina Mendes. <strong>Os festejos de São Benedito em Ituiutaba: </strong>uma janela em movimento. TCC. Ituiutaba: História/FACIP-UFU, 2014.</p>



<hr class="wp-block-separator has-alpha-channel-opacity"/>



<p>_____ e PORTUGUEZ, Anderson Pereira. <strong>Ritmos e cores do catolicismo negro em Ituiutaba: </strong>as territorialidades da festa de congada entre 1950 e o tempo presente. Ituiutaba: Barlavento: 2019.</p>



<p></p>



<p></p>



<p></p>

<p>Por: Natália Peçanha HISTÓRICO: Localizada na parte central de um território ladeado por locais de memória da cultura afro-brasileira da cidade (FUNZUP, Paróquia de São Benedito e Irmandade de São Benedito), a Praça 13 de Maio é um espaço aberto que possuí uma estátua em homenagem a Zumbi dos Palmares, chamada de Memorial Coragem, que [&hellip;]</p>
