{"id":1119,"date":"2025-06-29T23:15:13","date_gmt":"2025-06-30T02:15:13","guid":{"rendered":"https:\/\/mg.passadospresentes.com.br\/cidades-negras\/?page_id=1119"},"modified":"2025-06-29T23:15:14","modified_gmt":"2025-06-30T02:15:14","slug":"verbete-mocambique-e-catupe-nossa-senhora-do-rosario-e-sao-benedito-e-capela-do-rosario-do-bairro-sao-dimas","status":"publish","type":"page","link":"https:\/\/mg.passadospresentes.com.br\/cidades-negras\/verbete-mocambique-e-catupe-nossa-senhora-do-rosario-e-sao-benedito-e-capela-do-rosario-do-bairro-sao-dimas\/","title":{"rendered":"Verbete: Mo\u00e7ambique e Catup\u00e9 Nossa Senhora do Ros\u00e1rio e S\u00e3o Benedito e Capela do Ros\u00e1rio do bairro S\u00e3o Dimas"},"content":{"rendered":"\n<p><a href=\"https:\/\/mg.passadospresentes.com.br\/cidades-negras\/participante\/silvia-brugger\/\">Silvia Br\u00fcgger<\/a> e Bruna Carelli Mendes<\/p>\n\n\n\n<h4 class=\"wp-block-heading\">HIST\u00d3RICO:<\/h4>\n\n\n\n<hr class=\"wp-block-separator has-alpha-channel-opacity\"\/>\n\n\n\n<p>O Mo\u00e7ambique e Catup\u00e9 Nossa Senhora do Ros\u00e1rio e S\u00e3o Benedito \u00e9 uma guarda de reinado, tamb\u00e9m conhecido popularmente como Congado da Maria, em refer\u00eancia \u00e0 Capitua Maria Auxiliadora M\u00e1rtir, que comandou o grupo at\u00e9 seu falecimento, em janeiro de 2023. <\/p>\n\n\n\n<figure class=\"wp-block-image size-full\"><img fetchpriority=\"high\" decoding=\"async\" width=\"911\" height=\"519\" src=\"https:\/\/mg.passadospresentes.com.br\/cidades-negras\/wp-content\/uploads\/sites\/5\/2025\/06\/Congada-3-1.png\" alt=\"\" class=\"wp-image-1125\" srcset=\"https:\/\/mg.passadospresentes.com.br\/cidades-negras\/wp-content\/uploads\/sites\/5\/2025\/06\/Congada-3-1.png 911w, https:\/\/mg.passadospresentes.com.br\/cidades-negras\/wp-content\/uploads\/sites\/5\/2025\/06\/Congada-3-1-300x171.png 300w, https:\/\/mg.passadospresentes.com.br\/cidades-negras\/wp-content\/uploads\/sites\/5\/2025\/06\/Congada-3-1-768x438.png 768w\" sizes=\"(max-width: 911px) 100vw, 911px\" \/><figcaption class=\"wp-element-caption\"><em>Integrantes do Mo\u00e7ambique e Catup\u00e9 Nossa Senhora do Ros\u00e1rio e S\u00e3o Benedito com a  Capitua Maria Auxiliadora M\u00e1rtir \u00e0 direita da foto. \u00a0Foto de Samuel Avelar Jr. 17\/04\/2016. S\u00e3o Jo\u00e3o del-Rei, bairro S\u00e3o Dimas (Fotoframe).<\/em><br><\/figcaption><\/figure>\n\n\n\n<p>O grupo \u00e9 o principal respons\u00e1vel pela organiza\u00e7\u00e3o da festa de Nossa Senhora do Ros\u00e1rio no bairro S\u00e3o Dimas, realizada normalmente no m\u00eas de setembro. A regi\u00e3o do bairro S\u00e3o Dimas come\u00e7ou a ser ocupada no in\u00edcio do s\u00e9culo XX, conhecida como \u201cLava-p\u00e9s\u201d, recebendo o nome atual ap\u00f3s a constru\u00e7\u00e3o da capela de S\u00e3o Dimas, em 1940. A festa da Nossa Senhora do Ros\u00e1rio na comunidade do S\u00e3o Dimas come\u00e7ou no final da d\u00e9cada de 1950, sob a lideran\u00e7a do Capit\u00e3o Lu\u00eds Santana, que comandava o Catup\u00e9, e tinha como festeira at\u00e9 a d\u00e9cada de 1970, Dona Lo\u00edde. <\/p>\n\n\n\n<figure class=\"wp-block-image size-full\"><img decoding=\"async\" width=\"736\" height=\"413\" src=\"https:\/\/mg.passadospresentes.com.br\/cidades-negras\/wp-content\/uploads\/sites\/5\/2025\/06\/congado-2-1.png\" alt=\"\" class=\"wp-image-1127\" srcset=\"https:\/\/mg.passadospresentes.com.br\/cidades-negras\/wp-content\/uploads\/sites\/5\/2025\/06\/congado-2-1.png 736w, https:\/\/mg.passadospresentes.com.br\/cidades-negras\/wp-content\/uploads\/sites\/5\/2025\/06\/congado-2-1-300x168.png 300w\" sizes=\"(max-width: 736px) 100vw, 736px\" \/><figcaption class=\"wp-element-caption\"><em>Capit\u00e3o Sidney Santana de chap\u00e9u branco e Languinho Santana de chap\u00e9u azul (Irm\u00e3o de Moacir Santana) no Catup\u00e9 Nossa Senhora do Ros\u00e1rio e S\u00e3o Benedito\u00a0<\/em><\/figcaption><\/figure>\n\n\n\n<p>A partir de 1980, a Rainha Conga Maria da Gl\u00f3ria assumiu tamb\u00e9m o papel de festeira. No in\u00edcio, a festividade era realizada na Capela de S\u00e3o Dimas e aos p\u00e9s do cruzeiro existente no bairro. Entre fins da d\u00e9cada de 1970 e in\u00edcio da seguinte, foi constru\u00edda a capela do Ros\u00e1rio, inaugurada em 1982 e que passou a concentrar a realiza\u00e7\u00e3o da Festa. <\/p>\n\n\n\n<figure class=\"wp-block-image size-full\"><img decoding=\"async\" width=\"662\" height=\"371\" src=\"https:\/\/mg.passadospresentes.com.br\/cidades-negras\/wp-content\/uploads\/sites\/5\/2025\/06\/image.png\" alt=\"\" class=\"wp-image-1126\" srcset=\"https:\/\/mg.passadospresentes.com.br\/cidades-negras\/wp-content\/uploads\/sites\/5\/2025\/06\/image.png 662w, https:\/\/mg.passadospresentes.com.br\/cidades-negras\/wp-content\/uploads\/sites\/5\/2025\/06\/image-300x168.png 300w\" sizes=\"(max-width: 662px) 100vw, 662px\" \/><figcaption class=\"wp-element-caption\"><em>Capela de Nossa Senhora do Ros\u00e1rio do bairro S\u00e3o Dimas e Mo\u00e7ambique e Catup\u00e9 de Nossa Senhora do Ros\u00e1rio e S\u00e3o Benedito\/ Festa do S\u00e3o Dimas.\u00a0<\/em>Samuel Avelar Jr. 08\/09\/2019. S\u00e3o Jo\u00e3o del-Rei, bairro S\u00e3o Dimas (Fotoframe).<br><\/figcaption><\/figure>\n\n\n\n<p>Os anos de 1990 e 2000 s\u00e3o marcados por mudan\u00e7as na lideran\u00e7a do grupo, que em fins da primeira d\u00e9cada do s\u00e9culo XXI, \u00e9 assumida pela Capitua Maria Auxiliadora M\u00e1rtir, filha da antiga Rainha Maria da Gl\u00f3ria e que j\u00e1 exercia a fun\u00e7\u00e3o de festeira. Ao longo do tempo, o bairro S\u00e3o Dimas contou com outros grupos de congado, como o famoso Catup\u00e9 dos Camilos, do qual, inclusive, saiu a dissid\u00eancia que formou o Catup\u00e9 de Lu\u00eds Santana. Hoje, o Mo\u00e7ambique e Catup\u00e9 de Nossa Senhora do Ros\u00e1rio e S\u00e3o Benedito \u00e9 o \u00fanico grupo ativo no bairro.<\/p>\n\n\n\n<figure class=\"wp-block-image size-full\"><img loading=\"lazy\" decoding=\"async\" width=\"855\" height=\"479\" src=\"https:\/\/mg.passadospresentes.com.br\/cidades-negras\/wp-content\/uploads\/sites\/5\/2025\/06\/Congada-4.png\" alt=\"\" class=\"wp-image-1123\" srcset=\"https:\/\/mg.passadospresentes.com.br\/cidades-negras\/wp-content\/uploads\/sites\/5\/2025\/06\/Congada-4.png 855w, https:\/\/mg.passadospresentes.com.br\/cidades-negras\/wp-content\/uploads\/sites\/5\/2025\/06\/Congada-4-300x168.png 300w, https:\/\/mg.passadospresentes.com.br\/cidades-negras\/wp-content\/uploads\/sites\/5\/2025\/06\/Congada-4-768x430.png 768w\" sizes=\"(max-width: 855px) 100vw, 855px\" \/><figcaption class=\"wp-element-caption\"><br>Prociss\u00e3o no bairro S\u00e3o Dimas. Foto de Samuel Avelar Jr.\/ Festa do Ros\u00e1rio do Bairro S\u00e3o Dimas 2018 (Fotoframe).<br><\/figcaption><\/figure>\n\n\n\n<p> Merece destaque a tradi\u00e7\u00e3o de lideran\u00e7a feminina na organiza\u00e7\u00e3o do grupo do S\u00e3o Dimas, como a da Rainha Conga Maria da Gl\u00f3ria M\u00e1rtir e de sua filha, Maria Auxiliadora M\u00e1rtir. Atualmente, em substitui\u00e7\u00e3o a Maria Auxiliadora M\u00e1rtir, falecida em 2023, o capit\u00e3o do Congado Mo\u00e7ambique e Catop\u00e9 Nossa Senhora do Ros\u00e1rio e S\u00e3o Benedito \u00e9 Luiz Ponciano M\u00e1rtir, conhecido como Capit\u00e3o Cidinho. Na festa do bairro S\u00e3o Dimas, al\u00e9m da forte devo\u00e7\u00e3o \u00e0 Senhora do Ros\u00e1rio, \u00e9 expl\u00edcita tamb\u00e9m a venera\u00e7\u00e3o \u00e0s almas, em especial, dos antepassados e aos pretos velhos. \u00c9 marcante tamb\u00e9m a evoca\u00e7\u00e3o de elementos espirituais oriundos das culturas centro-africanas, como os lan\u00e7amentos de feiti\u00e7os e demandas. Muitas guardas de regi\u00f5es vizinhas participam da festa de Nossa Senhora do Ros\u00e1rio no bairro S\u00e3o Dimas.<\/p>\n\n\n\n<p><strong>Rua Joaquim Eug\u00eanio de Mesquita | S\u00e3o Dimas | S\u00e3o Jo\u00e3o del Rei, MG | 36301-104 | Brasil |<\/strong><\/p>\n\n\n\n<hr class=\"wp-block-separator has-alpha-channel-opacity\"\/>\n\n\n\n<h4 class=\"wp-block-heading\">CITA\u00c7\u00c3O:<\/h4>\n\n\n\n<hr class=\"wp-block-separator has-alpha-channel-opacity\"\/>\n\n\n\n<p>Filme: \u00c1frica em S\u00e3o Jo\u00e3o del Rei. Produ\u00e7\u00e3o Efig\u00eania Audiovisual. Dispon\u00edvel em <a href=\"https:\/\/www.youtube.com\/watch?v=V7lOXWYScAM\">https:\/\/www.youtube.com\/watch?v=V7lOXWYScAM <\/a>Canal do Youtube:<a href=\"https:\/\/www.youtube.com\/@congadodamariasjdr5178\"> Congado da Maria SJDR<\/a>, @congadodamariasjdr5178<\/p>\n\n\n\n<hr class=\"wp-block-separator has-alpha-channel-opacity\"\/>\n\n\n\n<h4 class=\"wp-block-heading\">REFER\u00caNCIAS:<\/h4>\n\n\n\n<hr class=\"wp-block-separator has-alpha-channel-opacity\"\/>\n\n\n\n<p>AVELAR JUNIOR, Samuel Pereira. \u201cBeira mar \u00f4, a Congada \u00e9 coisa de Preto Velho\u201d \u2013 Mem\u00f3ria e consci\u00eancia hist\u00f3rica: a Festa do Ros\u00e1rio na comunidade S\u00e3o Dimas (S\u00e3o Jo\u00e3o del Rei \u2013 MG). Disserta\u00e7\u00e3o de Mestrado defendida junto ao Programa de P\u00f3s-Gradua\u00e7\u00e3o em Hist\u00f3ria da UFSJ. S\u00e3o Jo\u00e3o del Rei, 2019.<\/p>\n\n\n\n<hr class=\"wp-block-separator has-alpha-channel-opacity\"\/>\n\n\n\n<p>BARROS, M.A.; CARNEIRO, E. J. De lava-p\u00e9s a S\u00e3o Dimas: uma hist\u00f3ria conflituosa de apropria\u00e7\u00e3o das condi\u00e7\u00f5es naturais. Relat\u00f3rio do Projeto de Extens\u00e3o \u201cCidadania e justi\u00e7a ambiental\u201d. Universidade Federal de S\u00e3o Jo\u00e3o del-Rei, 2004.<\/p>\n\n\n\n<hr class=\"wp-block-separator has-alpha-channel-opacity\"\/>\n\n\n\n<p>SILVA, Daniel Albergaria. Festas de Guardas, Ternos e Na\u00e7\u00f5es: A Coroa\u00e7\u00e3o de Reis Congos e a Devo\u00e7\u00e3o \u00e1 Nossa Senhora do Ros\u00e1rio. Tese (Doutorado em Ci\u00eancias Sociais) \u2013 Programa de Doutorado em Ci\u00eancias Sociais, Universidade Federal de Juiz de Fora, Juiz de Fora, 2016.<\/p>\n","protected":false},"excerpt":{"rendered":"<p>Silvia Br\u00fcgger e Bruna Carelli Mendes HIST\u00d3RICO: O Mo\u00e7ambique e Catup\u00e9 Nossa Senhora do Ros\u00e1rio e S\u00e3o Benedito \u00e9 uma guarda de reinado, tamb\u00e9m conhecido popularmente como Congado da Maria, em refer\u00eancia \u00e0 Capitua Maria Auxiliadora M\u00e1rtir, que comandou o grupo at\u00e9 seu falecimento, em janeiro de 2023. O grupo \u00e9 o principal respons\u00e1vel pela [&hellip;]<\/p>\n","protected":false},"author":2,"featured_media":0,"parent":0,"menu_order":0,"comment_status":"closed","ping_status":"closed","template":"","meta":{"_acf_changed":false,"footnotes":""},"class_list":["post-1119","page","type-page","status-publish","hentry"],"acf":[],"_links":{"self":[{"href":"https:\/\/mg.passadospresentes.com.br\/cidades-negras\/wp-json\/wp\/v2\/pages\/1119","targetHints":{"allow":["GET"]}}],"collection":[{"href":"https:\/\/mg.passadospresentes.com.br\/cidades-negras\/wp-json\/wp\/v2\/pages"}],"about":[{"href":"https:\/\/mg.passadospresentes.com.br\/cidades-negras\/wp-json\/wp\/v2\/types\/page"}],"author":[{"embeddable":true,"href":"https:\/\/mg.passadospresentes.com.br\/cidades-negras\/wp-json\/wp\/v2\/users\/2"}],"replies":[{"embeddable":true,"href":"https:\/\/mg.passadospresentes.com.br\/cidades-negras\/wp-json\/wp\/v2\/comments?post=1119"}],"version-history":[{"count":1,"href":"https:\/\/mg.passadospresentes.com.br\/cidades-negras\/wp-json\/wp\/v2\/pages\/1119\/revisions"}],"predecessor-version":[{"id":1129,"href":"https:\/\/mg.passadospresentes.com.br\/cidades-negras\/wp-json\/wp\/v2\/pages\/1119\/revisions\/1129"}],"wp:attachment":[{"href":"https:\/\/mg.passadospresentes.com.br\/cidades-negras\/wp-json\/wp\/v2\/media?parent=1119"}],"curies":[{"name":"wp","href":"https:\/\/api.w.org\/{rel}","templated":true}]}}

Verbete: Moçambique e Catupé Nossa Senhora do Rosário e São Benedito e Capela do Rosário do bairro São Dimas

<p><a href="https://mg.passadospresentes.com.br/cidades-negras/participante/silvia-brugger/">Silvia Brügger</a> e Bruna Carelli Mendes</p>



<h4 class="wp-block-heading">HISTÓRICO:</h4>



<hr class="wp-block-separator has-alpha-channel-opacity"/>



<p>O Moçambique e Catupé Nossa Senhora do Rosário e São Benedito é uma guarda de reinado, também conhecido popularmente como Congado da Maria, em referência à Capitua Maria Auxiliadora Mártir, que comandou o grupo até seu falecimento, em janeiro de 2023. </p>



<figure class="wp-block-image size-full"><img fetchpriority="high" decoding="async" width="911" height="519" src="https://mg.passadospresentes.com.br/cidades-negras/wp-content/uploads/sites/5/2025/06/Congada-3-1.png" alt="" class="wp-image-1125" srcset="https://mg.passadospresentes.com.br/cidades-negras/wp-content/uploads/sites/5/2025/06/Congada-3-1.png 911w, https://mg.passadospresentes.com.br/cidades-negras/wp-content/uploads/sites/5/2025/06/Congada-3-1-300x171.png 300w, https://mg.passadospresentes.com.br/cidades-negras/wp-content/uploads/sites/5/2025/06/Congada-3-1-768x438.png 768w" sizes="(max-width: 911px) 100vw, 911px" /><figcaption class="wp-element-caption"><em>Integrantes do Moçambique e Catupé Nossa Senhora do Rosário e São Benedito com a  Capitua Maria Auxiliadora Mártir à direita da foto.  Foto de Samuel Avelar Jr. 17/04/2016. São João del-Rei, bairro São Dimas (Fotoframe).</em><br></figcaption></figure>



<p>O grupo é o principal responsável pela organização da festa de Nossa Senhora do Rosário no bairro São Dimas, realizada normalmente no mês de setembro. A região do bairro São Dimas começou a ser ocupada no início do século XX, conhecida como “Lava-pés”, recebendo o nome atual após a construção da capela de São Dimas, em 1940. A festa da Nossa Senhora do Rosário na comunidade do São Dimas começou no final da década de 1950, sob a liderança do Capitão Luís Santana, que comandava o Catupé, e tinha como festeira até a década de 1970, Dona Loíde. </p>



<figure class="wp-block-image size-full"><img decoding="async" width="736" height="413" src="https://mg.passadospresentes.com.br/cidades-negras/wp-content/uploads/sites/5/2025/06/congado-2-1.png" alt="" class="wp-image-1127" srcset="https://mg.passadospresentes.com.br/cidades-negras/wp-content/uploads/sites/5/2025/06/congado-2-1.png 736w, https://mg.passadospresentes.com.br/cidades-negras/wp-content/uploads/sites/5/2025/06/congado-2-1-300x168.png 300w" sizes="(max-width: 736px) 100vw, 736px" /><figcaption class="wp-element-caption"><em>Capitão Sidney Santana de chapéu branco e Languinho Santana de chapéu azul (Irmão de Moacir Santana) no Catupé Nossa Senhora do Rosário e São Benedito </em></figcaption></figure>



<p>A partir de 1980, a Rainha Conga Maria da Glória assumiu também o papel de festeira. No início, a festividade era realizada na Capela de São Dimas e aos pés do cruzeiro existente no bairro. Entre fins da década de 1970 e início da seguinte, foi construída a capela do Rosário, inaugurada em 1982 e que passou a concentrar a realização da Festa. </p>



<figure class="wp-block-image size-full"><img decoding="async" width="662" height="371" src="https://mg.passadospresentes.com.br/cidades-negras/wp-content/uploads/sites/5/2025/06/image.png" alt="" class="wp-image-1126" srcset="https://mg.passadospresentes.com.br/cidades-negras/wp-content/uploads/sites/5/2025/06/image.png 662w, https://mg.passadospresentes.com.br/cidades-negras/wp-content/uploads/sites/5/2025/06/image-300x168.png 300w" sizes="(max-width: 662px) 100vw, 662px" /><figcaption class="wp-element-caption"><em>Capela de Nossa Senhora do Rosário do bairro São Dimas e Moçambique e Catupé de Nossa Senhora do Rosário e São Benedito/ Festa do São Dimas. </em>Samuel Avelar Jr. 08/09/2019. São João del-Rei, bairro São Dimas (Fotoframe).<br></figcaption></figure>



<p>Os anos de 1990 e 2000 são marcados por mudanças na liderança do grupo, que em fins da primeira década do século XXI, é assumida pela Capitua Maria Auxiliadora Mártir, filha da antiga Rainha Maria da Glória e que já exercia a função de festeira. Ao longo do tempo, o bairro São Dimas contou com outros grupos de congado, como o famoso Catupé dos Camilos, do qual, inclusive, saiu a dissidência que formou o Catupé de Luís Santana. Hoje, o Moçambique e Catupé de Nossa Senhora do Rosário e São Benedito é o único grupo ativo no bairro.</p>



<figure class="wp-block-image size-full"><img loading="lazy" decoding="async" width="855" height="479" src="https://mg.passadospresentes.com.br/cidades-negras/wp-content/uploads/sites/5/2025/06/Congada-4.png" alt="" class="wp-image-1123" srcset="https://mg.passadospresentes.com.br/cidades-negras/wp-content/uploads/sites/5/2025/06/Congada-4.png 855w, https://mg.passadospresentes.com.br/cidades-negras/wp-content/uploads/sites/5/2025/06/Congada-4-300x168.png 300w, https://mg.passadospresentes.com.br/cidades-negras/wp-content/uploads/sites/5/2025/06/Congada-4-768x430.png 768w" sizes="(max-width: 855px) 100vw, 855px" /><figcaption class="wp-element-caption"><br>Procissão no bairro São Dimas. Foto de Samuel Avelar Jr./ Festa do Rosário do Bairro São Dimas 2018 (Fotoframe).<br></figcaption></figure>



<p> Merece destaque a tradição de liderança feminina na organização do grupo do São Dimas, como a da Rainha Conga Maria da Glória Mártir e de sua filha, Maria Auxiliadora Mártir. Atualmente, em substituição a Maria Auxiliadora Mártir, falecida em 2023, o capitão do Congado Moçambique e Catopé Nossa Senhora do Rosário e São Benedito é Luiz Ponciano Mártir, conhecido como Capitão Cidinho. Na festa do bairro São Dimas, além da forte devoção à Senhora do Rosário, é explícita também a veneração às almas, em especial, dos antepassados e aos pretos velhos. É marcante também a evocação de elementos espirituais oriundos das culturas centro-africanas, como os lançamentos de feitiços e demandas. Muitas guardas de regiões vizinhas participam da festa de Nossa Senhora do Rosário no bairro São Dimas.</p>



<p><strong>Rua Joaquim Eugênio de Mesquita | São Dimas | São João del Rei, MG | 36301-104 | Brasil |</strong></p>



<hr class="wp-block-separator has-alpha-channel-opacity"/>



<h4 class="wp-block-heading">CITAÇÃO:</h4>



<hr class="wp-block-separator has-alpha-channel-opacity"/>



<p>Filme: África em São João del Rei. Produção Efigênia Audiovisual. Disponível em <a href="https://www.youtube.com/watch?v=V7lOXWYScAM">https://www.youtube.com/watch?v=V7lOXWYScAM </a>Canal do Youtube:<a href="https://www.youtube.com/@congadodamariasjdr5178"> Congado da Maria SJDR</a>, @congadodamariasjdr5178</p>



<hr class="wp-block-separator has-alpha-channel-opacity"/>



<h4 class="wp-block-heading">REFERÊNCIAS:</h4>



<hr class="wp-block-separator has-alpha-channel-opacity"/>



<p>AVELAR JUNIOR, Samuel Pereira. “Beira mar ô, a Congada é coisa de Preto Velho” – Memória e consciência histórica: a Festa do Rosário na comunidade São Dimas (São João del Rei – MG). Dissertação de Mestrado defendida junto ao Programa de Pós-Graduação em História da UFSJ. São João del Rei, 2019.</p>



<hr class="wp-block-separator has-alpha-channel-opacity"/>



<p>BARROS, M.A.; CARNEIRO, E. J. De lava-pés a São Dimas: uma história conflituosa de apropriação das condições naturais. Relatório do Projeto de Extensão “Cidadania e justiça ambiental”. Universidade Federal de São João del-Rei, 2004.</p>



<hr class="wp-block-separator has-alpha-channel-opacity"/>



<p>SILVA, Daniel Albergaria. Festas de Guardas, Ternos e Nações: A Coroação de Reis Congos e a Devoção á Nossa Senhora do Rosário. Tese (Doutorado em Ciências Sociais) – Programa de Doutorado em Ciências Sociais, Universidade Federal de Juiz de Fora, Juiz de Fora, 2016.</p>

<p>Silvia Brügger e Bruna Carelli Mendes HISTÓRICO: O Moçambique e Catupé Nossa Senhora do Rosário e São Benedito é uma guarda de reinado, também conhecido popularmente como Congado da Maria, em referência à Capitua Maria Auxiliadora Mártir, que comandou o grupo até seu falecimento, em janeiro de 2023. O grupo é o principal responsável pela [&hellip;]</p>
