{"id":1080,"date":"2025-06-24T00:36:05","date_gmt":"2025-06-24T03:36:05","guid":{"rendered":"https:\/\/mg.passadospresentes.com.br\/cidades-negras\/?page_id=1080"},"modified":"2025-06-25T19:13:57","modified_gmt":"2025-06-25T22:13:57","slug":"verbete-banda-theodoro-de-faria","status":"publish","type":"page","link":"https:\/\/mg.passadospresentes.com.br\/cidades-negras\/verbete-banda-theodoro-de-faria\/","title":{"rendered":"Verbete: Banda Theodoro de Faria"},"content":{"rendered":"\n<p>Por:<a href=\"https:\/\/mg.passadospresentes.com.br\/cidades-negras\/participante\/danilo-ferretti\/\">&nbsp;Danilo Jos\u00e9 Zioni Ferretti<\/a>&nbsp;e Giovanna Guimar\u00e3es Silva<\/p>\n\n\n\n<h4 class=\"wp-block-heading\">HIST\u00d3RICO:<\/h4>\n\n\n\n<hr class=\"wp-block-separator has-alpha-channel-opacity\"\/>\n\n\n\n<p>Em finais do s\u00e9culo XIX, as duas orquestras de S\u00e3o Jo\u00e3o del Rei criaram suas pr\u00f3prias bandas e, em 1902, a da Ribeiro Bastos passou por um processo de dissid\u00eancia. Surgiram duas bandas que por anos continuam com o nome de Ribeiro Bastos. Uma, dirigida por Jos\u00e9 Quintino dos Santos, o \u201cZ\u00e9 Chato\u2019, que encerrou suas atividades em 1939. E a outra, liderada pelo maestro Angusto Theodoro de Faria, \u00e9 a atual banda do mesmo nome. Desde os seus primeiros anos ela congregou diversos m\u00fasicos negros, inclusive em seu quadro dirigente, como atestado nos retratos expostos em sua atual sede, servindo como espa\u00e7o de forma\u00e7\u00e3o, inser\u00e7\u00e3o e reconhecimento social para esses setores. Seu repert\u00f3rio variado estende-se a marchas festivas para prociss\u00f5es, motetos para as festas dos Passos e Semana Santa, marchas f\u00fanebres para enterros, al\u00e9m de pe\u00e7as diversas, do erudito ao popular, para eventos c\u00edvicos e de entretenimento.&nbsp;A Banda teve Jos\u00e9 Francisco Borges, conhecido como \u201cZ\u00e9 Ximba\u201d, como seu primeiro regente. Em 1917, a dire\u00e7\u00e3o foi assumida por seu aluno Te\u00f3filo In\u00e1cio Rodrigues (1889-1973) que deu \u00e0 banda o nome do rec\u00e9m-falecido Theodoro de Faria e transformou sua pr\u00f3pria casa na Rua das Flores, por d\u00e9cadas, em sede da banda, realizando a\u00ed ensaios, a c\u00f3pia de partituras e formando gera\u00e7\u00f5es de m\u00fasicos, conforme a pr\u00e1tica educativa que caracteriza as corpora\u00e7\u00f5es musicais da cidade e at\u00e9 hoje \u00e9 mantida pela banda. Ferrovi\u00e1rio de profiss\u00e3o, pardo, Te\u00f3filo foi tamb\u00e9m um dos fundadores e primeiro presidente do rancho <em>Custa Mais Vai <\/em>(de 1923), evidenciando conex\u00f5es entre componentes da Theodoro de Faria e o universo da cultura carnavalesca. Haveria tamb\u00e9m v\u00e1rios dos membros da Theodoro de Faria que participaram de bandas militares. Em 1954 a Theodoro de Faria avan\u00e7ou na sua institucionaliza\u00e7\u00e3o, constitui uma diretoria, um estatuto, e adotou um uniforme, com aux\u00edlio do p\u00e1roco do Pilar, D. Almir Aquino. Em 1967, conseguiu estabelecer sede pr\u00f3pria na rua Santo Ant\u00f4nio. Em 1973, com o falecimento de Te\u00f3filo Rodrigues, a banda passou por uma crise, com dispers\u00e3o de m\u00fasicos e suspens\u00e3o do ensino, solucionada quando seu filho, Tadeu Nicolau Rodrigues, assumiu a lideran\u00e7a, ainda mantida. Com sua presen\u00e7a constante nas ruas, at\u00e9 hoje a Banda Theodoro de Faria transmite a lembran\u00e7a do talento e participa\u00e7\u00e3o de negros sanjoanenses nas festividades sacras e profanas que tornam a cidade conhecida nacionalmente, al\u00e9m de continuar fornecendo oportunidade de forma\u00e7\u00e3o musical para jovens origin\u00e1rios da classe trabalhadora, muitos deles negros.&nbsp;<\/p>\n\n\n\n<figure class=\"wp-block-image size-full is-resized\"><img fetchpriority=\"high\" decoding=\"async\" width=\"611\" height=\"412\" src=\"https:\/\/mg.passadospresentes.com.br\/cidades-negras\/wp-content\/uploads\/sites\/5\/2025\/06\/Captura-de-tela-2025-06-10-010932.png\" alt=\"\" class=\"wp-image-1086\" style=\"width:800px;height:auto\" srcset=\"https:\/\/mg.passadospresentes.com.br\/cidades-negras\/wp-content\/uploads\/sites\/5\/2025\/06\/Captura-de-tela-2025-06-10-010932.png 611w, https:\/\/mg.passadospresentes.com.br\/cidades-negras\/wp-content\/uploads\/sites\/5\/2025\/06\/Captura-de-tela-2025-06-10-010932-300x202.png 300w\" sizes=\"(max-width: 611px) 100vw, 611px\" \/><figcaption class=\"wp-element-caption\"><em>Banda Theodoro de Faria toca no anivers\u00e1rio de S\u00e3o Jo\u00e3o del Rei, 08-12-2023. Foto: Danilo Ferretti<\/em>.<\/figcaption><\/figure>\n\n\n\n<figure class=\"wp-block-image size-full\"><img decoding=\"async\" width=\"802\" height=\"453\" src=\"https:\/\/mg.passadospresentes.com.br\/cidades-negras\/wp-content\/uploads\/sites\/5\/2025\/06\/Captura-de-tela-2025-06-10-010518-1.png\" alt=\"\" class=\"wp-image-1088\" srcset=\"https:\/\/mg.passadospresentes.com.br\/cidades-negras\/wp-content\/uploads\/sites\/5\/2025\/06\/Captura-de-tela-2025-06-10-010518-1.png 802w, https:\/\/mg.passadospresentes.com.br\/cidades-negras\/wp-content\/uploads\/sites\/5\/2025\/06\/Captura-de-tela-2025-06-10-010518-1-300x169.png 300w, https:\/\/mg.passadospresentes.com.br\/cidades-negras\/wp-content\/uploads\/sites\/5\/2025\/06\/Captura-de-tela-2025-06-10-010518-1-768x434.png 768w\" sizes=\"(max-width: 802px) 100vw, 802px\" \/><figcaption class=\"wp-element-caption\"><em>Membros da Theodoro de Faria em prociss\u00e3o durante a&nbsp; Semana Santa, 07-04-2023. Foto: Danilo Ferretti.<\/em><\/figcaption><\/figure>\n\n\n\n<figure class=\"wp-block-image size-full\"><img decoding=\"async\" width=\"615\" height=\"410\" src=\"https:\/\/mg.passadospresentes.com.br\/cidades-negras\/wp-content\/uploads\/sites\/5\/2025\/06\/banda-theodoro-de-faria-2.png\" alt=\"\" class=\"wp-image-1089\" srcset=\"https:\/\/mg.passadospresentes.com.br\/cidades-negras\/wp-content\/uploads\/sites\/5\/2025\/06\/banda-theodoro-de-faria-2.png 615w, https:\/\/mg.passadospresentes.com.br\/cidades-negras\/wp-content\/uploads\/sites\/5\/2025\/06\/banda-theodoro-de-faria-2-300x200.png 300w\" sizes=\"(max-width: 615px) 100vw, 615px\" \/><figcaption class=\"wp-element-caption\"><em>A Banda Theodoro de Faria acompanha prociss\u00e3o durante a Semana Santa, 07-04-2023. Foto: Danilo Ferretti<\/em>.<\/figcaption><\/figure>\n\n\n\n<figure class=\"wp-block-image size-full\"><img loading=\"lazy\" decoding=\"async\" width=\"662\" height=\"439\" src=\"https:\/\/mg.passadospresentes.com.br\/cidades-negras\/wp-content\/uploads\/sites\/5\/2025\/06\/Captura-de-tela-2025-06-10-010704.png\" alt=\"\" class=\"wp-image-1090\" srcset=\"https:\/\/mg.passadospresentes.com.br\/cidades-negras\/wp-content\/uploads\/sites\/5\/2025\/06\/Captura-de-tela-2025-06-10-010704.png 662w, https:\/\/mg.passadospresentes.com.br\/cidades-negras\/wp-content\/uploads\/sites\/5\/2025\/06\/Captura-de-tela-2025-06-10-010704-300x199.png 300w\" sizes=\"(max-width: 662px) 100vw, 662px\" \/><figcaption class=\"wp-element-caption\"><em>Membros da Theodoro de Faria em prociss\u00e3o durante a\u00a0 Semana Santa, 07-04-2023. Foto: Danilo Ferretti<\/em>.<\/figcaption><\/figure>\n\n\n\n<p><strong>Rua Santo Ant\u00f4nio | 289 | Tejuco | S\u00e3o Jo\u00e3o del Rei, MG | 36300-174 | Brasil<\/strong><\/p>\n\n\n\n<hr class=\"wp-block-separator has-alpha-channel-opacity\"\/>\n\n\n\n<h4 class=\"wp-block-heading\">REFER\u00caNCIAS:<\/h4>\n\n\n\n<p>COELHO, Eduardo Lara. <em>Coalhadas e rapaduras: estrat\u00e9gias de inser\u00e7\u00e3o social e sociabilidade de m\u00fasicos negros (S\u00e3o Jo\u00e3o del, s\u00e9c XIX)<\/em>, Resende Costa-MG, AMIRCO, 2014.&nbsp;<\/p>\n\n\n\n<p>SACRAMENTO, Juanito Andr\u00e9. \u201cHomenagem a Tadeu Nicolau Rodrigues, em 15 de novmebro de 2023\u201d. Dispon\u00edvel em: <a href=\"https:\/\/saojoaodelreitransparente.com.br\/works\/view\/1296\">https:\/\/saojoaodelreitransparente.com.br\/works\/view\/1296<\/a> acesso 14\/08\/2024.&nbsp;<\/p>\n\n\n\n<p>SEM NOME. \u201cBanda Theodoro de Faria\u201d dispon\u00edvel em: <a href=\"https:\/\/www.sonsdasvertentes.ufsj.edu.br\/geral\/banda-theodoro-de-faria\">https:\/\/www.sonsdasvertentes.ufsj.edu.br\/geral\/banda-theodoro-de-faria<\/a>, acesso 12\/10\/2024.&nbsp;&nbsp;<\/p>\n\n\n\n<p>SILVA, Talisson Samuel e ROCHA, Edilson Assun\u00e7\u00e3o. \u201cO Aquivo da Banda Theodoro de Faria: um estudo sobre marchas festivas\u201d. <em>Rocalha<\/em>, S\u00e3o Jo\u00e3o del Rei, ano I, N 01, 2020. dispon\u00edvel em: http:\/\/www.seer.ufsj.edu.br\/rocalha\/article\/view\/4895<\/p>\n\n\n\n<p>TIRADO, Abgar de Campos. \u201cUma fam\u00edlia de musicistas\u201d In: S\u00e3o Jo\u00e3o del Rei Transparente, s\/d. https:\/\/saojoaodelreitransparente.com.br\/works\/view\/800<\/p>\n","protected":false},"excerpt":{"rendered":"<p>Por:&nbsp;Danilo Jos\u00e9 Zioni Ferretti&nbsp;e Giovanna Guimar\u00e3es Silva HIST\u00d3RICO: Em finais do s\u00e9culo XIX, as duas orquestras de S\u00e3o Jo\u00e3o del Rei criaram suas pr\u00f3prias bandas e, em 1902, a da Ribeiro Bastos passou por um processo de dissid\u00eancia. Surgiram duas bandas que por anos continuam com o nome de Ribeiro Bastos. Uma, dirigida por Jos\u00e9 [&hellip;]<\/p>\n","protected":false},"author":2,"featured_media":0,"parent":0,"menu_order":0,"comment_status":"closed","ping_status":"closed","template":"","meta":{"_acf_changed":false,"footnotes":""},"class_list":["post-1080","page","type-page","status-publish","hentry"],"acf":[],"_links":{"self":[{"href":"https:\/\/mg.passadospresentes.com.br\/cidades-negras\/wp-json\/wp\/v2\/pages\/1080","targetHints":{"allow":["GET"]}}],"collection":[{"href":"https:\/\/mg.passadospresentes.com.br\/cidades-negras\/wp-json\/wp\/v2\/pages"}],"about":[{"href":"https:\/\/mg.passadospresentes.com.br\/cidades-negras\/wp-json\/wp\/v2\/types\/page"}],"author":[{"embeddable":true,"href":"https:\/\/mg.passadospresentes.com.br\/cidades-negras\/wp-json\/wp\/v2\/users\/2"}],"replies":[{"embeddable":true,"href":"https:\/\/mg.passadospresentes.com.br\/cidades-negras\/wp-json\/wp\/v2\/comments?post=1080"}],"version-history":[{"count":5,"href":"https:\/\/mg.passadospresentes.com.br\/cidades-negras\/wp-json\/wp\/v2\/pages\/1080\/revisions"}],"predecessor-version":[{"id":1092,"href":"https:\/\/mg.passadospresentes.com.br\/cidades-negras\/wp-json\/wp\/v2\/pages\/1080\/revisions\/1092"}],"wp:attachment":[{"href":"https:\/\/mg.passadospresentes.com.br\/cidades-negras\/wp-json\/wp\/v2\/media?parent=1080"}],"curies":[{"name":"wp","href":"https:\/\/api.w.org\/{rel}","templated":true}]}}

<p>Por:<a href="https://mg.passadospresentes.com.br/cidades-negras/participante/danilo-ferretti/">&nbsp;Danilo José Zioni Ferretti</a>&nbsp;e Giovanna Guimarães Silva</p>



<h4 class="wp-block-heading">HISTÓRICO:</h4>



<hr class="wp-block-separator has-alpha-channel-opacity"/>



<p>Em finais do século XIX, as duas orquestras de São João del Rei criaram suas próprias bandas e, em 1902, a da Ribeiro Bastos passou por um processo de dissidência. Surgiram duas bandas que por anos continuam com o nome de Ribeiro Bastos. Uma, dirigida por José Quintino dos Santos, o “Zé Chato’, que encerrou suas atividades em 1939. E a outra, liderada pelo maestro Angusto Theodoro de Faria, é a atual banda do mesmo nome. Desde os seus primeiros anos ela congregou diversos músicos negros, inclusive em seu quadro dirigente, como atestado nos retratos expostos em sua atual sede, servindo como espaço de formação, inserção e reconhecimento social para esses setores. Seu repertório variado estende-se a marchas festivas para procissões, motetos para as festas dos Passos e Semana Santa, marchas fúnebres para enterros, além de peças diversas, do erudito ao popular, para eventos cívicos e de entretenimento.&nbsp;A Banda teve José Francisco Borges, conhecido como “Zé Ximba”, como seu primeiro regente. Em 1917, a direção foi assumida por seu aluno Teófilo Inácio Rodrigues (1889-1973) que deu à banda o nome do recém-falecido Theodoro de Faria e transformou sua própria casa na Rua das Flores, por décadas, em sede da banda, realizando aí ensaios, a cópia de partituras e formando gerações de músicos, conforme a prática educativa que caracteriza as corporações musicais da cidade e até hoje é mantida pela banda. Ferroviário de profissão, pardo, Teófilo foi também um dos fundadores e primeiro presidente do rancho <em>Custa Mais Vai </em>(de 1923), evidenciando conexões entre componentes da Theodoro de Faria e o universo da cultura carnavalesca. Haveria também vários dos membros da Theodoro de Faria que participaram de bandas militares. Em 1954 a Theodoro de Faria avançou na sua institucionalização, constitui uma diretoria, um estatuto, e adotou um uniforme, com auxílio do pároco do Pilar, D. Almir Aquino. Em 1967, conseguiu estabelecer sede própria na rua Santo Antônio. Em 1973, com o falecimento de Teófilo Rodrigues, a banda passou por uma crise, com dispersão de músicos e suspensão do ensino, solucionada quando seu filho, Tadeu Nicolau Rodrigues, assumiu a liderança, ainda mantida. Com sua presença constante nas ruas, até hoje a Banda Theodoro de Faria transmite a lembrança do talento e participação de negros sanjoanenses nas festividades sacras e profanas que tornam a cidade conhecida nacionalmente, além de continuar fornecendo oportunidade de formação musical para jovens originários da classe trabalhadora, muitos deles negros.&nbsp;</p>



<figure class="wp-block-image size-full is-resized"><img fetchpriority="high" decoding="async" width="611" height="412" src="https://mg.passadospresentes.com.br/cidades-negras/wp-content/uploads/sites/5/2025/06/Captura-de-tela-2025-06-10-010932.png" alt="" class="wp-image-1086" style="width:800px;height:auto" srcset="https://mg.passadospresentes.com.br/cidades-negras/wp-content/uploads/sites/5/2025/06/Captura-de-tela-2025-06-10-010932.png 611w, https://mg.passadospresentes.com.br/cidades-negras/wp-content/uploads/sites/5/2025/06/Captura-de-tela-2025-06-10-010932-300x202.png 300w" sizes="(max-width: 611px) 100vw, 611px" /><figcaption class="wp-element-caption"><em>Banda Theodoro de Faria toca no aniversário de São João del Rei, 08-12-2023. Foto: Danilo Ferretti</em>.</figcaption></figure>



<figure class="wp-block-image size-full"><img decoding="async" width="802" height="453" src="https://mg.passadospresentes.com.br/cidades-negras/wp-content/uploads/sites/5/2025/06/Captura-de-tela-2025-06-10-010518-1.png" alt="" class="wp-image-1088" srcset="https://mg.passadospresentes.com.br/cidades-negras/wp-content/uploads/sites/5/2025/06/Captura-de-tela-2025-06-10-010518-1.png 802w, https://mg.passadospresentes.com.br/cidades-negras/wp-content/uploads/sites/5/2025/06/Captura-de-tela-2025-06-10-010518-1-300x169.png 300w, https://mg.passadospresentes.com.br/cidades-negras/wp-content/uploads/sites/5/2025/06/Captura-de-tela-2025-06-10-010518-1-768x434.png 768w" sizes="(max-width: 802px) 100vw, 802px" /><figcaption class="wp-element-caption"><em>Membros da Theodoro de Faria em procissão durante a&nbsp; Semana Santa, 07-04-2023. Foto: Danilo Ferretti.</em></figcaption></figure>



<figure class="wp-block-image size-full"><img decoding="async" width="615" height="410" src="https://mg.passadospresentes.com.br/cidades-negras/wp-content/uploads/sites/5/2025/06/banda-theodoro-de-faria-2.png" alt="" class="wp-image-1089" srcset="https://mg.passadospresentes.com.br/cidades-negras/wp-content/uploads/sites/5/2025/06/banda-theodoro-de-faria-2.png 615w, https://mg.passadospresentes.com.br/cidades-negras/wp-content/uploads/sites/5/2025/06/banda-theodoro-de-faria-2-300x200.png 300w" sizes="(max-width: 615px) 100vw, 615px" /><figcaption class="wp-element-caption"><em>A Banda Theodoro de Faria acompanha procissão durante a Semana Santa, 07-04-2023. Foto: Danilo Ferretti</em>.</figcaption></figure>



<figure class="wp-block-image size-full"><img loading="lazy" decoding="async" width="662" height="439" src="https://mg.passadospresentes.com.br/cidades-negras/wp-content/uploads/sites/5/2025/06/Captura-de-tela-2025-06-10-010704.png" alt="" class="wp-image-1090" srcset="https://mg.passadospresentes.com.br/cidades-negras/wp-content/uploads/sites/5/2025/06/Captura-de-tela-2025-06-10-010704.png 662w, https://mg.passadospresentes.com.br/cidades-negras/wp-content/uploads/sites/5/2025/06/Captura-de-tela-2025-06-10-010704-300x199.png 300w" sizes="(max-width: 662px) 100vw, 662px" /><figcaption class="wp-element-caption"><em>Membros da Theodoro de Faria em procissão durante a  Semana Santa, 07-04-2023. Foto: Danilo Ferretti</em>.</figcaption></figure>



<p><strong>Rua Santo Antônio | 289 | Tejuco | São João del Rei, MG | 36300-174 | Brasil</strong></p>



<hr class="wp-block-separator has-alpha-channel-opacity"/>



<h4 class="wp-block-heading">REFERÊNCIAS:</h4>



<p>COELHO, Eduardo Lara. <em>Coalhadas e rapaduras: estratégias de inserção social e sociabilidade de músicos negros (São João del, séc XIX)</em>, Resende Costa-MG, AMIRCO, 2014.&nbsp;</p>



<p>SACRAMENTO, Juanito André. “Homenagem a Tadeu Nicolau Rodrigues, em 15 de novmebro de 2023”. Disponível em: <a href="https://saojoaodelreitransparente.com.br/works/view/1296">https://saojoaodelreitransparente.com.br/works/view/1296</a> acesso 14/08/2024.&nbsp;</p>



<p>SEM NOME. “Banda Theodoro de Faria” disponível em: <a href="https://www.sonsdasvertentes.ufsj.edu.br/geral/banda-theodoro-de-faria">https://www.sonsdasvertentes.ufsj.edu.br/geral/banda-theodoro-de-faria</a>, acesso 12/10/2024.&nbsp;&nbsp;</p>



<p>SILVA, Talisson Samuel e ROCHA, Edilson Assunção. “O Aquivo da Banda Theodoro de Faria: um estudo sobre marchas festivas”. <em>Rocalha</em>, São João del Rei, ano I, N 01, 2020. disponível em: http://www.seer.ufsj.edu.br/rocalha/article/view/4895</p>



<p>TIRADO, Abgar de Campos. “Uma família de musicistas” In: São João del Rei Transparente, s/d. https://saojoaodelreitransparente.com.br/works/view/800</p>

<p>Por:&nbsp;Danilo José Zioni Ferretti&nbsp;e Giovanna Guimarães Silva HISTÓRICO: Em finais do século XIX, as duas orquestras de São João del Rei criaram suas próprias bandas e, em 1902, a da Ribeiro Bastos passou por um processo de dissidência. Surgiram duas bandas que por anos continuam com o nome de Ribeiro Bastos. Uma, dirigida por José [&hellip;]</p>
