{"id":1052,"date":"2025-06-22T15:26:55","date_gmt":"2025-06-22T18:26:55","guid":{"rendered":"https:\/\/mg.passadospresentes.com.br\/cidades-negras\/?page_id=1052"},"modified":"2025-10-30T11:12:55","modified_gmt":"2025-10-30T14:12:55","slug":"verbetes-relacionados-a-cidade-de-cambuquira","status":"publish","type":"page","link":"https:\/\/mg.passadospresentes.com.br\/cidades-negras\/verbetes-relacionados-a-cidade-de-cambuquira\/","title":{"rendered":"Verbete: Irmandade Nossa Senhora do Ros\u00e1rio de Cambuquira"},"content":{"rendered":"\n<p>Por: <a href=\"https:\/\/mg.passadospresentes.com.br\/festas-e-modos-de-vida\/participante\/simone-de-assis\/\">Simone de Assis<\/a><\/p>\n\n\n\n<hr class=\"wp-block-separator has-alpha-channel-opacity\"\/>\n\n\n\n<h4 class=\"wp-block-heading\">HIST\u00d3RICO:<\/h4>\n\n\n\n<hr class=\"wp-block-separator has-alpha-channel-opacity\"\/>\n\n\n\n<p>O terno de Congada Irmandade Nossa Senhora do Ros\u00e1rio (INRS) foi fundado em julho de 2006 na cidade de Cambuquira-MG, tendo como presidente o Sr. Gilberto Luiz Carneiro e como vice-presidente a Sra. Sebastiana Selma Rodrigues (in memoriam). Os dizeres iniciais do Livro de Atas da INRS explicam que um dos prop\u00f3sitos do grupo \u00e9 o \u201cobjetivo do fomento cultural, com apresenta\u00e7\u00f5es das m\u00fasicas e dan\u00e7as tradicionais das Congadas em nosso munic\u00edpio Cambuquira e regi\u00e3o\u201d. Al\u00e9m da cultura congadeira, a organiza\u00e7\u00e3o estatut\u00e1ria do terno nos leva a compreender que o movimento associativo tamb\u00e9m \u00e9 atrelado \u00e0s experi\u00eancias do sagrado afro-diasp\u00f3rico.<\/p>\n\n\n\n<figure class=\"wp-block-image size-full is-resized\"><img fetchpriority=\"high\" decoding=\"async\" width=\"565\" height=\"473\" src=\"https:\/\/mg.passadospresentes.com.br\/cidades-negras\/wp-content\/uploads\/sites\/5\/2025\/07\/Cambuquira-5.png\" alt=\"\" class=\"wp-image-1165\" style=\"width:696px;height:auto\" srcset=\"https:\/\/mg.passadospresentes.com.br\/cidades-negras\/wp-content\/uploads\/sites\/5\/2025\/07\/Cambuquira-5.png 565w, https:\/\/mg.passadospresentes.com.br\/cidades-negras\/wp-content\/uploads\/sites\/5\/2025\/07\/Cambuquira-5-300x251.png 300w\" sizes=\"(max-width: 565px) 100vw, 565px\" \/><figcaption class=\"wp-element-caption\"><em>Irmandade Nossa Senhora do Ros\u00e1rio na Festa das Congadas em Cambuquira-MG. Novembro de 2023. <\/em><em>Acervo do grupo. Foto: Aline Guerra.<\/em><\/figcaption><\/figure>\n\n\n\n<p>Vejamos o Artigo 2\u00ba no Cap\u00edtulo I do Estatuto: \u201ca Associa\u00e7\u00e3o tem por finalidades cultuar Nossa Senhora do Ros\u00e1rio, atrav\u00e9s das Congadas e Embaixadas, (&#8230;) promover a\u00e7\u00f5es religiosas e sociais.\u201d A INRS \u00e9 composta por mais de 60 integrantes e organiza-se em duas frentes: 1\u00ba) Enquanto Terno de Congada. Em que os cargos hier\u00e1rquicos e do universo simb\u00f3lico s\u00e3o apresentados da seguinte maneira: Mestre de Guia Gilberto Luiz Carneiro; Capit\u00e3o de Canto Ant\u00f4nio Augusto Fid\u00e9lis; Capit\u00e3 de Mastro Tatiane Marciano; Bandeireira Maria Silvana Corn\u00e9lia; Caixeiro de Guia Acilvano Silva; Capit\u00e3o de Coroa Geraldo Cassimiro, Guardi\u00e3 do Patrim\u00f4nio Maria de F\u00e1tima Mariano; dentre demais cargos. <\/p>\n\n\n\n<figure class=\"wp-block-image size-full is-resized\"><img decoding=\"async\" width=\"645\" height=\"364\" src=\"https:\/\/mg.passadospresentes.com.br\/cidades-negras\/wp-content\/uploads\/sites\/5\/2025\/07\/Cambuquira-2.png\" alt=\"\" class=\"wp-image-1167\" style=\"width:787px;height:auto\" srcset=\"https:\/\/mg.passadospresentes.com.br\/cidades-negras\/wp-content\/uploads\/sites\/5\/2025\/07\/Cambuquira-2.png 645w, https:\/\/mg.passadospresentes.com.br\/cidades-negras\/wp-content\/uploads\/sites\/5\/2025\/07\/Cambuquira-2-300x169.png 300w\" sizes=\"(max-width: 645px) 100vw, 645px\" \/><figcaption class=\"wp-element-caption\"><em>Matriarcas Dona Selma e Terezinha Rodrigues (ancestrais in memoriam) Irmandade Nossa Senhora do Ros\u00e1rio. Acervo do grupo. Print do v\u00eddeo 6 de acesso livre no YouTube, na autoria de Milevo Carvalho. Outubro de 2010.<\/em><\/figcaption><\/figure>\n\n\n\n<p>2\u00ba) Enquanto Associa\u00e7\u00e3o Congadeira. O terno de Congada corresponde aos aspectos do sagrado ancestral, j\u00e1 a Associa\u00e7\u00e3o diz respeito \u00e0 din\u00e2mica social, cultural e educativa. A m\u00fasica, nesse sentido, envolve ambos os espa\u00e7os e os integrantes aprendem a tocar instrumentos percussivos, de cordas e de sopro a partir do conv\u00edvio com os mestres dos saberes, que s\u00e3o fazedores de cultura e intelectuais org\u00e2nicos, que desenvolvem os talentos e virtudes atrav\u00e9s das viv\u00eancias do cotidiano. <\/p>\n\n\n\n<figure class=\"wp-block-image size-full is-resized\"><img decoding=\"async\" width=\"492\" height=\"465\" src=\"https:\/\/mg.passadospresentes.com.br\/cidades-negras\/wp-content\/uploads\/sites\/5\/2025\/07\/Cambuquira-4.png\" alt=\"\" class=\"wp-image-1169\" style=\"width:665px;height:auto\" srcset=\"https:\/\/mg.passadospresentes.com.br\/cidades-negras\/wp-content\/uploads\/sites\/5\/2025\/07\/Cambuquira-4.png 492w, https:\/\/mg.passadospresentes.com.br\/cidades-negras\/wp-content\/uploads\/sites\/5\/2025\/07\/Cambuquira-4-300x284.png 300w\" sizes=\"(max-width: 492px) 100vw, 492px\" \/><figcaption class=\"wp-element-caption\"><em>Sons da Juventude na Congada. Irmandade Nossa Senhora do Ros\u00e1rio.<br>Festa do Ros\u00e1rio em Cambuquira-MG. Acervo do grupo. Foto: Aline Guerra. Outubro de 2023.<\/em><\/figcaption><\/figure>\n\n\n\n<p>A indument\u00e1ria do grupo \u00e9 composta por cal\u00e7a branca e a blusa oscila conforme a orienta\u00e7\u00e3o sagrada da festa. De modo geral, as blusas trazem a tonalidade de azul e branca, em conson\u00e2ncia com os ritos de Nossa Senhora do Ros\u00e1rio. No entanto, h\u00e1 ocasi\u00f5es em que as blusas s\u00e3o coloridas, com estampas em marrom e alaranjada, no tom terra ou verde, fazendo alus\u00e3o a estampas \u00e9tnicas de influ\u00eancia africana ou dos povos origin\u00e1rios. A INRS, no Sul de Minas Gerais, mant\u00e9m o modo de vida bantu-kongo conectada ao ciclo cosmol\u00f3gico do Ros\u00e1rio, com dan\u00e7as, cantos e ritual\u00edsticas de f\u00e9 que ocorrem entre os meses de abril e novembro na cidade das \u00c1guas.<\/p>\n\n\n\n<figure class=\"wp-block-image size-full is-resized\"><img loading=\"lazy\" decoding=\"async\" width=\"619\" height=\"512\" src=\"https:\/\/mg.passadospresentes.com.br\/cidades-negras\/wp-content\/uploads\/sites\/5\/2025\/07\/Cambuquira-3.png\" alt=\"\" class=\"wp-image-1168\" style=\"width:743px;height:auto\" srcset=\"https:\/\/mg.passadospresentes.com.br\/cidades-negras\/wp-content\/uploads\/sites\/5\/2025\/07\/Cambuquira-3.png 619w, https:\/\/mg.passadospresentes.com.br\/cidades-negras\/wp-content\/uploads\/sites\/5\/2025\/07\/Cambuquira-3-300x248.png 300w\" sizes=\"(max-width: 619px) 100vw, 619px\" \/><figcaption class=\"wp-element-caption\">Guarda de Nossa Senhora Aparecida Irmandade Nossa Senhora do Ros\u00e1rio Acervo do grupo. Foto: Aline Guerra. Outubro de 2023.<\/figcaption><\/figure>\n\n\n\n<figure class=\"wp-block-image size-full\"><img loading=\"lazy\" decoding=\"async\" width=\"780\" height=\"583\" src=\"https:\/\/mg.passadospresentes.com.br\/cidades-negras\/wp-content\/uploads\/sites\/5\/2025\/07\/cambuquira-1.png\" alt=\"\" class=\"wp-image-1166\" srcset=\"https:\/\/mg.passadospresentes.com.br\/cidades-negras\/wp-content\/uploads\/sites\/5\/2025\/07\/cambuquira-1.png 780w, https:\/\/mg.passadospresentes.com.br\/cidades-negras\/wp-content\/uploads\/sites\/5\/2025\/07\/cambuquira-1-300x224.png 300w, https:\/\/mg.passadospresentes.com.br\/cidades-negras\/wp-content\/uploads\/sites\/5\/2025\/07\/cambuquira-1-768x574.png 768w\" sizes=\"(max-width: 780px) 100vw, 780px\" \/><figcaption class=\"wp-element-caption\">Irmandade Nossa Senhora do Ros\u00e1rio no Cruzeiro do Congonhal em Cambuquira-MG. Acervo do grupo. Foto: Laissa Andressa Fid\u00e9lis. Agosto de 2024.<\/figcaption><\/figure>\n\n\n\n<hr class=\"wp-block-separator has-alpha-channel-opacity\"\/>\n\n\n\n<h4 class=\"wp-block-heading\">CITA\u00c7\u00c3O:<\/h4>\n\n\n\n<hr class=\"wp-block-separator has-alpha-channel-opacity\"\/>\n\n\n\n<p>1 \u201cobjetivo do fomento cultural, com apresenta\u00e7\u00f5es das m\u00fasicas e dan\u00e7as tradicionais das Congadas em nosso munic\u00edpio [Cambuquira] e regi\u00e3o\u201d. 2 -\u201ca Associa\u00e7\u00e3o tem por finalidades cultuar Nossa Senhora do Ros\u00e1rio, atrav\u00e9s das Congadas e Embaixadas, (&#8230;) promover a\u00e7\u00f5es religiosas e sociais.\u201d<\/p>\n\n\n\n<hr class=\"wp-block-separator has-alpha-channel-opacity\"\/>\n\n\n\n<h4 class=\"wp-block-heading\">COMO CHEGAR: <a href=\"https:\/\/maps.app.goo.gl\/ZUGCypesZRK4sLeM8\">https:\/\/maps.app.goo.gl\/ZUGCypesZRK4sLeM8<\/a><\/h4>\n\n\n\n<hr class=\"wp-block-separator has-alpha-channel-opacity\"\/>\n\n\n\n<p><strong>Rua XV de Novembro| 88 | Regina Coeli | Cambuquira, MG | 37420-000 | Brasil |<\/strong><\/p>\n\n\n\n<h4 class=\"wp-block-heading\">CONDI\u00c7\u00d5ES DE VISITA\u00c7\u00c3O:<\/h4>\n\n\n\n<hr class=\"wp-block-separator has-alpha-channel-opacity\"\/>\n\n\n\n<p>Trilha dos saberes do Ros\u00e1rio e S\u00e3o Benedito em Cambuquira-MG. Na perspectiva de conhecer as sedes e os detentores culturais do patrim\u00f4nio congadeiro cambuquirense.<\/p>\n\n\n\n<hr class=\"wp-block-separator has-alpha-channel-opacity\"\/>\n\n\n\n<h4 class=\"wp-block-heading\">REFER\u00caNCIAS:<\/h4>\n\n\n\n<hr class=\"wp-block-separator has-alpha-channel-opacity\"\/>\n\n\n\n<p>BRASILEIRO, Jeremias. As crian\u00e7as na Congada no Reinado no Congado. Uberl\u00e2ndia \u2013 Minas Gerais: Editora Subsolo, 2023.<\/p>\n\n\n\n<hr class=\"wp-block-separator has-alpha-channel-opacity\"\/>\n\n\n\n<p>IRMANDADE NOSSA SENHORA DO ROS\u00c1RIO, Terno de Congada. Cambuquira. Ata da reuni\u00e3o para os Termos de Abertura realizada no dia 8 de julho de 2006. Livro 01.<\/p>\n\n\n\n<hr class=\"wp-block-separator has-alpha-channel-opacity\"\/>\n\n\n\n<p>MORAIS, Ana Luzia da. Entre o Sagrado e o Intelectual: o som dos tambores e os caminhos de uma exposi\u00e7\u00e3o contracolonial na forma\u00e7\u00e3o de uma reinadeira. In: Museu Do Samba: 1\u00ba Encontro Internacional Samba, Patrim\u00f4nios Negros e Di\u00e1sporas. Samba em Revista. Ano 14. N\u00ba13. 2022.<\/p>\n\n\n\n<hr class=\"wp-block-separator has-alpha-channel-opacity\"\/>\n\n\n\n<p>SANTOS, Tigan\u00e1 Santana Neves. A cosmologia africana dos bantu-kongo por Bunseki Fu-Kiau: tradu\u00e7\u00e3o negra, reflex\u00f5es e di\u00e1logos a partir do Brasil. S\u00e3o Paulo: USP, 2019. Tese (Doutorado) \u2013 Programa de P\u00f3s-gradua\u00e7\u00e3o em estudos da tradu\u00e7\u00e3o da USP. 2019.<\/p>\n\n\n\n<hr class=\"wp-block-separator has-alpha-channel-opacity\"\/>\n\n\n\n<p><\/p>\n\n\n\n<p><\/p>\n","protected":false},"excerpt":{"rendered":"<p>Por: Simone de Assis HIST\u00d3RICO: O terno de Congada Irmandade Nossa Senhora do Ros\u00e1rio (INRS) foi fundado em julho de 2006 na cidade de Cambuquira-MG, tendo como presidente o Sr. Gilberto Luiz Carneiro e como vice-presidente a Sra. Sebastiana Selma Rodrigues (in memoriam). Os dizeres iniciais do Livro de Atas da INRS explicam que um [&hellip;]<\/p>\n","protected":false},"author":2,"featured_media":0,"parent":0,"menu_order":0,"comment_status":"closed","ping_status":"closed","template":"","meta":{"_acf_changed":false,"footnotes":""},"class_list":["post-1052","page","type-page","status-publish","hentry"],"acf":[],"_links":{"self":[{"href":"https:\/\/mg.passadospresentes.com.br\/cidades-negras\/wp-json\/wp\/v2\/pages\/1052","targetHints":{"allow":["GET"]}}],"collection":[{"href":"https:\/\/mg.passadospresentes.com.br\/cidades-negras\/wp-json\/wp\/v2\/pages"}],"about":[{"href":"https:\/\/mg.passadospresentes.com.br\/cidades-negras\/wp-json\/wp\/v2\/types\/page"}],"author":[{"embeddable":true,"href":"https:\/\/mg.passadospresentes.com.br\/cidades-negras\/wp-json\/wp\/v2\/users\/2"}],"replies":[{"embeddable":true,"href":"https:\/\/mg.passadospresentes.com.br\/cidades-negras\/wp-json\/wp\/v2\/comments?post=1052"}],"version-history":[{"count":6,"href":"https:\/\/mg.passadospresentes.com.br\/cidades-negras\/wp-json\/wp\/v2\/pages\/1052\/revisions"}],"predecessor-version":[{"id":1746,"href":"https:\/\/mg.passadospresentes.com.br\/cidades-negras\/wp-json\/wp\/v2\/pages\/1052\/revisions\/1746"}],"wp:attachment":[{"href":"https:\/\/mg.passadospresentes.com.br\/cidades-negras\/wp-json\/wp\/v2\/media?parent=1052"}],"curies":[{"name":"wp","href":"https:\/\/api.w.org\/{rel}","templated":true}]}}

Verbete: Irmandade Nossa Senhora do Rosário de Cambuquira

<p>Por: <a href="https://mg.passadospresentes.com.br/festas-e-modos-de-vida/participante/simone-de-assis/">Simone de Assis</a></p>



<hr class="wp-block-separator has-alpha-channel-opacity"/>



<h4 class="wp-block-heading">HISTÓRICO:</h4>



<hr class="wp-block-separator has-alpha-channel-opacity"/>



<p>O terno de Congada Irmandade Nossa Senhora do Rosário (INRS) foi fundado em julho de 2006 na cidade de Cambuquira-MG, tendo como presidente o Sr. Gilberto Luiz Carneiro e como vice-presidente a Sra. Sebastiana Selma Rodrigues (in memoriam). Os dizeres iniciais do Livro de Atas da INRS explicam que um dos propósitos do grupo é o “objetivo do fomento cultural, com apresentações das músicas e danças tradicionais das Congadas em nosso município Cambuquira e região”. Além da cultura congadeira, a organização estatutária do terno nos leva a compreender que o movimento associativo também é atrelado às experiências do sagrado afro-diaspórico.</p>



<figure class="wp-block-image size-full is-resized"><img fetchpriority="high" decoding="async" width="565" height="473" src="https://mg.passadospresentes.com.br/cidades-negras/wp-content/uploads/sites/5/2025/07/Cambuquira-5.png" alt="" class="wp-image-1165" style="width:696px;height:auto" srcset="https://mg.passadospresentes.com.br/cidades-negras/wp-content/uploads/sites/5/2025/07/Cambuquira-5.png 565w, https://mg.passadospresentes.com.br/cidades-negras/wp-content/uploads/sites/5/2025/07/Cambuquira-5-300x251.png 300w" sizes="(max-width: 565px) 100vw, 565px" /><figcaption class="wp-element-caption"><em>Irmandade Nossa Senhora do Rosário na Festa das Congadas em Cambuquira-MG. Novembro de 2023. </em><em>Acervo do grupo. Foto: Aline Guerra.</em></figcaption></figure>



<p>Vejamos o Artigo 2º no Capítulo I do Estatuto: “a Associação tem por finalidades cultuar Nossa Senhora do Rosário, através das Congadas e Embaixadas, (&#8230;) promover ações religiosas e sociais.” A INRS é composta por mais de 60 integrantes e organiza-se em duas frentes: 1º) Enquanto Terno de Congada. Em que os cargos hierárquicos e do universo simbólico são apresentados da seguinte maneira: Mestre de Guia Gilberto Luiz Carneiro; Capitão de Canto Antônio Augusto Fidélis; Capitã de Mastro Tatiane Marciano; Bandeireira Maria Silvana Cornélia; Caixeiro de Guia Acilvano Silva; Capitão de Coroa Geraldo Cassimiro, Guardiã do Patrimônio Maria de Fátima Mariano; dentre demais cargos. </p>



<figure class="wp-block-image size-full is-resized"><img decoding="async" width="645" height="364" src="https://mg.passadospresentes.com.br/cidades-negras/wp-content/uploads/sites/5/2025/07/Cambuquira-2.png" alt="" class="wp-image-1167" style="width:787px;height:auto" srcset="https://mg.passadospresentes.com.br/cidades-negras/wp-content/uploads/sites/5/2025/07/Cambuquira-2.png 645w, https://mg.passadospresentes.com.br/cidades-negras/wp-content/uploads/sites/5/2025/07/Cambuquira-2-300x169.png 300w" sizes="(max-width: 645px) 100vw, 645px" /><figcaption class="wp-element-caption"><em>Matriarcas Dona Selma e Terezinha Rodrigues (ancestrais in memoriam) Irmandade Nossa Senhora do Rosário. Acervo do grupo. Print do vídeo 6 de acesso livre no YouTube, na autoria de Milevo Carvalho. Outubro de 2010.</em></figcaption></figure>



<p>2º) Enquanto Associação Congadeira. O terno de Congada corresponde aos aspectos do sagrado ancestral, já a Associação diz respeito à dinâmica social, cultural e educativa. A música, nesse sentido, envolve ambos os espaços e os integrantes aprendem a tocar instrumentos percussivos, de cordas e de sopro a partir do convívio com os mestres dos saberes, que são fazedores de cultura e intelectuais orgânicos, que desenvolvem os talentos e virtudes através das vivências do cotidiano. </p>



<figure class="wp-block-image size-full is-resized"><img decoding="async" width="492" height="465" src="https://mg.passadospresentes.com.br/cidades-negras/wp-content/uploads/sites/5/2025/07/Cambuquira-4.png" alt="" class="wp-image-1169" style="width:665px;height:auto" srcset="https://mg.passadospresentes.com.br/cidades-negras/wp-content/uploads/sites/5/2025/07/Cambuquira-4.png 492w, https://mg.passadospresentes.com.br/cidades-negras/wp-content/uploads/sites/5/2025/07/Cambuquira-4-300x284.png 300w" sizes="(max-width: 492px) 100vw, 492px" /><figcaption class="wp-element-caption"><em>Sons da Juventude na Congada. Irmandade Nossa Senhora do Rosário.<br>Festa do Rosário em Cambuquira-MG. Acervo do grupo. Foto: Aline Guerra. Outubro de 2023.</em></figcaption></figure>



<p>A indumentária do grupo é composta por calça branca e a blusa oscila conforme a orientação sagrada da festa. De modo geral, as blusas trazem a tonalidade de azul e branca, em consonância com os ritos de Nossa Senhora do Rosário. No entanto, há ocasiões em que as blusas são coloridas, com estampas em marrom e alaranjada, no tom terra ou verde, fazendo alusão a estampas étnicas de influência africana ou dos povos originários. A INRS, no Sul de Minas Gerais, mantém o modo de vida bantu-kongo conectada ao ciclo cosmológico do Rosário, com danças, cantos e ritualísticas de fé que ocorrem entre os meses de abril e novembro na cidade das Águas.</p>



<figure class="wp-block-image size-full is-resized"><img loading="lazy" decoding="async" width="619" height="512" src="https://mg.passadospresentes.com.br/cidades-negras/wp-content/uploads/sites/5/2025/07/Cambuquira-3.png" alt="" class="wp-image-1168" style="width:743px;height:auto" srcset="https://mg.passadospresentes.com.br/cidades-negras/wp-content/uploads/sites/5/2025/07/Cambuquira-3.png 619w, https://mg.passadospresentes.com.br/cidades-negras/wp-content/uploads/sites/5/2025/07/Cambuquira-3-300x248.png 300w" sizes="(max-width: 619px) 100vw, 619px" /><figcaption class="wp-element-caption">Guarda de Nossa Senhora Aparecida Irmandade Nossa Senhora do Rosário Acervo do grupo. Foto: Aline Guerra. Outubro de 2023.</figcaption></figure>



<figure class="wp-block-image size-full"><img loading="lazy" decoding="async" width="780" height="583" src="https://mg.passadospresentes.com.br/cidades-negras/wp-content/uploads/sites/5/2025/07/cambuquira-1.png" alt="" class="wp-image-1166" srcset="https://mg.passadospresentes.com.br/cidades-negras/wp-content/uploads/sites/5/2025/07/cambuquira-1.png 780w, https://mg.passadospresentes.com.br/cidades-negras/wp-content/uploads/sites/5/2025/07/cambuquira-1-300x224.png 300w, https://mg.passadospresentes.com.br/cidades-negras/wp-content/uploads/sites/5/2025/07/cambuquira-1-768x574.png 768w" sizes="(max-width: 780px) 100vw, 780px" /><figcaption class="wp-element-caption">Irmandade Nossa Senhora do Rosário no Cruzeiro do Congonhal em Cambuquira-MG. Acervo do grupo. Foto: Laissa Andressa Fidélis. Agosto de 2024.</figcaption></figure>



<hr class="wp-block-separator has-alpha-channel-opacity"/>



<h4 class="wp-block-heading">CITAÇÃO:</h4>



<hr class="wp-block-separator has-alpha-channel-opacity"/>



<p>1 “objetivo do fomento cultural, com apresentações das músicas e danças tradicionais das Congadas em nosso município [Cambuquira] e região”. 2 -“a Associação tem por finalidades cultuar Nossa Senhora do Rosário, através das Congadas e Embaixadas, (&#8230;) promover ações religiosas e sociais.”</p>



<hr class="wp-block-separator has-alpha-channel-opacity"/>



<h4 class="wp-block-heading">COMO CHEGAR: <a href="https://maps.app.goo.gl/ZUGCypesZRK4sLeM8">https://maps.app.goo.gl/ZUGCypesZRK4sLeM8</a></h4>



<hr class="wp-block-separator has-alpha-channel-opacity"/>



<p><strong>Rua XV de Novembro| 88 | Regina Coeli | Cambuquira, MG | 37420-000 | Brasil |</strong></p>



<h4 class="wp-block-heading">CONDIÇÕES DE VISITAÇÃO:</h4>



<hr class="wp-block-separator has-alpha-channel-opacity"/>



<p>Trilha dos saberes do Rosário e São Benedito em Cambuquira-MG. Na perspectiva de conhecer as sedes e os detentores culturais do patrimônio congadeiro cambuquirense.</p>



<hr class="wp-block-separator has-alpha-channel-opacity"/>



<h4 class="wp-block-heading">REFERÊNCIAS:</h4>



<hr class="wp-block-separator has-alpha-channel-opacity"/>



<p>BRASILEIRO, Jeremias. As crianças na Congada no Reinado no Congado. Uberlândia – Minas Gerais: Editora Subsolo, 2023.</p>



<hr class="wp-block-separator has-alpha-channel-opacity"/>



<p>IRMANDADE NOSSA SENHORA DO ROSÁRIO, Terno de Congada. Cambuquira. Ata da reunião para os Termos de Abertura realizada no dia 8 de julho de 2006. Livro 01.</p>



<hr class="wp-block-separator has-alpha-channel-opacity"/>



<p>MORAIS, Ana Luzia da. Entre o Sagrado e o Intelectual: o som dos tambores e os caminhos de uma exposição contracolonial na formação de uma reinadeira. In: Museu Do Samba: 1º Encontro Internacional Samba, Patrimônios Negros e Diásporas. Samba em Revista. Ano 14. Nº13. 2022.</p>



<hr class="wp-block-separator has-alpha-channel-opacity"/>



<p>SANTOS, Tiganá Santana Neves. A cosmologia africana dos bantu-kongo por Bunseki Fu-Kiau: tradução negra, reflexões e diálogos a partir do Brasil. São Paulo: USP, 2019. Tese (Doutorado) – Programa de Pós-graduação em estudos da tradução da USP. 2019.</p>



<hr class="wp-block-separator has-alpha-channel-opacity"/>



<p></p>



<p></p>

<p>Por: Simone de Assis HISTÓRICO: O terno de Congada Irmandade Nossa Senhora do Rosário (INRS) foi fundado em julho de 2006 na cidade de Cambuquira-MG, tendo como presidente o Sr. Gilberto Luiz Carneiro e como vice-presidente a Sra. Sebastiana Selma Rodrigues (in memoriam). Os dizeres iniciais do Livro de Atas da INRS explicam que um [&hellip;]</p>
